{"id":15565,"date":"2021-09-28T12:39:13","date_gmt":"2021-09-28T12:39:13","guid":{"rendered":"http:\/\/www.evropskakuca.me\/?post_type=project&amp;p=15565"},"modified":"2021-09-28T12:39:13","modified_gmt":"2021-09-28T12:39:13","slug":"jacanje-operativnih-kapaciteta-zzzcg-a-za-sprovodenje-aktivne-politike-zaposljavanja-crne-gore-putem-digitalizacije","status":"publish","type":"project","link":"https:\/\/www.evropskakuca.me\/me\/project\/jacanje-operativnih-kapaciteta-zzzcg-a-za-sprovodenje-aktivne-politike-zaposljavanja-crne-gore-putem-digitalizacije\/","title":{"rendered":"Ja\u010danje operativnih kapaciteta ZZZCG-a za sprovo\u0111enje aktivne politike zapo\u0161ljavanja Crne Gore putem digitalizacije"},"content":{"rendered":"<p>Evropska unija stavlja veliki naglasak na bolje razumijevanje potreba tr\u017ei\u0161ta rada i uskla\u0111ivanje vje\u0161tina sa potra\u017enjom, kao i pru\u017eanje podr\u0161ke nezaposlenima i aktivnim tra\u017eiocima posla.<\/p>\n<p>U Crnoj Gori, Zavod za zapo\u0161ljavanje Crne Gore (ZZZCG) radi sa poslodavcima i onima koji tra\u017ee posao kako bi omoguc\u0301ili uspje\u0161no poklapanje ponude i potra\u017enje. Kako je bolje upravljanje tr\u017ei\u0161tem rada povezano sa boljim rezultatima zapo\u0161ljavanja i boljim uslugama za poslodavce i sve koji tra\u017ee posao, ovaj projekat ima za cilj ja\u010danje administrativnih i tehni\u010dkih kapaciteta ZZZCG-a.<\/p>\n<p>Preciznije, postoje dva projektna cilja: da se pobolj\u0161a efikasnost ZZZCG-a u pru\u017eanju inkluzivnih i personalizovanih usluga svojim klijentima; i da se stvore preduslovi za sprovo\u0111enje ICT reforme pru\u017eanja usluga ZZZCG-a.<\/p>\n<p>Projekat c\u0301e osigurati da se nove procedure baziraju na ICT platformama i da se unaprijede kompetencije savjetnika u ZZZCG-u. To c\u0301e omogu\u0107iti da vrijeme koje tra\u017eioci posla provedu sa svojim savjetnicima bude kvalitetnije. Ukratko, sve gore navedene reforme doprinijec\u0301e smanjenju nezaposlenosti i daljem razvoju lokalnog tr\u017ei\u0161ta rada.<\/p>\n","protected":false},"featured_media":0,"parent":0,"template":"","meta":{"_acf_changed":false},"project_tags":[392,400,421,422],"sector":[366],"class_list":["post-15565","project","type-project","status-publish","hentry","project_tags-reforma-javne-uprave","project_tags-reforma-javne-uprave-me","project_tags-unapredenje-zaposljivosti","project_tags-zaposljavanje-i-socijalne-politike","sector-obrazovanje"],"acf":[],"yoast_head":"<!-- This site is optimized with the Yoast SEO plugin v27.3 - https:\/\/yoast.com\/product\/yoast-seo-wordpress\/ -->\n<title>Ja\u010danje operativnih kapaciteta ZZZCG-a za sprovo\u0111enje aktivne politike zapo\u0161ljavanja Crne Gore putem digitalizacije - Europe House<\/title>\n<meta name=\"robots\" content=\"index, follow, max-snippet:-1, max-image-preview:large, max-video-preview:-1\" \/>\n<link rel=\"canonical\" href=\"https:\/\/www.evropskakuca.me\/me\/project\/jacanje-operativnih-kapaciteta-zzzcg-a-za-sprovodenje-aktivne-politike-zaposljavanja-crne-gore-putem-digitalizacije\/\" \/>\n<meta property=\"og:locale\" content=\"en_US\" \/>\n<meta property=\"og:type\" content=\"article\" \/>\n<meta property=\"og:title\" content=\"Ja\u010danje operativnih kapaciteta ZZZCG-a za sprovo\u0111enje aktivne politike zapo\u0161ljavanja Crne Gore putem digitalizacije - Europe House\" \/>\n<meta property=\"og:description\" content=\"Evropska unija stavlja veliki naglasak na bolje razumijevanje potreba tr\u017ei\u0161ta rada i uskla\u0111ivanje vje\u0161tina sa potra\u017enjom, kao i pru\u017eanje podr\u0161ke nezaposlenima i aktivnim tra\u017eiocima posla. U Crnoj Gori, Zavod za zapo\u0161ljavanje Crne Gore (ZZZCG) radi sa poslodavcima i onima koji tra\u017ee posao kako bi omoguc\u0301ili uspje\u0161no poklapanje ponude i potra\u017enje. Kako je bolje upravljanje tr\u017ei\u0161tem [&hellip;]\" \/>\n<meta property=\"og:url\" content=\"https:\/\/www.evropskakuca.me\/me\/project\/jacanje-operativnih-kapaciteta-zzzcg-a-za-sprovodenje-aktivne-politike-zaposljavanja-crne-gore-putem-digitalizacije\/\" \/>\n<meta property=\"og:site_name\" content=\"Europe House\" \/>\n<meta property=\"article:publisher\" content=\"https:\/\/www.facebook.com\/evropska.kuca\" \/>\n<meta name=\"twitter:card\" content=\"summary_large_image\" \/>\n<meta name=\"twitter:site\" content=\"@evropska_kuca\" \/>\n<meta name=\"twitter:label1\" content=\"Est. reading time\" \/>\n\t<meta name=\"twitter:data1\" content=\"1 minute\" \/>\n<script type=\"application\/ld+json\" class=\"yoast-schema-graph\">{\"@context\":\"https:\\\/\\\/schema.org\",\"@graph\":[{\"@type\":\"WebPage\",\"@id\":\"https:\\\/\\\/www.evropskakuca.me\\\/me\\\/project\\\/jacanje-operativnih-kapaciteta-zzzcg-a-za-sprovodenje-aktivne-politike-zaposljavanja-crne-gore-putem-digitalizacije\\\/\",\"url\":\"https:\\\/\\\/www.evropskakuca.me\\\/me\\\/project\\\/jacanje-operativnih-kapaciteta-zzzcg-a-za-sprovodenje-aktivne-politike-zaposljavanja-crne-gore-putem-digitalizacije\\\/\",\"name\":\"Ja\u010danje operativnih kapaciteta ZZZCG-a za sprovo\u0111enje aktivne politike zapo\u0161ljavanja Crne Gore putem digitalizacije - Europe House\",\"isPartOf\":{\"@id\":\"https:\\\/\\\/www.evropskakuca.me\\\/me\\\/#website\"},\"datePublished\":\"2021-09-28T12:39:13+00:00\",\"breadcrumb\":{\"@id\":\"https:\\\/\\\/www.evropskakuca.me\\\/me\\\/project\\\/jacanje-operativnih-kapaciteta-zzzcg-a-za-sprovodenje-aktivne-politike-zaposljavanja-crne-gore-putem-digitalizacije\\\/#breadcrumb\"},\"inLanguage\":\"me-ME\",\"potentialAction\":[{\"@type\":\"ReadAction\",\"target\":[\"https:\\\/\\\/www.evropskakuca.me\\\/me\\\/project\\\/jacanje-operativnih-kapaciteta-zzzcg-a-za-sprovodenje-aktivne-politike-zaposljavanja-crne-gore-putem-digitalizacije\\\/\"]}]},{\"@type\":\"BreadcrumbList\",\"@id\":\"https:\\\/\\\/www.evropskakuca.me\\\/me\\\/project\\\/jacanje-operativnih-kapaciteta-zzzcg-a-za-sprovodenje-aktivne-politike-zaposljavanja-crne-gore-putem-digitalizacije\\\/#breadcrumb\",\"itemListElement\":[{\"@type\":\"ListItem\",\"position\":1,\"name\":\"Home\",\"item\":\"https:\\\/\\\/www.evropskakuca.me\\\/me\\\/\"},{\"@type\":\"ListItem\",\"position\":2,\"name\":\"Projects\",\"item\":\"https:\\\/\\\/www.evropskakuca.me\\\/me\\\/project\\\/\"},{\"@type\":\"ListItem\",\"position\":3,\"name\":\"Ja\u010danje operativnih kapaciteta ZZZCG-a za sprovo\u0111enje aktivne politike zapo\u0161ljavanja Crne Gore putem digitalizacije\"}]},{\"@type\":\"WebSite\",\"@id\":\"https:\\\/\\\/www.evropskakuca.me\\\/me\\\/#website\",\"url\":\"https:\\\/\\\/www.evropskakuca.me\\\/me\\\/\",\"name\":\"Evropean house\",\"description\":\"\",\"publisher\":{\"@id\":\"https:\\\/\\\/www.evropskakuca.me\\\/me\\\/#organization\"},\"potentialAction\":[{\"@type\":\"SearchAction\",\"target\":{\"@type\":\"EntryPoint\",\"urlTemplate\":\"https:\\\/\\\/www.evropskakuca.me\\\/me\\\/?s={search_term_string}\"},\"query-input\":{\"@type\":\"PropertyValueSpecification\",\"valueRequired\":true,\"valueName\":\"search_term_string\"}}],\"inLanguage\":\"me-ME\"},{\"@type\":\"Organization\",\"@id\":\"https:\\\/\\\/www.evropskakuca.me\\\/me\\\/#organization\",\"name\":\"Evropean house\",\"url\":\"https:\\\/\\\/www.evropskakuca.me\\\/me\\\/\",\"logo\":{\"@type\":\"ImageObject\",\"inLanguage\":\"me-ME\",\"@id\":\"https:\\\/\\\/www.evropskakuca.me\\\/me\\\/#\\\/schema\\\/logo\\\/image\\\/\",\"url\":\"https:\\\/\\\/www.evropskakuca.me\\\/wp-content\\\/uploads\\\/2025\\\/01\\\/evropska-kuca-logo-1.png\",\"contentUrl\":\"https:\\\/\\\/www.evropskakuca.me\\\/wp-content\\\/uploads\\\/2025\\\/01\\\/evropska-kuca-logo-1.png\",\"width\":425,\"height\":312,\"caption\":\"Evropean house\"},\"image\":{\"@id\":\"https:\\\/\\\/www.evropskakuca.me\\\/me\\\/#\\\/schema\\\/logo\\\/image\\\/\"},\"sameAs\":[\"https:\\\/\\\/www.facebook.com\\\/evropska.kuca\",\"https:\\\/\\\/x.com\\\/evropska_kuca\",\"https:\\\/\\\/www.instagram.com\\\/evropska_kuca\"]}]}<\/script>\n<!-- \/ Yoast SEO plugin. -->","yoast_head_json":{"title":"Ja\u010danje operativnih kapaciteta ZZZCG-a za sprovo\u0111enje aktivne politike zapo\u0161ljavanja Crne Gore putem digitalizacije - Europe House","robots":{"index":"index","follow":"follow","max-snippet":"max-snippet:-1","max-image-preview":"max-image-preview:large","max-video-preview":"max-video-preview:-1"},"canonical":"https:\/\/www.evropskakuca.me\/me\/project\/jacanje-operativnih-kapaciteta-zzzcg-a-za-sprovodenje-aktivne-politike-zaposljavanja-crne-gore-putem-digitalizacije\/","og_locale":"en_US","og_type":"article","og_title":"Ja\u010danje operativnih kapaciteta ZZZCG-a za sprovo\u0111enje aktivne politike zapo\u0161ljavanja Crne Gore putem digitalizacije - Europe House","og_description":"Evropska unija stavlja veliki naglasak na bolje razumijevanje potreba tr\u017ei\u0161ta rada i uskla\u0111ivanje vje\u0161tina sa potra\u017enjom, kao i pru\u017eanje podr\u0161ke nezaposlenima i aktivnim tra\u017eiocima posla. U Crnoj Gori, Zavod za zapo\u0161ljavanje Crne Gore (ZZZCG) radi sa poslodavcima i onima koji tra\u017ee posao kako bi omoguc\u0301ili uspje\u0161no poklapanje ponude i potra\u017enje. Kako je bolje upravljanje tr\u017ei\u0161tem [&hellip;]","og_url":"https:\/\/www.evropskakuca.me\/me\/project\/jacanje-operativnih-kapaciteta-zzzcg-a-za-sprovodenje-aktivne-politike-zaposljavanja-crne-gore-putem-digitalizacije\/","og_site_name":"Europe House","article_publisher":"https:\/\/www.facebook.com\/evropska.kuca","twitter_card":"summary_large_image","twitter_site":"@evropska_kuca","twitter_misc":{"Est. reading time":"1 minute"},"schema":{"@context":"https:\/\/schema.org","@graph":[{"@type":"WebPage","@id":"https:\/\/www.evropskakuca.me\/me\/project\/jacanje-operativnih-kapaciteta-zzzcg-a-za-sprovodenje-aktivne-politike-zaposljavanja-crne-gore-putem-digitalizacije\/","url":"https:\/\/www.evropskakuca.me\/me\/project\/jacanje-operativnih-kapaciteta-zzzcg-a-za-sprovodenje-aktivne-politike-zaposljavanja-crne-gore-putem-digitalizacije\/","name":"Ja\u010danje operativnih kapaciteta ZZZCG-a za sprovo\u0111enje aktivne politike zapo\u0161ljavanja Crne Gore putem digitalizacije - Europe House","isPartOf":{"@id":"https:\/\/www.evropskakuca.me\/me\/#website"},"datePublished":"2021-09-28T12:39:13+00:00","breadcrumb":{"@id":"https:\/\/www.evropskakuca.me\/me\/project\/jacanje-operativnih-kapaciteta-zzzcg-a-za-sprovodenje-aktivne-politike-zaposljavanja-crne-gore-putem-digitalizacije\/#breadcrumb"},"inLanguage":"me-ME","potentialAction":[{"@type":"ReadAction","target":["https:\/\/www.evropskakuca.me\/me\/project\/jacanje-operativnih-kapaciteta-zzzcg-a-za-sprovodenje-aktivne-politike-zaposljavanja-crne-gore-putem-digitalizacije\/"]}]},{"@type":"BreadcrumbList","@id":"https:\/\/www.evropskakuca.me\/me\/project\/jacanje-operativnih-kapaciteta-zzzcg-a-za-sprovodenje-aktivne-politike-zaposljavanja-crne-gore-putem-digitalizacije\/#breadcrumb","itemListElement":[{"@type":"ListItem","position":1,"name":"Home","item":"https:\/\/www.evropskakuca.me\/me\/"},{"@type":"ListItem","position":2,"name":"Projects","item":"https:\/\/www.evropskakuca.me\/me\/project\/"},{"@type":"ListItem","position":3,"name":"Ja\u010danje operativnih kapaciteta ZZZCG-a za sprovo\u0111enje aktivne politike zapo\u0161ljavanja Crne Gore putem digitalizacije"}]},{"@type":"WebSite","@id":"https:\/\/www.evropskakuca.me\/me\/#website","url":"https:\/\/www.evropskakuca.me\/me\/","name":"Evropean house","description":"","publisher":{"@id":"https:\/\/www.evropskakuca.me\/me\/#organization"},"potentialAction":[{"@type":"SearchAction","target":{"@type":"EntryPoint","urlTemplate":"https:\/\/www.evropskakuca.me\/me\/?s={search_term_string}"},"query-input":{"@type":"PropertyValueSpecification","valueRequired":true,"valueName":"search_term_string"}}],"inLanguage":"me-ME"},{"@type":"Organization","@id":"https:\/\/www.evropskakuca.me\/me\/#organization","name":"Evropean house","url":"https:\/\/www.evropskakuca.me\/me\/","logo":{"@type":"ImageObject","inLanguage":"me-ME","@id":"https:\/\/www.evropskakuca.me\/me\/#\/schema\/logo\/image\/","url":"https:\/\/www.evropskakuca.me\/wp-content\/uploads\/2025\/01\/evropska-kuca-logo-1.png","contentUrl":"https:\/\/www.evropskakuca.me\/wp-content\/uploads\/2025\/01\/evropska-kuca-logo-1.png","width":425,"height":312,"caption":"Evropean house"},"image":{"@id":"https:\/\/www.evropskakuca.me\/me\/#\/schema\/logo\/image\/"},"sameAs":["https:\/\/www.facebook.com\/evropska.kuca","https:\/\/x.com\/evropska_kuca","https:\/\/www.instagram.com\/evropska_kuca"]}]}},"_links":{"self":[{"href":"https:\/\/www.evropskakuca.me\/me\/wp-json\/wp\/v2\/project\/15565","targetHints":{"allow":["GET"]}}],"collection":[{"href":"https:\/\/www.evropskakuca.me\/me\/wp-json\/wp\/v2\/project"}],"about":[{"href":"https:\/\/www.evropskakuca.me\/me\/wp-json\/wp\/v2\/types\/project"}],"wp:attachment":[{"href":"https:\/\/www.evropskakuca.me\/me\/wp-json\/wp\/v2\/media?parent=15565"}],"wp:term":[{"taxonomy":"project_tags","embeddable":true,"href":"https:\/\/www.evropskakuca.me\/me\/wp-json\/wp\/v2\/project_tags?post=15565"},{"taxonomy":"sector","embeddable":true,"href":"https:\/\/www.evropskakuca.me\/me\/wp-json\/wp\/v2\/sector?post=15565"}],"curies":[{"name":"wp","href":"https:\/\/api.w.org\/{rel}","templated":true}]}}

Jačanje operativnih kapaciteta ZZZCG-a za sprovođenje aktivne politike zapošljavanja Crne Gore putem digitalizacije

<p>Evropska unija stavlja veliki naglasak na bolje razumijevanje potreba tržišta rada i usklađivanje vještina sa potražnjom, kao i pružanje podrške nezaposlenima i aktivnim tražiocima posla.</p>
<p>U Crnoj Gori, Zavod za zapošljavanje Crne Gore (ZZZCG) radi sa poslodavcima i onima koji traže posao kako bi omogućili uspješno poklapanje ponude i potražnje. Kako je bolje upravljanje tržištem rada povezano sa boljim rezultatima zapošljavanja i boljim uslugama za poslodavce i sve koji traže posao, ovaj projekat ima za cilj jačanje administrativnih i tehničkih kapaciteta ZZZCG-a.</p>
<p>Preciznije, postoje dva projektna cilja: da se poboljša efikasnost ZZZCG-a u pružanju inkluzivnih i personalizovanih usluga svojim klijentima; i da se stvore preduslovi za sprovođenje ICT reforme pružanja usluga ZZZCG-a.</p>
<p>Projekat će osigurati da se nove procedure baziraju na ICT platformama i da se unaprijede kompetencije savjetnika u ZZZCG-u. To će omogućiti da vrijeme koje tražioci posla provedu sa svojim savjetnicima bude kvalitetnije. Ukratko, sve gore navedene reforme doprinijeće smanjenju nezaposlenosti i daljem razvoju lokalnog tržišta rada.</p>

<!-- This site is optimized with the Yoast SEO plugin v27.3 - https://yoast.com/product/yoast-seo-wordpress/ -->
<title>Jačanje operativnih kapaciteta ZZZCG-a za sprovođenje aktivne politike zapošljavanja Crne Gore putem digitalizacije - Europe House</title>
<meta name="robots" content="index, follow, max-snippet:-1, max-image-preview:large, max-video-preview:-1" />
<link rel="canonical" href="https://www.evropskakuca.me/me/project/jacanje-operativnih-kapaciteta-zzzcg-a-za-sprovodenje-aktivne-politike-zaposljavanja-crne-gore-putem-digitalizacije/" />
<meta property="og:locale" content="en_US" />
<meta property="og:type" content="article" />
<meta property="og:title" content="Jačanje operativnih kapaciteta ZZZCG-a za sprovođenje aktivne politike zapošljavanja Crne Gore putem digitalizacije - Europe House" />
<meta property="og:description" content="Evropska unija stavlja veliki naglasak na bolje razumijevanje potreba tržišta rada i usklađivanje vještina sa potražnjom, kao i pružanje podrške nezaposlenima i aktivnim tražiocima posla. U Crnoj Gori, Zavod za zapošljavanje Crne Gore (ZZZCG) radi sa poslodavcima i onima koji traže posao kako bi omogućili uspješno poklapanje ponude i potražnje. Kako je bolje upravljanje tržištem [&hellip;]" />
<meta property="og:url" content="https://www.evropskakuca.me/me/project/jacanje-operativnih-kapaciteta-zzzcg-a-za-sprovodenje-aktivne-politike-zaposljavanja-crne-gore-putem-digitalizacije/" />
<meta property="og:site_name" content="Europe House" />
<meta property="article:publisher" content="https://www.facebook.com/evropska.kuca" />
<meta name="twitter:card" content="summary_large_image" />
<meta name="twitter:site" content="@evropska_kuca" />
<meta name="twitter:label1" content="Est. reading time" />
	<meta name="twitter:data1" content="1 minute" />
<script type="application/ld+json" class="yoast-schema-graph">{"@context":"https:\/\/schema.org","@graph":[{"@type":"WebPage","@id":"https:\/\/www.evropskakuca.me\/me\/project\/jacanje-operativnih-kapaciteta-zzzcg-a-za-sprovodenje-aktivne-politike-zaposljavanja-crne-gore-putem-digitalizacije\/","url":"https:\/\/www.evropskakuca.me\/me\/project\/jacanje-operativnih-kapaciteta-zzzcg-a-za-sprovodenje-aktivne-politike-zaposljavanja-crne-gore-putem-digitalizacije\/","name":"Jačanje operativnih kapaciteta ZZZCG-a za sprovođenje aktivne politike zapošljavanja Crne Gore putem digitalizacije - Europe House","isPartOf":{"@id":"https:\/\/www.evropskakuca.me\/me\/#website"},"datePublished":"2021-09-28T12:39:13+00:00","breadcrumb":{"@id":"https:\/\/www.evropskakuca.me\/me\/project\/jacanje-operativnih-kapaciteta-zzzcg-a-za-sprovodenje-aktivne-politike-zaposljavanja-crne-gore-putem-digitalizacije\/#breadcrumb"},"inLanguage":"me-ME","potentialAction":[{"@type":"ReadAction","target":["https:\/\/www.evropskakuca.me\/me\/project\/jacanje-operativnih-kapaciteta-zzzcg-a-za-sprovodenje-aktivne-politike-zaposljavanja-crne-gore-putem-digitalizacije\/"]}]},{"@type":"BreadcrumbList","@id":"https:\/\/www.evropskakuca.me\/me\/project\/jacanje-operativnih-kapaciteta-zzzcg-a-za-sprovodenje-aktivne-politike-zaposljavanja-crne-gore-putem-digitalizacije\/#breadcrumb","itemListElement":[{"@type":"ListItem","position":1,"name":"Home","item":"https:\/\/www.evropskakuca.me\/me\/"},{"@type":"ListItem","position":2,"name":"Projects","item":"https:\/\/www.evropskakuca.me\/me\/project\/"},{"@type":"ListItem","position":3,"name":"Jačanje operativnih kapaciteta ZZZCG-a za sprovođenje aktivne politike zapošljavanja Crne Gore putem digitalizacije"}]},{"@type":"WebSite","@id":"https:\/\/www.evropskakuca.me\/me\/#website","url":"https:\/\/www.evropskakuca.me\/me\/","name":"Evropean house","description":"","publisher":{"@id":"https:\/\/www.evropskakuca.me\/me\/#organization"},"potentialAction":[{"@type":"SearchAction","target":{"@type":"EntryPoint","urlTemplate":"https:\/\/www.evropskakuca.me\/me\/?s={search_term_string}"},"query-input":{"@type":"PropertyValueSpecification","valueRequired":true,"valueName":"search_term_string"}}],"inLanguage":"me-ME"},{"@type":"Organization","@id":"https:\/\/www.evropskakuca.me\/me\/#organization","name":"Evropean house","url":"https:\/\/www.evropskakuca.me\/me\/","logo":{"@type":"ImageObject","inLanguage":"me-ME","@id":"https:\/\/www.evropskakuca.me\/me\/#\/schema\/logo\/image\/","url":"https:\/\/www.evropskakuca.me\/wp-content\/uploads\/2025\/01\/evropska-kuca-logo-1.png","contentUrl":"https:\/\/www.evropskakuca.me\/wp-content\/uploads\/2025\/01\/evropska-kuca-logo-1.png","width":425,"height":312,"caption":"Evropean house"},"image":{"@id":"https:\/\/www.evropskakuca.me\/me\/#\/schema\/logo\/image\/"},"sameAs":["https:\/\/www.facebook.com\/evropska.kuca","https:\/\/x.com\/evropska_kuca","https:\/\/www.instagram.com\/evropska_kuca"]}]}</script>
<!-- / Yoast SEO plugin. -->

Jačanje operativnih kapaciteta ZZZCG-a za sprovođenje aktivne politike zapošljavanja Crne Gore putem digitalizacije - Europe House

Evropska unija stavlja veliki naglasak na bolje razumijevanje potreba tržišta rada i usklađivanje vještina sa potražnjom, kao i pružanje podrške nezaposlenima i aktivnim tražiocima posla. U Crnoj Gori, Zavod za zapošljavanje Crne Gore (ZZZCG) radi sa poslodavcima i onima koji traže posao kako bi omogućili uspješno poklapanje ponude i potražnje. Kako je bolje upravljanje tržištem [&hellip;]
