{"id":15090,"date":"2021-09-15T07:43:42","date_gmt":"2021-09-15T07:43:42","guid":{"rendered":"http:\/\/www.evropskakuca.me\/?post_type=project&amp;p=15090"},"modified":"2021-09-15T07:43:42","modified_gmt":"2021-09-15T07:43:42","slug":"regionalni-program-lokalne-demokratije-na-zapadnom-balkanu-reload","status":"publish","type":"project","link":"https:\/\/www.evropskakuca.me\/me\/project\/regionalni-program-lokalne-demokratije-na-zapadnom-balkanu-reload\/","title":{"rendered":"Regionalni program lokalne demokratije na Zapadnom Balkanu (ReLOaD)"},"content":{"rendered":"<p>Regionalni program lokalne demokratije na Zapadnom Balkanu (ReLOaD2) koji finansira Europska unija (EU), a implementira Program Ujedinjenih nacija za razvoj (UNDP), sprovodi se na teritoriji Zapadnog Balkana, i to u Albaniji, Bosni i Hercegovini (BiH), Crnoj Gori, Kosovu*, Sjevernoj Makedoniji i Srbiji.<\/p>\n<p>Nakon uspje\u0161ne prve faze u kojoj je realizovano vi\u0161e od 50 projekata \u0161irom zemlje, program ReLOaD2 nastavlja da doprinosi ja\u010danju civilnog sektora podsticanjem bolje saradnje izme\u0111u lokalnih samouprava i nevladinih organizacija, kao i promovisanjem omladinskog i gra\u0111anskog aktivizma.<\/p>\n<p>Op\u0161ti cilj ovog programa je ja\u010danje participativne demokratije i procesa integracije u EU na Zapadnom Balkanu, i to kroz osna\u017eivanje nevladinog sektora za aktivno u\u010de\u0161\u0107e u dono\u0161enju odluka i stimulisanje pravnog i finansijskog okru\u017eenja za NVO.<\/p>\n<p>Ovim programom se nagla\u0161avaju potrebe lokalnih zajednica i shodno tome ja\u010daju kapaciteti lokalnih samouprava za primjenu transparentnog i rodno odgovornog finansiranja organizacija civilnog dru\u0161tva. Program ReLOaD2 poseban akcenat stavlja na u\u010de\u0161c\u0301e mladih. Naime, ta programska komponenta obuhvata istra\u017eivanje potreba i stavova mladih u cilju ja\u010danja njihove participativne uloge u zajednici, finansiranje omladinskih inicijativa, kao i podr\u0161ku u kreiranju programa prakse za mlade.<\/p>\n<p>Za u\u010de\u0161\u0107e u programu ReLOaD2, na javnim pozivima odabrano je pet klastera lokalnih samouprava:<\/p>\n<ol>\n<li><strong> Tara<\/strong> \u2013 op\u0161tine Mojkovac, Kola\u0161in i Pljevlja,<\/li>\n<li><strong> Coastal Mates<\/strong> \u2013 op\u0161tine Budva, Herceg Novi, Kotor i Tivat,<\/li>\n<li><strong> Zajedno za sjever<\/strong> \u2013 op\u0161tine Andrijevica i Berane,<\/li>\n<li><strong> Zajedno Nik\u0161i\u0107 i Plu\u017eine<\/strong> \u2013 op\u0161tine Nik\u0161i\u0107 i Plu\u017eine,<\/li>\n<li><strong> Sredi\u0161nji region<\/strong> \u2013 Glavni grad Podgorica, Prijestonica Cetinje, op\u0161tina u okviru Glavnog grada Podgorica \u2013 Golubovci i Op\u0161tina Danilovgrad<\/li>\n<\/ol>\n<p>Projekti u sklopu programa ReLOaD koje sprovode nevladine organizacije odnose se na razli\u010dite sfere \u017eivota \u2013 od ljudskih i manjinskih prava, kulturnog naslje\u0111a, zelene ekonomije, obrazovanja i socijalne politike. U nastavku slijedi pregled nekoliko takvih projekata iz prve faze programa:<\/p>\n<p>&nbsp;<\/p>\n<p>*Ova oznaka ne dovodi u pitanje stavove o statusu i u skladu je sa Rezolucijom UNSCR 1244 (1999) i Mi\u0161ljenjem Me\u0111unarodnog suda pravde o kosovskoj Deklaraciji o nezavisnosti.<\/p>\n","protected":false},"featured_media":0,"parent":0,"template":"","meta":{"_acf_changed":false},"project_tags":[322,418,419,420],"sector":[333],"class_list":["post-15090","project","type-project","status-publish","hentry","project_tags-civilno-drustvo","project_tags-izgradnja-kapaciteta-ocd-a","project_tags-osnazivanje-mladih","project_tags-razvoj-lokalne-demokratije","sector-civilno-drustvo-me"],"acf":[],"yoast_head":"<!-- This site is optimized with the Yoast SEO plugin v27.3 - https:\/\/yoast.com\/product\/yoast-seo-wordpress\/ -->\n<title>Regionalni program lokalne demokratije na Zapadnom Balkanu (ReLOaD) - Europe House<\/title>\n<meta name=\"robots\" content=\"index, follow, max-snippet:-1, max-image-preview:large, max-video-preview:-1\" \/>\n<link rel=\"canonical\" href=\"https:\/\/www.evropskakuca.me\/me\/project\/regionalni-program-lokalne-demokratije-na-zapadnom-balkanu-reload\/\" \/>\n<meta property=\"og:locale\" content=\"en_US\" \/>\n<meta property=\"og:type\" content=\"article\" \/>\n<meta property=\"og:title\" content=\"Regionalni program lokalne demokratije na Zapadnom Balkanu (ReLOaD) - Europe House\" \/>\n<meta property=\"og:description\" content=\"Regionalni program lokalne demokratije na Zapadnom Balkanu (ReLOaD2) koji finansira Europska unija (EU), a implementira Program Ujedinjenih nacija za razvoj (UNDP), sprovodi se na teritoriji Zapadnog Balkana, i to u Albaniji, Bosni i Hercegovini (BiH), Crnoj Gori, Kosovu*, Sjevernoj Makedoniji i Srbiji. Nakon uspje\u0161ne prve faze u kojoj je realizovano vi\u0161e od 50 projekata \u0161irom [&hellip;]\" \/>\n<meta property=\"og:url\" content=\"https:\/\/www.evropskakuca.me\/me\/project\/regionalni-program-lokalne-demokratije-na-zapadnom-balkanu-reload\/\" \/>\n<meta property=\"og:site_name\" content=\"Europe House\" \/>\n<meta property=\"article:publisher\" content=\"https:\/\/www.facebook.com\/evropska.kuca\" \/>\n<meta name=\"twitter:card\" content=\"summary_large_image\" \/>\n<meta name=\"twitter:site\" content=\"@evropska_kuca\" \/>\n<meta name=\"twitter:label1\" content=\"Est. reading time\" \/>\n\t<meta name=\"twitter:data1\" content=\"2 minutes\" \/>\n<script type=\"application\/ld+json\" class=\"yoast-schema-graph\">{\"@context\":\"https:\\\/\\\/schema.org\",\"@graph\":[{\"@type\":\"WebPage\",\"@id\":\"https:\\\/\\\/www.evropskakuca.me\\\/me\\\/project\\\/regionalni-program-lokalne-demokratije-na-zapadnom-balkanu-reload\\\/\",\"url\":\"https:\\\/\\\/www.evropskakuca.me\\\/me\\\/project\\\/regionalni-program-lokalne-demokratije-na-zapadnom-balkanu-reload\\\/\",\"name\":\"Regionalni program lokalne demokratije na Zapadnom Balkanu (ReLOaD) - Europe House\",\"isPartOf\":{\"@id\":\"https:\\\/\\\/www.evropskakuca.me\\\/me\\\/#website\"},\"datePublished\":\"2021-09-15T07:43:42+00:00\",\"breadcrumb\":{\"@id\":\"https:\\\/\\\/www.evropskakuca.me\\\/me\\\/project\\\/regionalni-program-lokalne-demokratije-na-zapadnom-balkanu-reload\\\/#breadcrumb\"},\"inLanguage\":\"me-ME\",\"potentialAction\":[{\"@type\":\"ReadAction\",\"target\":[\"https:\\\/\\\/www.evropskakuca.me\\\/me\\\/project\\\/regionalni-program-lokalne-demokratije-na-zapadnom-balkanu-reload\\\/\"]}]},{\"@type\":\"BreadcrumbList\",\"@id\":\"https:\\\/\\\/www.evropskakuca.me\\\/me\\\/project\\\/regionalni-program-lokalne-demokratije-na-zapadnom-balkanu-reload\\\/#breadcrumb\",\"itemListElement\":[{\"@type\":\"ListItem\",\"position\":1,\"name\":\"Home\",\"item\":\"https:\\\/\\\/www.evropskakuca.me\\\/me\\\/\"},{\"@type\":\"ListItem\",\"position\":2,\"name\":\"Projects\",\"item\":\"https:\\\/\\\/www.evropskakuca.me\\\/me\\\/project\\\/\"},{\"@type\":\"ListItem\",\"position\":3,\"name\":\"Regionalni program lokalne demokratije na Zapadnom Balkanu (ReLOaD)\"}]},{\"@type\":\"WebSite\",\"@id\":\"https:\\\/\\\/www.evropskakuca.me\\\/me\\\/#website\",\"url\":\"https:\\\/\\\/www.evropskakuca.me\\\/me\\\/\",\"name\":\"Evropean house\",\"description\":\"\",\"publisher\":{\"@id\":\"https:\\\/\\\/www.evropskakuca.me\\\/me\\\/#organization\"},\"potentialAction\":[{\"@type\":\"SearchAction\",\"target\":{\"@type\":\"EntryPoint\",\"urlTemplate\":\"https:\\\/\\\/www.evropskakuca.me\\\/me\\\/?s={search_term_string}\"},\"query-input\":{\"@type\":\"PropertyValueSpecification\",\"valueRequired\":true,\"valueName\":\"search_term_string\"}}],\"inLanguage\":\"me-ME\"},{\"@type\":\"Organization\",\"@id\":\"https:\\\/\\\/www.evropskakuca.me\\\/me\\\/#organization\",\"name\":\"Evropean house\",\"url\":\"https:\\\/\\\/www.evropskakuca.me\\\/me\\\/\",\"logo\":{\"@type\":\"ImageObject\",\"inLanguage\":\"me-ME\",\"@id\":\"https:\\\/\\\/www.evropskakuca.me\\\/me\\\/#\\\/schema\\\/logo\\\/image\\\/\",\"url\":\"https:\\\/\\\/www.evropskakuca.me\\\/wp-content\\\/uploads\\\/2025\\\/01\\\/evropska-kuca-logo-1.png\",\"contentUrl\":\"https:\\\/\\\/www.evropskakuca.me\\\/wp-content\\\/uploads\\\/2025\\\/01\\\/evropska-kuca-logo-1.png\",\"width\":425,\"height\":312,\"caption\":\"Evropean house\"},\"image\":{\"@id\":\"https:\\\/\\\/www.evropskakuca.me\\\/me\\\/#\\\/schema\\\/logo\\\/image\\\/\"},\"sameAs\":[\"https:\\\/\\\/www.facebook.com\\\/evropska.kuca\",\"https:\\\/\\\/x.com\\\/evropska_kuca\",\"https:\\\/\\\/www.instagram.com\\\/evropska_kuca\"]}]}<\/script>\n<!-- \/ Yoast SEO plugin. -->","yoast_head_json":{"title":"Regionalni program lokalne demokratije na Zapadnom Balkanu (ReLOaD) - Europe House","robots":{"index":"index","follow":"follow","max-snippet":"max-snippet:-1","max-image-preview":"max-image-preview:large","max-video-preview":"max-video-preview:-1"},"canonical":"https:\/\/www.evropskakuca.me\/me\/project\/regionalni-program-lokalne-demokratije-na-zapadnom-balkanu-reload\/","og_locale":"en_US","og_type":"article","og_title":"Regionalni program lokalne demokratije na Zapadnom Balkanu (ReLOaD) - Europe House","og_description":"Regionalni program lokalne demokratije na Zapadnom Balkanu (ReLOaD2) koji finansira Europska unija (EU), a implementira Program Ujedinjenih nacija za razvoj (UNDP), sprovodi se na teritoriji Zapadnog Balkana, i to u Albaniji, Bosni i Hercegovini (BiH), Crnoj Gori, Kosovu*, Sjevernoj Makedoniji i Srbiji. Nakon uspje\u0161ne prve faze u kojoj je realizovano vi\u0161e od 50 projekata \u0161irom [&hellip;]","og_url":"https:\/\/www.evropskakuca.me\/me\/project\/regionalni-program-lokalne-demokratije-na-zapadnom-balkanu-reload\/","og_site_name":"Europe House","article_publisher":"https:\/\/www.facebook.com\/evropska.kuca","twitter_card":"summary_large_image","twitter_site":"@evropska_kuca","twitter_misc":{"Est. reading time":"2 minutes"},"schema":{"@context":"https:\/\/schema.org","@graph":[{"@type":"WebPage","@id":"https:\/\/www.evropskakuca.me\/me\/project\/regionalni-program-lokalne-demokratije-na-zapadnom-balkanu-reload\/","url":"https:\/\/www.evropskakuca.me\/me\/project\/regionalni-program-lokalne-demokratije-na-zapadnom-balkanu-reload\/","name":"Regionalni program lokalne demokratije na Zapadnom Balkanu (ReLOaD) - Europe House","isPartOf":{"@id":"https:\/\/www.evropskakuca.me\/me\/#website"},"datePublished":"2021-09-15T07:43:42+00:00","breadcrumb":{"@id":"https:\/\/www.evropskakuca.me\/me\/project\/regionalni-program-lokalne-demokratije-na-zapadnom-balkanu-reload\/#breadcrumb"},"inLanguage":"me-ME","potentialAction":[{"@type":"ReadAction","target":["https:\/\/www.evropskakuca.me\/me\/project\/regionalni-program-lokalne-demokratije-na-zapadnom-balkanu-reload\/"]}]},{"@type":"BreadcrumbList","@id":"https:\/\/www.evropskakuca.me\/me\/project\/regionalni-program-lokalne-demokratije-na-zapadnom-balkanu-reload\/#breadcrumb","itemListElement":[{"@type":"ListItem","position":1,"name":"Home","item":"https:\/\/www.evropskakuca.me\/me\/"},{"@type":"ListItem","position":2,"name":"Projects","item":"https:\/\/www.evropskakuca.me\/me\/project\/"},{"@type":"ListItem","position":3,"name":"Regionalni program lokalne demokratije na Zapadnom Balkanu (ReLOaD)"}]},{"@type":"WebSite","@id":"https:\/\/www.evropskakuca.me\/me\/#website","url":"https:\/\/www.evropskakuca.me\/me\/","name":"Evropean house","description":"","publisher":{"@id":"https:\/\/www.evropskakuca.me\/me\/#organization"},"potentialAction":[{"@type":"SearchAction","target":{"@type":"EntryPoint","urlTemplate":"https:\/\/www.evropskakuca.me\/me\/?s={search_term_string}"},"query-input":{"@type":"PropertyValueSpecification","valueRequired":true,"valueName":"search_term_string"}}],"inLanguage":"me-ME"},{"@type":"Organization","@id":"https:\/\/www.evropskakuca.me\/me\/#organization","name":"Evropean house","url":"https:\/\/www.evropskakuca.me\/me\/","logo":{"@type":"ImageObject","inLanguage":"me-ME","@id":"https:\/\/www.evropskakuca.me\/me\/#\/schema\/logo\/image\/","url":"https:\/\/www.evropskakuca.me\/wp-content\/uploads\/2025\/01\/evropska-kuca-logo-1.png","contentUrl":"https:\/\/www.evropskakuca.me\/wp-content\/uploads\/2025\/01\/evropska-kuca-logo-1.png","width":425,"height":312,"caption":"Evropean house"},"image":{"@id":"https:\/\/www.evropskakuca.me\/me\/#\/schema\/logo\/image\/"},"sameAs":["https:\/\/www.facebook.com\/evropska.kuca","https:\/\/x.com\/evropska_kuca","https:\/\/www.instagram.com\/evropska_kuca"]}]}},"_links":{"self":[{"href":"https:\/\/www.evropskakuca.me\/me\/wp-json\/wp\/v2\/project\/15090","targetHints":{"allow":["GET"]}}],"collection":[{"href":"https:\/\/www.evropskakuca.me\/me\/wp-json\/wp\/v2\/project"}],"about":[{"href":"https:\/\/www.evropskakuca.me\/me\/wp-json\/wp\/v2\/types\/project"}],"wp:attachment":[{"href":"https:\/\/www.evropskakuca.me\/me\/wp-json\/wp\/v2\/media?parent=15090"}],"wp:term":[{"taxonomy":"project_tags","embeddable":true,"href":"https:\/\/www.evropskakuca.me\/me\/wp-json\/wp\/v2\/project_tags?post=15090"},{"taxonomy":"sector","embeddable":true,"href":"https:\/\/www.evropskakuca.me\/me\/wp-json\/wp\/v2\/sector?post=15090"}],"curies":[{"name":"wp","href":"https:\/\/api.w.org\/{rel}","templated":true}]}}

<p>Regionalni program lokalne demokratije na Zapadnom Balkanu (ReLOaD2) koji finansira Europska unija (EU), a implementira Program Ujedinjenih nacija za razvoj (UNDP), sprovodi se na teritoriji Zapadnog Balkana, i to u Albaniji, Bosni i Hercegovini (BiH), Crnoj Gori, Kosovu*, Sjevernoj Makedoniji i Srbiji.</p>
<p>Nakon uspješne prve faze u kojoj je realizovano više od 50 projekata širom zemlje, program ReLOaD2 nastavlja da doprinosi jačanju civilnog sektora podsticanjem bolje saradnje između lokalnih samouprava i nevladinih organizacija, kao i promovisanjem omladinskog i građanskog aktivizma.</p>
<p>Opšti cilj ovog programa je jačanje participativne demokratije i procesa integracije u EU na Zapadnom Balkanu, i to kroz osnaživanje nevladinog sektora za aktivno učešće u donošenju odluka i stimulisanje pravnog i finansijskog okruženja za NVO.</p>
<p>Ovim programom se naglašavaju potrebe lokalnih zajednica i shodno tome jačaju kapaciteti lokalnih samouprava za primjenu transparentnog i rodno odgovornog finansiranja organizacija civilnog društva. Program ReLOaD2 poseban akcenat stavlja na učešće mladih. Naime, ta programska komponenta obuhvata istraživanje potreba i stavova mladih u cilju jačanja njihove participativne uloge u zajednici, finansiranje omladinskih inicijativa, kao i podršku u kreiranju programa prakse za mlade.</p>
<p>Za učešće u programu ReLOaD2, na javnim pozivima odabrano je pet klastera lokalnih samouprava:</p>
<ol>
<li><strong> Tara</strong> – opštine Mojkovac, Kolašin i Pljevlja,</li>
<li><strong> Coastal Mates</strong> – opštine Budva, Herceg Novi, Kotor i Tivat,</li>
<li><strong> Zajedno za sjever</strong> – opštine Andrijevica i Berane,</li>
<li><strong> Zajedno Nikšić i Plužine</strong> – opštine Nikšić i Plužine,</li>
<li><strong> Središnji region</strong> – Glavni grad Podgorica, Prijestonica Cetinje, opština u okviru Glavnog grada Podgorica – Golubovci i Opština Danilovgrad</li>
</ol>
<p>Projekti u sklopu programa ReLOaD koje sprovode nevladine organizacije odnose se na različite sfere života – od ljudskih i manjinskih prava, kulturnog nasljeđa, zelene ekonomije, obrazovanja i socijalne politike. U nastavku slijedi pregled nekoliko takvih projekata iz prve faze programa:</p>
<p>&nbsp;</p>
<p>*Ova oznaka ne dovodi u pitanje stavove o statusu i u skladu je sa Rezolucijom UNSCR 1244 (1999) i Mišljenjem Međunarodnog suda pravde o kosovskoj Deklaraciji o nezavisnosti.</p>

<!-- This site is optimized with the Yoast SEO plugin v27.3 - https://yoast.com/product/yoast-seo-wordpress/ -->
<title>Regionalni program lokalne demokratije na Zapadnom Balkanu (ReLOaD) - Europe House</title>
<meta name="robots" content="index, follow, max-snippet:-1, max-image-preview:large, max-video-preview:-1" />
<link rel="canonical" href="https://www.evropskakuca.me/me/project/regionalni-program-lokalne-demokratije-na-zapadnom-balkanu-reload/" />
<meta property="og:locale" content="en_US" />
<meta property="og:type" content="article" />
<meta property="og:title" content="Regionalni program lokalne demokratije na Zapadnom Balkanu (ReLOaD) - Europe House" />
<meta property="og:description" content="Regionalni program lokalne demokratije na Zapadnom Balkanu (ReLOaD2) koji finansira Europska unija (EU), a implementira Program Ujedinjenih nacija za razvoj (UNDP), sprovodi se na teritoriji Zapadnog Balkana, i to u Albaniji, Bosni i Hercegovini (BiH), Crnoj Gori, Kosovu*, Sjevernoj Makedoniji i Srbiji. Nakon uspješne prve faze u kojoj je realizovano više od 50 projekata širom [&hellip;]" />
<meta property="og:url" content="https://www.evropskakuca.me/me/project/regionalni-program-lokalne-demokratije-na-zapadnom-balkanu-reload/" />
<meta property="og:site_name" content="Europe House" />
<meta property="article:publisher" content="https://www.facebook.com/evropska.kuca" />
<meta name="twitter:card" content="summary_large_image" />
<meta name="twitter:site" content="@evropska_kuca" />
<meta name="twitter:label1" content="Est. reading time" />
	<meta name="twitter:data1" content="2 minutes" />
<script type="application/ld+json" class="yoast-schema-graph">{"@context":"https:\/\/schema.org","@graph":[{"@type":"WebPage","@id":"https:\/\/www.evropskakuca.me\/me\/project\/regionalni-program-lokalne-demokratije-na-zapadnom-balkanu-reload\/","url":"https:\/\/www.evropskakuca.me\/me\/project\/regionalni-program-lokalne-demokratije-na-zapadnom-balkanu-reload\/","name":"Regionalni program lokalne demokratije na Zapadnom Balkanu (ReLOaD) - Europe House","isPartOf":{"@id":"https:\/\/www.evropskakuca.me\/me\/#website"},"datePublished":"2021-09-15T07:43:42+00:00","breadcrumb":{"@id":"https:\/\/www.evropskakuca.me\/me\/project\/regionalni-program-lokalne-demokratije-na-zapadnom-balkanu-reload\/#breadcrumb"},"inLanguage":"me-ME","potentialAction":[{"@type":"ReadAction","target":["https:\/\/www.evropskakuca.me\/me\/project\/regionalni-program-lokalne-demokratije-na-zapadnom-balkanu-reload\/"]}]},{"@type":"BreadcrumbList","@id":"https:\/\/www.evropskakuca.me\/me\/project\/regionalni-program-lokalne-demokratije-na-zapadnom-balkanu-reload\/#breadcrumb","itemListElement":[{"@type":"ListItem","position":1,"name":"Home","item":"https:\/\/www.evropskakuca.me\/me\/"},{"@type":"ListItem","position":2,"name":"Projects","item":"https:\/\/www.evropskakuca.me\/me\/project\/"},{"@type":"ListItem","position":3,"name":"Regionalni program lokalne demokratije na Zapadnom Balkanu (ReLOaD)"}]},{"@type":"WebSite","@id":"https:\/\/www.evropskakuca.me\/me\/#website","url":"https:\/\/www.evropskakuca.me\/me\/","name":"Evropean house","description":"","publisher":{"@id":"https:\/\/www.evropskakuca.me\/me\/#organization"},"potentialAction":[{"@type":"SearchAction","target":{"@type":"EntryPoint","urlTemplate":"https:\/\/www.evropskakuca.me\/me\/?s={search_term_string}"},"query-input":{"@type":"PropertyValueSpecification","valueRequired":true,"valueName":"search_term_string"}}],"inLanguage":"me-ME"},{"@type":"Organization","@id":"https:\/\/www.evropskakuca.me\/me\/#organization","name":"Evropean house","url":"https:\/\/www.evropskakuca.me\/me\/","logo":{"@type":"ImageObject","inLanguage":"me-ME","@id":"https:\/\/www.evropskakuca.me\/me\/#\/schema\/logo\/image\/","url":"https:\/\/www.evropskakuca.me\/wp-content\/uploads\/2025\/01\/evropska-kuca-logo-1.png","contentUrl":"https:\/\/www.evropskakuca.me\/wp-content\/uploads\/2025\/01\/evropska-kuca-logo-1.png","width":425,"height":312,"caption":"Evropean house"},"image":{"@id":"https:\/\/www.evropskakuca.me\/me\/#\/schema\/logo\/image\/"},"sameAs":["https:\/\/www.facebook.com\/evropska.kuca","https:\/\/x.com\/evropska_kuca","https:\/\/www.instagram.com\/evropska_kuca"]}]}</script>
<!-- / Yoast SEO plugin. -->

Regionalni program lokalne demokratije na Zapadnom Balkanu (ReLOaD2) koji finansira Europska unija (EU), a implementira Program Ujedinjenih nacija za razvoj (UNDP), sprovodi se na teritoriji Zapadnog Balkana, i to u Albaniji, Bosni i Hercegovini (BiH), Crnoj Gori, Kosovu*, Sjevernoj Makedoniji i Srbiji. Nakon uspješne prve faze u kojoj je realizovano više od 50 projekata širom [&hellip;]
