{"id":14748,"date":"2021-09-10T15:06:11","date_gmt":"2021-09-10T15:06:11","guid":{"rendered":"http:\/\/www.evropskakuca.me\/?post_type=project&amp;p=14748"},"modified":"2021-09-10T15:06:11","modified_gmt":"2021-09-10T15:06:11","slug":"meladetect-rano-otkrivanje-melanoma-koze-sluznica-i-oka","status":"publish","type":"project","link":"https:\/\/www.evropskakuca.me\/me\/project\/meladetect-rano-otkrivanje-melanoma-koze-sluznica-i-oka\/","title":{"rendered":"MELAdetect \u2013 Rano otkrivanje melanoma ko\u017ee, sluznica i oka"},"content":{"rendered":"<p>Evropska unija pru\u017ea zna\u010dajnu finansijsku podr\u0161ku za prevenciju i lije\u010denje raka. Na taj na\u010din EU nastoji da pomogne \u0161to vec\u0301em broju ljudi da \u017eive bez raka, kao i da se bolest dijagnostikuje ranije kod ve\u0107eg broja pacijenata kako bi imali bolji kvalitet \u017eivota nakon lije\u010denja.<\/p>\n<p>Ovaj projekat je usmjeren na podizanje svijesti i unapre\u0111enje metoda za prevenciju i lije\u010denje melanoma ko\u017ee, oka i sluznice razmjenom dobre prakse i iskustava u prekograni\u010dnom podru\u010dju Crna Gora-BiH-Hrvatska.<\/p>\n<p>Tokom trajanja projekta, organizovane su radionice i predavanja o epidemiologiji melanoma, va\u017enosti ranog otkrivanja melanoma, te novim trendovima u ranom otkrivanju i terapijskim mogu\u0107nostima za njegovo lije\u010denje. Dermoskopija i oftalmoskopija su promovisani kao metode rane dijagnostike melanoma, a organizovani su i edukativni info dani za \u0161iroku javnost.<\/p>\n<p>Tako\u0111e, sprovedena je nabavka nove savremene opreme za dermatolo\u0161ku i oftalmolo\u0161ku ambulantu u bolnici u Baru. Sada je gra\u0111anima na raspolaganju savremeni dermoskop, koji melanom otkriva u ranoj fazi, \u0161to je od velikog zna\u010daja za po\u010detak lije\u010denja.<\/p>\n<p>Ukratko, ovaj projekat je pomogao da se ranom dijagnostikom djeluje preventivno i sprije\u010di razvoj ove opake bolesti kod velikog broja gra\u0111ana.<\/p>\n","protected":false},"featured_media":37240,"parent":0,"template":"","meta":{"_acf_changed":false},"project_tags":[411,356,413],"sector":[412],"class_list":["post-14748","project","type-project","status-publish","has-post-thumbnail","hentry","project_tags-modernizacija-zdravstvenog-sistema","project_tags-zdravstvena-zastita","project_tags-health-care-me","sector-zdravstvo"],"acf":[],"yoast_head":"<!-- This site is optimized with the Yoast SEO plugin v27.3 - https:\/\/yoast.com\/product\/yoast-seo-wordpress\/ -->\n<title>MELAdetect \u2013 Rano otkrivanje melanoma ko\u017ee, sluznica i oka - Europe House<\/title>\n<meta name=\"robots\" content=\"index, follow, max-snippet:-1, max-image-preview:large, max-video-preview:-1\" \/>\n<link rel=\"canonical\" href=\"https:\/\/www.evropskakuca.me\/me\/project\/meladetect-rano-otkrivanje-melanoma-koze-sluznica-i-oka\/\" \/>\n<meta property=\"og:locale\" content=\"en_US\" \/>\n<meta property=\"og:type\" content=\"article\" \/>\n<meta property=\"og:title\" content=\"MELAdetect \u2013 Rano otkrivanje melanoma ko\u017ee, sluznica i oka - Europe House\" \/>\n<meta property=\"og:description\" content=\"Evropska unija pru\u017ea zna\u010dajnu finansijsku podr\u0161ku za prevenciju i lije\u010denje raka. Na taj na\u010din EU nastoji da pomogne \u0161to vec\u0301em broju ljudi da \u017eive bez raka, kao i da se bolest dijagnostikuje ranije kod ve\u0107eg broja pacijenata kako bi imali bolji kvalitet \u017eivota nakon lije\u010denja. Ovaj projekat je usmjeren na podizanje svijesti i unapre\u0111enje metoda [&hellip;]\" \/>\n<meta property=\"og:url\" content=\"https:\/\/www.evropskakuca.me\/me\/project\/meladetect-rano-otkrivanje-melanoma-koze-sluznica-i-oka\/\" \/>\n<meta property=\"og:site_name\" content=\"Europe House\" \/>\n<meta property=\"article:publisher\" content=\"https:\/\/www.facebook.com\/evropska.kuca\" \/>\n<meta property=\"og:image\" content=\"https:\/\/www.evropskakuca.me\/wp-content\/uploads\/2021\/09\/BR-30-scaled.jpg\" \/>\n\t<meta property=\"og:image:width\" content=\"2560\" \/>\n\t<meta property=\"og:image:height\" content=\"1706\" \/>\n\t<meta property=\"og:image:type\" content=\"image\/jpeg\" \/>\n<meta name=\"twitter:card\" content=\"summary_large_image\" \/>\n<meta name=\"twitter:site\" content=\"@evropska_kuca\" \/>\n<meta name=\"twitter:label1\" content=\"Est. reading time\" \/>\n\t<meta name=\"twitter:data1\" content=\"1 minute\" \/>\n<script type=\"application\/ld+json\" class=\"yoast-schema-graph\">{\"@context\":\"https:\\\/\\\/schema.org\",\"@graph\":[{\"@type\":\"WebPage\",\"@id\":\"https:\\\/\\\/www.evropskakuca.me\\\/me\\\/project\\\/meladetect-rano-otkrivanje-melanoma-koze-sluznica-i-oka\\\/\",\"url\":\"https:\\\/\\\/www.evropskakuca.me\\\/me\\\/project\\\/meladetect-rano-otkrivanje-melanoma-koze-sluznica-i-oka\\\/\",\"name\":\"MELAdetect \u2013 Rano otkrivanje melanoma ko\u017ee, sluznica i oka - Europe House\",\"isPartOf\":{\"@id\":\"https:\\\/\\\/www.evropskakuca.me\\\/me\\\/#website\"},\"primaryImageOfPage\":{\"@id\":\"https:\\\/\\\/www.evropskakuca.me\\\/me\\\/project\\\/meladetect-rano-otkrivanje-melanoma-koze-sluznica-i-oka\\\/#primaryimage\"},\"image\":{\"@id\":\"https:\\\/\\\/www.evropskakuca.me\\\/me\\\/project\\\/meladetect-rano-otkrivanje-melanoma-koze-sluznica-i-oka\\\/#primaryimage\"},\"thumbnailUrl\":\"https:\\\/\\\/www.evropskakuca.me\\\/wp-content\\\/uploads\\\/2021\\\/09\\\/BR-30-scaled.jpg\",\"datePublished\":\"2021-09-10T15:06:11+00:00\",\"breadcrumb\":{\"@id\":\"https:\\\/\\\/www.evropskakuca.me\\\/me\\\/project\\\/meladetect-rano-otkrivanje-melanoma-koze-sluznica-i-oka\\\/#breadcrumb\"},\"inLanguage\":\"me-ME\",\"potentialAction\":[{\"@type\":\"ReadAction\",\"target\":[\"https:\\\/\\\/www.evropskakuca.me\\\/me\\\/project\\\/meladetect-rano-otkrivanje-melanoma-koze-sluznica-i-oka\\\/\"]}]},{\"@type\":\"ImageObject\",\"inLanguage\":\"me-ME\",\"@id\":\"https:\\\/\\\/www.evropskakuca.me\\\/me\\\/project\\\/meladetect-rano-otkrivanje-melanoma-koze-sluznica-i-oka\\\/#primaryimage\",\"url\":\"https:\\\/\\\/www.evropskakuca.me\\\/wp-content\\\/uploads\\\/2021\\\/09\\\/BR-30-scaled.jpg\",\"contentUrl\":\"https:\\\/\\\/www.evropskakuca.me\\\/wp-content\\\/uploads\\\/2021\\\/09\\\/BR-30-scaled.jpg\",\"width\":2560,\"height\":1706},{\"@type\":\"BreadcrumbList\",\"@id\":\"https:\\\/\\\/www.evropskakuca.me\\\/me\\\/project\\\/meladetect-rano-otkrivanje-melanoma-koze-sluznica-i-oka\\\/#breadcrumb\",\"itemListElement\":[{\"@type\":\"ListItem\",\"position\":1,\"name\":\"Home\",\"item\":\"https:\\\/\\\/www.evropskakuca.me\\\/me\\\/\"},{\"@type\":\"ListItem\",\"position\":2,\"name\":\"Projects\",\"item\":\"https:\\\/\\\/www.evropskakuca.me\\\/me\\\/project\\\/\"},{\"@type\":\"ListItem\",\"position\":3,\"name\":\"MELAdetect \u2013 Rano otkrivanje melanoma ko\u017ee, sluznica i oka\"}]},{\"@type\":\"WebSite\",\"@id\":\"https:\\\/\\\/www.evropskakuca.me\\\/me\\\/#website\",\"url\":\"https:\\\/\\\/www.evropskakuca.me\\\/me\\\/\",\"name\":\"Evropean house\",\"description\":\"\",\"publisher\":{\"@id\":\"https:\\\/\\\/www.evropskakuca.me\\\/me\\\/#organization\"},\"potentialAction\":[{\"@type\":\"SearchAction\",\"target\":{\"@type\":\"EntryPoint\",\"urlTemplate\":\"https:\\\/\\\/www.evropskakuca.me\\\/me\\\/?s={search_term_string}\"},\"query-input\":{\"@type\":\"PropertyValueSpecification\",\"valueRequired\":true,\"valueName\":\"search_term_string\"}}],\"inLanguage\":\"me-ME\"},{\"@type\":\"Organization\",\"@id\":\"https:\\\/\\\/www.evropskakuca.me\\\/me\\\/#organization\",\"name\":\"Evropean house\",\"url\":\"https:\\\/\\\/www.evropskakuca.me\\\/me\\\/\",\"logo\":{\"@type\":\"ImageObject\",\"inLanguage\":\"me-ME\",\"@id\":\"https:\\\/\\\/www.evropskakuca.me\\\/me\\\/#\\\/schema\\\/logo\\\/image\\\/\",\"url\":\"https:\\\/\\\/www.evropskakuca.me\\\/wp-content\\\/uploads\\\/2025\\\/01\\\/evropska-kuca-logo-1.png\",\"contentUrl\":\"https:\\\/\\\/www.evropskakuca.me\\\/wp-content\\\/uploads\\\/2025\\\/01\\\/evropska-kuca-logo-1.png\",\"width\":425,\"height\":312,\"caption\":\"Evropean house\"},\"image\":{\"@id\":\"https:\\\/\\\/www.evropskakuca.me\\\/me\\\/#\\\/schema\\\/logo\\\/image\\\/\"},\"sameAs\":[\"https:\\\/\\\/www.facebook.com\\\/evropska.kuca\",\"https:\\\/\\\/x.com\\\/evropska_kuca\",\"https:\\\/\\\/www.instagram.com\\\/evropska_kuca\"]}]}<\/script>\n<!-- \/ Yoast SEO plugin. -->","yoast_head_json":{"title":"MELAdetect \u2013 Rano otkrivanje melanoma ko\u017ee, sluznica i oka - Europe House","robots":{"index":"index","follow":"follow","max-snippet":"max-snippet:-1","max-image-preview":"max-image-preview:large","max-video-preview":"max-video-preview:-1"},"canonical":"https:\/\/www.evropskakuca.me\/me\/project\/meladetect-rano-otkrivanje-melanoma-koze-sluznica-i-oka\/","og_locale":"en_US","og_type":"article","og_title":"MELAdetect \u2013 Rano otkrivanje melanoma ko\u017ee, sluznica i oka - Europe House","og_description":"Evropska unija pru\u017ea zna\u010dajnu finansijsku podr\u0161ku za prevenciju i lije\u010denje raka. Na taj na\u010din EU nastoji da pomogne \u0161to vec\u0301em broju ljudi da \u017eive bez raka, kao i da se bolest dijagnostikuje ranije kod ve\u0107eg broja pacijenata kako bi imali bolji kvalitet \u017eivota nakon lije\u010denja. Ovaj projekat je usmjeren na podizanje svijesti i unapre\u0111enje metoda [&hellip;]","og_url":"https:\/\/www.evropskakuca.me\/me\/project\/meladetect-rano-otkrivanje-melanoma-koze-sluznica-i-oka\/","og_site_name":"Europe House","article_publisher":"https:\/\/www.facebook.com\/evropska.kuca","og_image":[{"width":2560,"height":1706,"url":"https:\/\/www.evropskakuca.me\/wp-content\/uploads\/2021\/09\/BR-30-scaled.jpg","type":"image\/jpeg"}],"twitter_card":"summary_large_image","twitter_site":"@evropska_kuca","twitter_misc":{"Est. reading time":"1 minute"},"schema":{"@context":"https:\/\/schema.org","@graph":[{"@type":"WebPage","@id":"https:\/\/www.evropskakuca.me\/me\/project\/meladetect-rano-otkrivanje-melanoma-koze-sluznica-i-oka\/","url":"https:\/\/www.evropskakuca.me\/me\/project\/meladetect-rano-otkrivanje-melanoma-koze-sluznica-i-oka\/","name":"MELAdetect \u2013 Rano otkrivanje melanoma ko\u017ee, sluznica i oka - Europe House","isPartOf":{"@id":"https:\/\/www.evropskakuca.me\/me\/#website"},"primaryImageOfPage":{"@id":"https:\/\/www.evropskakuca.me\/me\/project\/meladetect-rano-otkrivanje-melanoma-koze-sluznica-i-oka\/#primaryimage"},"image":{"@id":"https:\/\/www.evropskakuca.me\/me\/project\/meladetect-rano-otkrivanje-melanoma-koze-sluznica-i-oka\/#primaryimage"},"thumbnailUrl":"https:\/\/www.evropskakuca.me\/wp-content\/uploads\/2021\/09\/BR-30-scaled.jpg","datePublished":"2021-09-10T15:06:11+00:00","breadcrumb":{"@id":"https:\/\/www.evropskakuca.me\/me\/project\/meladetect-rano-otkrivanje-melanoma-koze-sluznica-i-oka\/#breadcrumb"},"inLanguage":"me-ME","potentialAction":[{"@type":"ReadAction","target":["https:\/\/www.evropskakuca.me\/me\/project\/meladetect-rano-otkrivanje-melanoma-koze-sluznica-i-oka\/"]}]},{"@type":"ImageObject","inLanguage":"me-ME","@id":"https:\/\/www.evropskakuca.me\/me\/project\/meladetect-rano-otkrivanje-melanoma-koze-sluznica-i-oka\/#primaryimage","url":"https:\/\/www.evropskakuca.me\/wp-content\/uploads\/2021\/09\/BR-30-scaled.jpg","contentUrl":"https:\/\/www.evropskakuca.me\/wp-content\/uploads\/2021\/09\/BR-30-scaled.jpg","width":2560,"height":1706},{"@type":"BreadcrumbList","@id":"https:\/\/www.evropskakuca.me\/me\/project\/meladetect-rano-otkrivanje-melanoma-koze-sluznica-i-oka\/#breadcrumb","itemListElement":[{"@type":"ListItem","position":1,"name":"Home","item":"https:\/\/www.evropskakuca.me\/me\/"},{"@type":"ListItem","position":2,"name":"Projects","item":"https:\/\/www.evropskakuca.me\/me\/project\/"},{"@type":"ListItem","position":3,"name":"MELAdetect \u2013 Rano otkrivanje melanoma ko\u017ee, sluznica i oka"}]},{"@type":"WebSite","@id":"https:\/\/www.evropskakuca.me\/me\/#website","url":"https:\/\/www.evropskakuca.me\/me\/","name":"Evropean house","description":"","publisher":{"@id":"https:\/\/www.evropskakuca.me\/me\/#organization"},"potentialAction":[{"@type":"SearchAction","target":{"@type":"EntryPoint","urlTemplate":"https:\/\/www.evropskakuca.me\/me\/?s={search_term_string}"},"query-input":{"@type":"PropertyValueSpecification","valueRequired":true,"valueName":"search_term_string"}}],"inLanguage":"me-ME"},{"@type":"Organization","@id":"https:\/\/www.evropskakuca.me\/me\/#organization","name":"Evropean house","url":"https:\/\/www.evropskakuca.me\/me\/","logo":{"@type":"ImageObject","inLanguage":"me-ME","@id":"https:\/\/www.evropskakuca.me\/me\/#\/schema\/logo\/image\/","url":"https:\/\/www.evropskakuca.me\/wp-content\/uploads\/2025\/01\/evropska-kuca-logo-1.png","contentUrl":"https:\/\/www.evropskakuca.me\/wp-content\/uploads\/2025\/01\/evropska-kuca-logo-1.png","width":425,"height":312,"caption":"Evropean house"},"image":{"@id":"https:\/\/www.evropskakuca.me\/me\/#\/schema\/logo\/image\/"},"sameAs":["https:\/\/www.facebook.com\/evropska.kuca","https:\/\/x.com\/evropska_kuca","https:\/\/www.instagram.com\/evropska_kuca"]}]}},"_links":{"self":[{"href":"https:\/\/www.evropskakuca.me\/me\/wp-json\/wp\/v2\/project\/14748","targetHints":{"allow":["GET"]}}],"collection":[{"href":"https:\/\/www.evropskakuca.me\/me\/wp-json\/wp\/v2\/project"}],"about":[{"href":"https:\/\/www.evropskakuca.me\/me\/wp-json\/wp\/v2\/types\/project"}],"wp:featuredmedia":[{"embeddable":true,"href":"https:\/\/www.evropskakuca.me\/me\/wp-json\/wp\/v2\/media\/37240"}],"wp:attachment":[{"href":"https:\/\/www.evropskakuca.me\/me\/wp-json\/wp\/v2\/media?parent=14748"}],"wp:term":[{"taxonomy":"project_tags","embeddable":true,"href":"https:\/\/www.evropskakuca.me\/me\/wp-json\/wp\/v2\/project_tags?post=14748"},{"taxonomy":"sector","embeddable":true,"href":"https:\/\/www.evropskakuca.me\/me\/wp-json\/wp\/v2\/sector?post=14748"}],"curies":[{"name":"wp","href":"https:\/\/api.w.org\/{rel}","templated":true}]}}

MELAdetect – Rano otkrivanje melanoma kože, sluznica i oka

<p>Evropska unija pruža značajnu finansijsku podršku za prevenciju i liječenje raka. Na taj način EU nastoji da pomogne što većem broju ljudi da žive bez raka, kao i da se bolest dijagnostikuje ranije kod većeg broja pacijenata kako bi imali bolji kvalitet života nakon liječenja.</p>
<p>Ovaj projekat je usmjeren na podizanje svijesti i unapređenje metoda za prevenciju i liječenje melanoma kože, oka i sluznice razmjenom dobre prakse i iskustava u prekograničnom području Crna Gora-BiH-Hrvatska.</p>
<p>Tokom trajanja projekta, organizovane su radionice i predavanja o epidemiologiji melanoma, važnosti ranog otkrivanja melanoma, te novim trendovima u ranom otkrivanju i terapijskim mogućnostima za njegovo liječenje. Dermoskopija i oftalmoskopija su promovisani kao metode rane dijagnostike melanoma, a organizovani su i edukativni info dani za široku javnost.</p>
<p>Takođe, sprovedena je nabavka nove savremene opreme za dermatološku i oftalmološku ambulantu u bolnici u Baru. Sada je građanima na raspolaganju savremeni dermoskop, koji melanom otkriva u ranoj fazi, što je od velikog značaja za početak liječenja.</p>
<p>Ukratko, ovaj projekat je pomogao da se ranom dijagnostikom djeluje preventivno i spriječi razvoj ove opake bolesti kod velikog broja građana.</p>

<!-- This site is optimized with the Yoast SEO plugin v27.3 - https://yoast.com/product/yoast-seo-wordpress/ -->
<title>MELAdetect – Rano otkrivanje melanoma kože, sluznica i oka - Europe House</title>
<meta name="robots" content="index, follow, max-snippet:-1, max-image-preview:large, max-video-preview:-1" />
<link rel="canonical" href="https://www.evropskakuca.me/me/project/meladetect-rano-otkrivanje-melanoma-koze-sluznica-i-oka/" />
<meta property="og:locale" content="en_US" />
<meta property="og:type" content="article" />
<meta property="og:title" content="MELAdetect – Rano otkrivanje melanoma kože, sluznica i oka - Europe House" />
<meta property="og:description" content="Evropska unija pruža značajnu finansijsku podršku za prevenciju i liječenje raka. Na taj način EU nastoji da pomogne što većem broju ljudi da žive bez raka, kao i da se bolest dijagnostikuje ranije kod većeg broja pacijenata kako bi imali bolji kvalitet života nakon liječenja. Ovaj projekat je usmjeren na podizanje svijesti i unapređenje metoda [&hellip;]" />
<meta property="og:url" content="https://www.evropskakuca.me/me/project/meladetect-rano-otkrivanje-melanoma-koze-sluznica-i-oka/" />
<meta property="og:site_name" content="Europe House" />
<meta property="article:publisher" content="https://www.facebook.com/evropska.kuca" />
<meta property="og:image" content="https://www.evropskakuca.me/wp-content/uploads/2021/09/BR-30-scaled.jpg" />
	<meta property="og:image:width" content="2560" />
	<meta property="og:image:height" content="1706" />
	<meta property="og:image:type" content="image/jpeg" />
<meta name="twitter:card" content="summary_large_image" />
<meta name="twitter:site" content="@evropska_kuca" />
<meta name="twitter:label1" content="Est. reading time" />
	<meta name="twitter:data1" content="1 minute" />
<script type="application/ld+json" class="yoast-schema-graph">{"@context":"https:\/\/schema.org","@graph":[{"@type":"WebPage","@id":"https:\/\/www.evropskakuca.me\/me\/project\/meladetect-rano-otkrivanje-melanoma-koze-sluznica-i-oka\/","url":"https:\/\/www.evropskakuca.me\/me\/project\/meladetect-rano-otkrivanje-melanoma-koze-sluznica-i-oka\/","name":"MELAdetect – Rano otkrivanje melanoma kože, sluznica i oka - Europe House","isPartOf":{"@id":"https:\/\/www.evropskakuca.me\/me\/#website"},"primaryImageOfPage":{"@id":"https:\/\/www.evropskakuca.me\/me\/project\/meladetect-rano-otkrivanje-melanoma-koze-sluznica-i-oka\/#primaryimage"},"image":{"@id":"https:\/\/www.evropskakuca.me\/me\/project\/meladetect-rano-otkrivanje-melanoma-koze-sluznica-i-oka\/#primaryimage"},"thumbnailUrl":"https:\/\/www.evropskakuca.me\/wp-content\/uploads\/2021\/09\/BR-30-scaled.jpg","datePublished":"2021-09-10T15:06:11+00:00","breadcrumb":{"@id":"https:\/\/www.evropskakuca.me\/me\/project\/meladetect-rano-otkrivanje-melanoma-koze-sluznica-i-oka\/#breadcrumb"},"inLanguage":"me-ME","potentialAction":[{"@type":"ReadAction","target":["https:\/\/www.evropskakuca.me\/me\/project\/meladetect-rano-otkrivanje-melanoma-koze-sluznica-i-oka\/"]}]},{"@type":"ImageObject","inLanguage":"me-ME","@id":"https:\/\/www.evropskakuca.me\/me\/project\/meladetect-rano-otkrivanje-melanoma-koze-sluznica-i-oka\/#primaryimage","url":"https:\/\/www.evropskakuca.me\/wp-content\/uploads\/2021\/09\/BR-30-scaled.jpg","contentUrl":"https:\/\/www.evropskakuca.me\/wp-content\/uploads\/2021\/09\/BR-30-scaled.jpg","width":2560,"height":1706},{"@type":"BreadcrumbList","@id":"https:\/\/www.evropskakuca.me\/me\/project\/meladetect-rano-otkrivanje-melanoma-koze-sluznica-i-oka\/#breadcrumb","itemListElement":[{"@type":"ListItem","position":1,"name":"Home","item":"https:\/\/www.evropskakuca.me\/me\/"},{"@type":"ListItem","position":2,"name":"Projects","item":"https:\/\/www.evropskakuca.me\/me\/project\/"},{"@type":"ListItem","position":3,"name":"MELAdetect – Rano otkrivanje melanoma kože, sluznica i oka"}]},{"@type":"WebSite","@id":"https:\/\/www.evropskakuca.me\/me\/#website","url":"https:\/\/www.evropskakuca.me\/me\/","name":"Evropean house","description":"","publisher":{"@id":"https:\/\/www.evropskakuca.me\/me\/#organization"},"potentialAction":[{"@type":"SearchAction","target":{"@type":"EntryPoint","urlTemplate":"https:\/\/www.evropskakuca.me\/me\/?s={search_term_string}"},"query-input":{"@type":"PropertyValueSpecification","valueRequired":true,"valueName":"search_term_string"}}],"inLanguage":"me-ME"},{"@type":"Organization","@id":"https:\/\/www.evropskakuca.me\/me\/#organization","name":"Evropean house","url":"https:\/\/www.evropskakuca.me\/me\/","logo":{"@type":"ImageObject","inLanguage":"me-ME","@id":"https:\/\/www.evropskakuca.me\/me\/#\/schema\/logo\/image\/","url":"https:\/\/www.evropskakuca.me\/wp-content\/uploads\/2025\/01\/evropska-kuca-logo-1.png","contentUrl":"https:\/\/www.evropskakuca.me\/wp-content\/uploads\/2025\/01\/evropska-kuca-logo-1.png","width":425,"height":312,"caption":"Evropean house"},"image":{"@id":"https:\/\/www.evropskakuca.me\/me\/#\/schema\/logo\/image\/"},"sameAs":["https:\/\/www.facebook.com\/evropska.kuca","https:\/\/x.com\/evropska_kuca","https:\/\/www.instagram.com\/evropska_kuca"]}]}</script>
<!-- / Yoast SEO plugin. -->

MELAdetect – Rano otkrivanje melanoma kože, sluznica i oka - Europe House

Evropska unija pruža značajnu finansijsku podršku za prevenciju i liječenje raka. Na taj način EU nastoji da pomogne što većem broju ljudi da žive bez raka, kao i da se bolest dijagnostikuje ranije kod većeg broja pacijenata kako bi imali bolji kvalitet života nakon liječenja. Ovaj projekat je usmjeren na podizanje svijesti i unapređenje metoda [&hellip;]
