{"id":14699,"date":"2021-09-10T14:00:36","date_gmt":"2021-09-10T14:00:36","guid":{"rendered":"http:\/\/www.evropskakuca.me\/?post_type=project&amp;p=14699"},"modified":"2021-09-10T14:00:36","modified_gmt":"2021-09-10T14:00:36","slug":"nadogradnja-it-kapaciteta-poreske-uprave-crne-gore","status":"publish","type":"project","link":"https:\/\/www.evropskakuca.me\/me\/project\/nadogradnja-it-kapaciteta-poreske-uprave-crne-gore\/","title":{"rendered":"Nadogradnja IT kapaciteta Poreske uprave Crne Gore"},"content":{"rendered":"<p>Stabilan tok prihoda klju\u010dan je za osiguranje makroekonomske stabilnosti i vec\u0301i udio direktnih stranih investicija. Stoga svaka dr\u017eava mora pobolj\u0161ati svoje ukupno poslovno okru\u017eenje i osigurati prikupljanje prihoda.<\/p>\n<p>Ovaj projekat je usmjeren na pru\u017eanje podr\u0161ke Poreskoj upravi u ostvarivanju najvec\u0301ih moguc\u0301ih bud\u017eetskih prihoda u trenutnoj (epidemijskoj) situaciji, posebno kroz razvoj elektronskih odnosno e-servisa. Tako\u0111e, poma\u017ee u uspostavljanju poreske discipline kroz tri strate\u0161ka pravca: edukaciju poreskih obveznika, inspekcijski nadzor i naplatu poreskih obaveza.<\/p>\n<p>Konkretno, projektom se podr\u017eava unapre\u0111enje IT kapaciteta Poreske uprave u Crnoj Gori. Na taj na\u010din c\u0301e se uspostaviti e-komunikacija sa poreskim obveznicima, kao i e-servisi, \u0161to c\u0301e pobolj\u0161ati efikasnost Poreske uprave. To zna\u010di da c\u0301e poreski obveznici imati moguc\u0301nost podno\u0161enja PDV-a i poreskih prijava putem portala. Tako\u0111e, to zna\u010di i da c\u0301e se smanjiti broj predatih papirnih\/od\u0161tampanih formulara, te povec\u0301ati naplata i kontrola odre\u0111enih prihodnih oblika. Drugim rije\u010dima, ovaj projekat c\u0301e doprinijeti pobolj\u0161anju administrativnih kapaciteta za ubiranje prihoda, \u010dime \u0107e se podr\u017eati cilj Crne Gore za pristupanje Evropskoj uniji i ekonomsku integraciju sa dr\u017eavama \u010dlanicama Unije.<\/p>\n","protected":false},"featured_media":0,"parent":0,"template":"","meta":{"_acf_changed":false},"project_tags":[406,410,408,409,392],"sector":[403],"class_list":["post-14699","project","type-project","status-publish","hentry","project_tags-akcize","project_tags-e-servisi","project_tags-poreska-uprava","project_tags-porezi","project_tags-reforma-javne-uprave","sector-carina"],"acf":[],"yoast_head":"<!-- This site is optimized with the Yoast SEO plugin v27.3 - https:\/\/yoast.com\/product\/yoast-seo-wordpress\/ -->\n<title>Nadogradnja IT kapaciteta Poreske uprave Crne Gore - Europe House<\/title>\n<meta name=\"robots\" content=\"index, follow, max-snippet:-1, max-image-preview:large, max-video-preview:-1\" \/>\n<link rel=\"canonical\" href=\"https:\/\/www.evropskakuca.me\/me\/project\/nadogradnja-it-kapaciteta-poreske-uprave-crne-gore\/\" \/>\n<meta property=\"og:locale\" content=\"en_US\" \/>\n<meta property=\"og:type\" content=\"article\" \/>\n<meta property=\"og:title\" content=\"Nadogradnja IT kapaciteta Poreske uprave Crne Gore - Europe House\" \/>\n<meta property=\"og:description\" content=\"Stabilan tok prihoda klju\u010dan je za osiguranje makroekonomske stabilnosti i vec\u0301i udio direktnih stranih investicija. Stoga svaka dr\u017eava mora pobolj\u0161ati svoje ukupno poslovno okru\u017eenje i osigurati prikupljanje prihoda. Ovaj projekat je usmjeren na pru\u017eanje podr\u0161ke Poreskoj upravi u ostvarivanju najvec\u0301ih moguc\u0301ih bud\u017eetskih prihoda u trenutnoj (epidemijskoj) situaciji, posebno kroz razvoj elektronskih odnosno e-servisa. Tako\u0111e, poma\u017ee [&hellip;]\" \/>\n<meta property=\"og:url\" content=\"https:\/\/www.evropskakuca.me\/me\/project\/nadogradnja-it-kapaciteta-poreske-uprave-crne-gore\/\" \/>\n<meta property=\"og:site_name\" content=\"Europe House\" \/>\n<meta property=\"article:publisher\" content=\"https:\/\/www.facebook.com\/evropska.kuca\" \/>\n<meta name=\"twitter:card\" content=\"summary_large_image\" \/>\n<meta name=\"twitter:site\" content=\"@evropska_kuca\" \/>\n<meta name=\"twitter:label1\" content=\"Est. reading time\" \/>\n\t<meta name=\"twitter:data1\" content=\"1 minute\" \/>\n<script type=\"application\/ld+json\" class=\"yoast-schema-graph\">{\"@context\":\"https:\\\/\\\/schema.org\",\"@graph\":[{\"@type\":\"WebPage\",\"@id\":\"https:\\\/\\\/www.evropskakuca.me\\\/me\\\/project\\\/nadogradnja-it-kapaciteta-poreske-uprave-crne-gore\\\/\",\"url\":\"https:\\\/\\\/www.evropskakuca.me\\\/me\\\/project\\\/nadogradnja-it-kapaciteta-poreske-uprave-crne-gore\\\/\",\"name\":\"Nadogradnja IT kapaciteta Poreske uprave Crne Gore - Europe House\",\"isPartOf\":{\"@id\":\"https:\\\/\\\/www.evropskakuca.me\\\/me\\\/#website\"},\"datePublished\":\"2021-09-10T14:00:36+00:00\",\"breadcrumb\":{\"@id\":\"https:\\\/\\\/www.evropskakuca.me\\\/me\\\/project\\\/nadogradnja-it-kapaciteta-poreske-uprave-crne-gore\\\/#breadcrumb\"},\"inLanguage\":\"me-ME\",\"potentialAction\":[{\"@type\":\"ReadAction\",\"target\":[\"https:\\\/\\\/www.evropskakuca.me\\\/me\\\/project\\\/nadogradnja-it-kapaciteta-poreske-uprave-crne-gore\\\/\"]}]},{\"@type\":\"BreadcrumbList\",\"@id\":\"https:\\\/\\\/www.evropskakuca.me\\\/me\\\/project\\\/nadogradnja-it-kapaciteta-poreske-uprave-crne-gore\\\/#breadcrumb\",\"itemListElement\":[{\"@type\":\"ListItem\",\"position\":1,\"name\":\"Home\",\"item\":\"https:\\\/\\\/www.evropskakuca.me\\\/me\\\/\"},{\"@type\":\"ListItem\",\"position\":2,\"name\":\"Projects\",\"item\":\"https:\\\/\\\/www.evropskakuca.me\\\/me\\\/project\\\/\"},{\"@type\":\"ListItem\",\"position\":3,\"name\":\"Nadogradnja IT kapaciteta Poreske uprave Crne Gore\"}]},{\"@type\":\"WebSite\",\"@id\":\"https:\\\/\\\/www.evropskakuca.me\\\/me\\\/#website\",\"url\":\"https:\\\/\\\/www.evropskakuca.me\\\/me\\\/\",\"name\":\"Evropean house\",\"description\":\"\",\"publisher\":{\"@id\":\"https:\\\/\\\/www.evropskakuca.me\\\/me\\\/#organization\"},\"potentialAction\":[{\"@type\":\"SearchAction\",\"target\":{\"@type\":\"EntryPoint\",\"urlTemplate\":\"https:\\\/\\\/www.evropskakuca.me\\\/me\\\/?s={search_term_string}\"},\"query-input\":{\"@type\":\"PropertyValueSpecification\",\"valueRequired\":true,\"valueName\":\"search_term_string\"}}],\"inLanguage\":\"me-ME\"},{\"@type\":\"Organization\",\"@id\":\"https:\\\/\\\/www.evropskakuca.me\\\/me\\\/#organization\",\"name\":\"Evropean house\",\"url\":\"https:\\\/\\\/www.evropskakuca.me\\\/me\\\/\",\"logo\":{\"@type\":\"ImageObject\",\"inLanguage\":\"me-ME\",\"@id\":\"https:\\\/\\\/www.evropskakuca.me\\\/me\\\/#\\\/schema\\\/logo\\\/image\\\/\",\"url\":\"https:\\\/\\\/www.evropskakuca.me\\\/wp-content\\\/uploads\\\/2025\\\/01\\\/evropska-kuca-logo-1.png\",\"contentUrl\":\"https:\\\/\\\/www.evropskakuca.me\\\/wp-content\\\/uploads\\\/2025\\\/01\\\/evropska-kuca-logo-1.png\",\"width\":425,\"height\":312,\"caption\":\"Evropean house\"},\"image\":{\"@id\":\"https:\\\/\\\/www.evropskakuca.me\\\/me\\\/#\\\/schema\\\/logo\\\/image\\\/\"},\"sameAs\":[\"https:\\\/\\\/www.facebook.com\\\/evropska.kuca\",\"https:\\\/\\\/x.com\\\/evropska_kuca\",\"https:\\\/\\\/www.instagram.com\\\/evropska_kuca\"]}]}<\/script>\n<!-- \/ Yoast SEO plugin. -->","yoast_head_json":{"title":"Nadogradnja IT kapaciteta Poreske uprave Crne Gore - Europe House","robots":{"index":"index","follow":"follow","max-snippet":"max-snippet:-1","max-image-preview":"max-image-preview:large","max-video-preview":"max-video-preview:-1"},"canonical":"https:\/\/www.evropskakuca.me\/me\/project\/nadogradnja-it-kapaciteta-poreske-uprave-crne-gore\/","og_locale":"en_US","og_type":"article","og_title":"Nadogradnja IT kapaciteta Poreske uprave Crne Gore - Europe House","og_description":"Stabilan tok prihoda klju\u010dan je za osiguranje makroekonomske stabilnosti i vec\u0301i udio direktnih stranih investicija. Stoga svaka dr\u017eava mora pobolj\u0161ati svoje ukupno poslovno okru\u017eenje i osigurati prikupljanje prihoda. Ovaj projekat je usmjeren na pru\u017eanje podr\u0161ke Poreskoj upravi u ostvarivanju najvec\u0301ih moguc\u0301ih bud\u017eetskih prihoda u trenutnoj (epidemijskoj) situaciji, posebno kroz razvoj elektronskih odnosno e-servisa. Tako\u0111e, poma\u017ee [&hellip;]","og_url":"https:\/\/www.evropskakuca.me\/me\/project\/nadogradnja-it-kapaciteta-poreske-uprave-crne-gore\/","og_site_name":"Europe House","article_publisher":"https:\/\/www.facebook.com\/evropska.kuca","twitter_card":"summary_large_image","twitter_site":"@evropska_kuca","twitter_misc":{"Est. reading time":"1 minute"},"schema":{"@context":"https:\/\/schema.org","@graph":[{"@type":"WebPage","@id":"https:\/\/www.evropskakuca.me\/me\/project\/nadogradnja-it-kapaciteta-poreske-uprave-crne-gore\/","url":"https:\/\/www.evropskakuca.me\/me\/project\/nadogradnja-it-kapaciteta-poreske-uprave-crne-gore\/","name":"Nadogradnja IT kapaciteta Poreske uprave Crne Gore - Europe House","isPartOf":{"@id":"https:\/\/www.evropskakuca.me\/me\/#website"},"datePublished":"2021-09-10T14:00:36+00:00","breadcrumb":{"@id":"https:\/\/www.evropskakuca.me\/me\/project\/nadogradnja-it-kapaciteta-poreske-uprave-crne-gore\/#breadcrumb"},"inLanguage":"me-ME","potentialAction":[{"@type":"ReadAction","target":["https:\/\/www.evropskakuca.me\/me\/project\/nadogradnja-it-kapaciteta-poreske-uprave-crne-gore\/"]}]},{"@type":"BreadcrumbList","@id":"https:\/\/www.evropskakuca.me\/me\/project\/nadogradnja-it-kapaciteta-poreske-uprave-crne-gore\/#breadcrumb","itemListElement":[{"@type":"ListItem","position":1,"name":"Home","item":"https:\/\/www.evropskakuca.me\/me\/"},{"@type":"ListItem","position":2,"name":"Projects","item":"https:\/\/www.evropskakuca.me\/me\/project\/"},{"@type":"ListItem","position":3,"name":"Nadogradnja IT kapaciteta Poreske uprave Crne Gore"}]},{"@type":"WebSite","@id":"https:\/\/www.evropskakuca.me\/me\/#website","url":"https:\/\/www.evropskakuca.me\/me\/","name":"Evropean house","description":"","publisher":{"@id":"https:\/\/www.evropskakuca.me\/me\/#organization"},"potentialAction":[{"@type":"SearchAction","target":{"@type":"EntryPoint","urlTemplate":"https:\/\/www.evropskakuca.me\/me\/?s={search_term_string}"},"query-input":{"@type":"PropertyValueSpecification","valueRequired":true,"valueName":"search_term_string"}}],"inLanguage":"me-ME"},{"@type":"Organization","@id":"https:\/\/www.evropskakuca.me\/me\/#organization","name":"Evropean house","url":"https:\/\/www.evropskakuca.me\/me\/","logo":{"@type":"ImageObject","inLanguage":"me-ME","@id":"https:\/\/www.evropskakuca.me\/me\/#\/schema\/logo\/image\/","url":"https:\/\/www.evropskakuca.me\/wp-content\/uploads\/2025\/01\/evropska-kuca-logo-1.png","contentUrl":"https:\/\/www.evropskakuca.me\/wp-content\/uploads\/2025\/01\/evropska-kuca-logo-1.png","width":425,"height":312,"caption":"Evropean house"},"image":{"@id":"https:\/\/www.evropskakuca.me\/me\/#\/schema\/logo\/image\/"},"sameAs":["https:\/\/www.facebook.com\/evropska.kuca","https:\/\/x.com\/evropska_kuca","https:\/\/www.instagram.com\/evropska_kuca"]}]}},"_links":{"self":[{"href":"https:\/\/www.evropskakuca.me\/me\/wp-json\/wp\/v2\/project\/14699","targetHints":{"allow":["GET"]}}],"collection":[{"href":"https:\/\/www.evropskakuca.me\/me\/wp-json\/wp\/v2\/project"}],"about":[{"href":"https:\/\/www.evropskakuca.me\/me\/wp-json\/wp\/v2\/types\/project"}],"wp:attachment":[{"href":"https:\/\/www.evropskakuca.me\/me\/wp-json\/wp\/v2\/media?parent=14699"}],"wp:term":[{"taxonomy":"project_tags","embeddable":true,"href":"https:\/\/www.evropskakuca.me\/me\/wp-json\/wp\/v2\/project_tags?post=14699"},{"taxonomy":"sector","embeddable":true,"href":"https:\/\/www.evropskakuca.me\/me\/wp-json\/wp\/v2\/sector?post=14699"}],"curies":[{"name":"wp","href":"https:\/\/api.w.org\/{rel}","templated":true}]}}

<p>Stabilan tok prihoda ključan je za osiguranje makroekonomske stabilnosti i veći udio direktnih stranih investicija. Stoga svaka država mora poboljšati svoje ukupno poslovno okruženje i osigurati prikupljanje prihoda.</p>
<p>Ovaj projekat je usmjeren na pružanje podrške Poreskoj upravi u ostvarivanju najvećih mogućih budžetskih prihoda u trenutnoj (epidemijskoj) situaciji, posebno kroz razvoj elektronskih odnosno e-servisa. Takođe, pomaže u uspostavljanju poreske discipline kroz tri strateška pravca: edukaciju poreskih obveznika, inspekcijski nadzor i naplatu poreskih obaveza.</p>
<p>Konkretno, projektom se podržava unapređenje IT kapaciteta Poreske uprave u Crnoj Gori. Na taj način će se uspostaviti e-komunikacija sa poreskim obveznicima, kao i e-servisi, što će poboljšati efikasnost Poreske uprave. To znači da će poreski obveznici imati mogućnost podnošenja PDV-a i poreskih prijava putem portala. Takođe, to znači i da će se smanjiti broj predatih papirnih/odštampanih formulara, te povećati naplata i kontrola određenih prihodnih oblika. Drugim riječima, ovaj projekat će doprinijeti poboljšanju administrativnih kapaciteta za ubiranje prihoda, čime će se podržati cilj Crne Gore za pristupanje Evropskoj uniji i ekonomsku integraciju sa državama članicama Unije.</p>

<!-- This site is optimized with the Yoast SEO plugin v27.3 - https://yoast.com/product/yoast-seo-wordpress/ -->
<title>Nadogradnja IT kapaciteta Poreske uprave Crne Gore - Europe House</title>
<meta name="robots" content="index, follow, max-snippet:-1, max-image-preview:large, max-video-preview:-1" />
<link rel="canonical" href="https://www.evropskakuca.me/me/project/nadogradnja-it-kapaciteta-poreske-uprave-crne-gore/" />
<meta property="og:locale" content="en_US" />
<meta property="og:type" content="article" />
<meta property="og:title" content="Nadogradnja IT kapaciteta Poreske uprave Crne Gore - Europe House" />
<meta property="og:description" content="Stabilan tok prihoda ključan je za osiguranje makroekonomske stabilnosti i veći udio direktnih stranih investicija. Stoga svaka država mora poboljšati svoje ukupno poslovno okruženje i osigurati prikupljanje prihoda. Ovaj projekat je usmjeren na pružanje podrške Poreskoj upravi u ostvarivanju najvećih mogućih budžetskih prihoda u trenutnoj (epidemijskoj) situaciji, posebno kroz razvoj elektronskih odnosno e-servisa. Takođe, pomaže [&hellip;]" />
<meta property="og:url" content="https://www.evropskakuca.me/me/project/nadogradnja-it-kapaciteta-poreske-uprave-crne-gore/" />
<meta property="og:site_name" content="Europe House" />
<meta property="article:publisher" content="https://www.facebook.com/evropska.kuca" />
<meta name="twitter:card" content="summary_large_image" />
<meta name="twitter:site" content="@evropska_kuca" />
<meta name="twitter:label1" content="Est. reading time" />
	<meta name="twitter:data1" content="1 minute" />
<script type="application/ld+json" class="yoast-schema-graph">{"@context":"https:\/\/schema.org","@graph":[{"@type":"WebPage","@id":"https:\/\/www.evropskakuca.me\/me\/project\/nadogradnja-it-kapaciteta-poreske-uprave-crne-gore\/","url":"https:\/\/www.evropskakuca.me\/me\/project\/nadogradnja-it-kapaciteta-poreske-uprave-crne-gore\/","name":"Nadogradnja IT kapaciteta Poreske uprave Crne Gore - Europe House","isPartOf":{"@id":"https:\/\/www.evropskakuca.me\/me\/#website"},"datePublished":"2021-09-10T14:00:36+00:00","breadcrumb":{"@id":"https:\/\/www.evropskakuca.me\/me\/project\/nadogradnja-it-kapaciteta-poreske-uprave-crne-gore\/#breadcrumb"},"inLanguage":"me-ME","potentialAction":[{"@type":"ReadAction","target":["https:\/\/www.evropskakuca.me\/me\/project\/nadogradnja-it-kapaciteta-poreske-uprave-crne-gore\/"]}]},{"@type":"BreadcrumbList","@id":"https:\/\/www.evropskakuca.me\/me\/project\/nadogradnja-it-kapaciteta-poreske-uprave-crne-gore\/#breadcrumb","itemListElement":[{"@type":"ListItem","position":1,"name":"Home","item":"https:\/\/www.evropskakuca.me\/me\/"},{"@type":"ListItem","position":2,"name":"Projects","item":"https:\/\/www.evropskakuca.me\/me\/project\/"},{"@type":"ListItem","position":3,"name":"Nadogradnja IT kapaciteta Poreske uprave Crne Gore"}]},{"@type":"WebSite","@id":"https:\/\/www.evropskakuca.me\/me\/#website","url":"https:\/\/www.evropskakuca.me\/me\/","name":"Evropean house","description":"","publisher":{"@id":"https:\/\/www.evropskakuca.me\/me\/#organization"},"potentialAction":[{"@type":"SearchAction","target":{"@type":"EntryPoint","urlTemplate":"https:\/\/www.evropskakuca.me\/me\/?s={search_term_string}"},"query-input":{"@type":"PropertyValueSpecification","valueRequired":true,"valueName":"search_term_string"}}],"inLanguage":"me-ME"},{"@type":"Organization","@id":"https:\/\/www.evropskakuca.me\/me\/#organization","name":"Evropean house","url":"https:\/\/www.evropskakuca.me\/me\/","logo":{"@type":"ImageObject","inLanguage":"me-ME","@id":"https:\/\/www.evropskakuca.me\/me\/#\/schema\/logo\/image\/","url":"https:\/\/www.evropskakuca.me\/wp-content\/uploads\/2025\/01\/evropska-kuca-logo-1.png","contentUrl":"https:\/\/www.evropskakuca.me\/wp-content\/uploads\/2025\/01\/evropska-kuca-logo-1.png","width":425,"height":312,"caption":"Evropean house"},"image":{"@id":"https:\/\/www.evropskakuca.me\/me\/#\/schema\/logo\/image\/"},"sameAs":["https:\/\/www.facebook.com\/evropska.kuca","https:\/\/x.com\/evropska_kuca","https:\/\/www.instagram.com\/evropska_kuca"]}]}</script>
<!-- / Yoast SEO plugin. -->

Stabilan tok prihoda ključan je za osiguranje makroekonomske stabilnosti i veći udio direktnih stranih investicija. Stoga svaka država mora poboljšati svoje ukupno poslovno okruženje i osigurati prikupljanje prihoda. Ovaj projekat je usmjeren na pružanje podrške Poreskoj upravi u ostvarivanju najvećih mogućih budžetskih prihoda u trenutnoj (epidemijskoj) situaciji, posebno kroz razvoj elektronskih odnosno e-servisa. Takođe, pomaže [&hellip;]
