{"id":14679,"date":"2021-09-10T13:01:19","date_gmt":"2021-09-10T13:01:19","guid":{"rendered":"http:\/\/www.evropskakuca.me\/?post_type=project&amp;p=14679"},"modified":"2021-09-10T13:01:19","modified_gmt":"2021-09-10T13:01:19","slug":"podrska-upravi-carina-u-oblasti-akciza","status":"publish","type":"project","link":"https:\/\/www.evropskakuca.me\/me\/project\/podrska-upravi-carina-u-oblasti-akciza\/","title":{"rendered":"Podr\u0161ka Upravi carina u oblasti akciza"},"content":{"rendered":"<p>Uvo\u0111enjem jedinstvenog tr\u017ei\u0161ta 1993. godine do\u0161lo je do ukidanja poreskih kontrola na granicama izme\u0111u dr\u017eava \u010dlanica Evropske unije. Time su uvedena zajedni\u010dka evropska pravila i evropsko zakonodavstvo, kako bi se osiguralo da se akcize za odre\u0111ene proizvode primjenjuju na isti na\u010din i na iste proizvode na jedinstvenom tr\u017ei\u0161tu, te da dr\u017eave \u010dlanice EU primjenjuju barem minimalnu stopu akcize. Drugim rije\u010dima, pravila EU o oporezivanju obuhvataju i akcize.<\/p>\n<p>U Crnoj Gori, prihodi od akciza predstavljaju zna\u010dajan dio ukupne naplate poreza.<\/p>\n<p><iframe title=\"Uprava carina kreirala aplikaciju za akcize u okviru EU projekta\" width=\"800\" height=\"450\" src=\"https:\/\/www.youtube.com\/embed\/pNWpMbplxy8?feature=oembed\" frameborder=\"0\" allow=\"accelerometer; autoplay; clipboard-write; encrypted-media; gyroscope; picture-in-picture; web-share\" referrerpolicy=\"strict-origin-when-cross-origin\" allowfullscreen><\/iframe><\/p>\n<p>Ovaj projekat je podr\u017eao razvoj, ugradnju i integraciju nove nacionalne aplikacije za akcize u IT sistem Uprave carina, kao i njenu me\u0111usobnu povezanost i interoperabilnost sa ostalim carinskim aplikacijama u IT sistemu i buduc\u0301im aplikacijama za evropski sistem kontrole akciznih proizvoda (EMCS).<\/p>\n<p>Osim toga, projekat je rezultirao revizijom akciznog zakonodavstva i ja\u010danjem administrativnih kapaciteta Uprave carina. \u0160tavi\u0161e, pomogao je da se obezbijedi odgovarajuc\u0301i broj osoblja za IT odjeljenje, kao i obuke i materijal za obuke slu\u017ebenika i poslovne zajednice.<\/p>\n","protected":false},"featured_media":37370,"parent":0,"template":"","meta":{"_acf_changed":false},"project_tags":[406,407,392,400,396,405],"sector":[403],"class_list":["post-14679","project","type-project","status-publish","has-post-thumbnail","hentry","project_tags-akcize","project_tags-jedinstveno-trziste-eu","project_tags-reforma-javne-uprave","project_tags-reforma-javne-uprave-me","project_tags-slobodno-kretanje-robe","project_tags-uprava-carina","sector-carina"],"acf":[],"yoast_head":"<!-- This site is optimized with the Yoast SEO plugin v27.3 - https:\/\/yoast.com\/product\/yoast-seo-wordpress\/ -->\n<title>Podr\u0161ka Upravi carina u oblasti akciza - Europe House<\/title>\n<meta name=\"robots\" content=\"index, follow, max-snippet:-1, max-image-preview:large, max-video-preview:-1\" \/>\n<link rel=\"canonical\" href=\"https:\/\/www.evropskakuca.me\/me\/project\/podrska-upravi-carina-u-oblasti-akciza\/\" \/>\n<meta property=\"og:locale\" content=\"en_US\" \/>\n<meta property=\"og:type\" content=\"article\" \/>\n<meta property=\"og:title\" content=\"Podr\u0161ka Upravi carina u oblasti akciza - Europe House\" \/>\n<meta property=\"og:description\" content=\"Uvo\u0111enjem jedinstvenog tr\u017ei\u0161ta 1993. godine do\u0161lo je do ukidanja poreskih kontrola na granicama izme\u0111u dr\u017eava \u010dlanica Evropske unije. Time su uvedena zajedni\u010dka evropska pravila i evropsko zakonodavstvo, kako bi se osiguralo da se akcize za odre\u0111ene proizvode primjenjuju na isti na\u010din i na iste proizvode na jedinstvenom tr\u017ei\u0161tu, te da dr\u017eave \u010dlanice EU primjenjuju barem [&hellip;]\" \/>\n<meta property=\"og:url\" content=\"https:\/\/www.evropskakuca.me\/me\/project\/podrska-upravi-carina-u-oblasti-akciza\/\" \/>\n<meta property=\"og:site_name\" content=\"Europe House\" \/>\n<meta property=\"article:publisher\" content=\"https:\/\/www.facebook.com\/evropska.kuca\" \/>\n<meta property=\"og:image\" content=\"https:\/\/www.evropskakuca.me\/wp-content\/uploads\/2021\/09\/POdrska-upravi-carina-2-projekat.jpg\" \/>\n\t<meta property=\"og:image:width\" content=\"1200\" \/>\n\t<meta property=\"og:image:height\" content=\"773\" \/>\n\t<meta property=\"og:image:type\" content=\"image\/jpeg\" \/>\n<meta name=\"twitter:card\" content=\"summary_large_image\" \/>\n<meta name=\"twitter:site\" content=\"@evropska_kuca\" \/>\n<meta name=\"twitter:label1\" content=\"Est. reading time\" \/>\n\t<meta name=\"twitter:data1\" content=\"1 minute\" \/>\n<script type=\"application\/ld+json\" class=\"yoast-schema-graph\">{\"@context\":\"https:\\\/\\\/schema.org\",\"@graph\":[{\"@type\":\"WebPage\",\"@id\":\"https:\\\/\\\/www.evropskakuca.me\\\/me\\\/project\\\/podrska-upravi-carina-u-oblasti-akciza\\\/\",\"url\":\"https:\\\/\\\/www.evropskakuca.me\\\/me\\\/project\\\/podrska-upravi-carina-u-oblasti-akciza\\\/\",\"name\":\"Podr\u0161ka Upravi carina u oblasti akciza - Europe House\",\"isPartOf\":{\"@id\":\"https:\\\/\\\/www.evropskakuca.me\\\/me\\\/#website\"},\"primaryImageOfPage\":{\"@id\":\"https:\\\/\\\/www.evropskakuca.me\\\/me\\\/project\\\/podrska-upravi-carina-u-oblasti-akciza\\\/#primaryimage\"},\"image\":{\"@id\":\"https:\\\/\\\/www.evropskakuca.me\\\/me\\\/project\\\/podrska-upravi-carina-u-oblasti-akciza\\\/#primaryimage\"},\"thumbnailUrl\":\"https:\\\/\\\/www.evropskakuca.me\\\/wp-content\\\/uploads\\\/2021\\\/09\\\/POdrska-upravi-carina-2-projekat.jpg\",\"datePublished\":\"2021-09-10T13:01:19+00:00\",\"breadcrumb\":{\"@id\":\"https:\\\/\\\/www.evropskakuca.me\\\/me\\\/project\\\/podrska-upravi-carina-u-oblasti-akciza\\\/#breadcrumb\"},\"inLanguage\":\"me-ME\",\"potentialAction\":[{\"@type\":\"ReadAction\",\"target\":[\"https:\\\/\\\/www.evropskakuca.me\\\/me\\\/project\\\/podrska-upravi-carina-u-oblasti-akciza\\\/\"]}]},{\"@type\":\"ImageObject\",\"inLanguage\":\"me-ME\",\"@id\":\"https:\\\/\\\/www.evropskakuca.me\\\/me\\\/project\\\/podrska-upravi-carina-u-oblasti-akciza\\\/#primaryimage\",\"url\":\"https:\\\/\\\/www.evropskakuca.me\\\/wp-content\\\/uploads\\\/2021\\\/09\\\/POdrska-upravi-carina-2-projekat.jpg\",\"contentUrl\":\"https:\\\/\\\/www.evropskakuca.me\\\/wp-content\\\/uploads\\\/2021\\\/09\\\/POdrska-upravi-carina-2-projekat.jpg\",\"width\":1200,\"height\":773},{\"@type\":\"BreadcrumbList\",\"@id\":\"https:\\\/\\\/www.evropskakuca.me\\\/me\\\/project\\\/podrska-upravi-carina-u-oblasti-akciza\\\/#breadcrumb\",\"itemListElement\":[{\"@type\":\"ListItem\",\"position\":1,\"name\":\"Home\",\"item\":\"https:\\\/\\\/www.evropskakuca.me\\\/me\\\/\"},{\"@type\":\"ListItem\",\"position\":2,\"name\":\"Projects\",\"item\":\"https:\\\/\\\/www.evropskakuca.me\\\/me\\\/project\\\/\"},{\"@type\":\"ListItem\",\"position\":3,\"name\":\"Podr\u0161ka Upravi carina u oblasti akciza\"}]},{\"@type\":\"WebSite\",\"@id\":\"https:\\\/\\\/www.evropskakuca.me\\\/me\\\/#website\",\"url\":\"https:\\\/\\\/www.evropskakuca.me\\\/me\\\/\",\"name\":\"Evropean house\",\"description\":\"\",\"publisher\":{\"@id\":\"https:\\\/\\\/www.evropskakuca.me\\\/me\\\/#organization\"},\"potentialAction\":[{\"@type\":\"SearchAction\",\"target\":{\"@type\":\"EntryPoint\",\"urlTemplate\":\"https:\\\/\\\/www.evropskakuca.me\\\/me\\\/?s={search_term_string}\"},\"query-input\":{\"@type\":\"PropertyValueSpecification\",\"valueRequired\":true,\"valueName\":\"search_term_string\"}}],\"inLanguage\":\"me-ME\"},{\"@type\":\"Organization\",\"@id\":\"https:\\\/\\\/www.evropskakuca.me\\\/me\\\/#organization\",\"name\":\"Evropean house\",\"url\":\"https:\\\/\\\/www.evropskakuca.me\\\/me\\\/\",\"logo\":{\"@type\":\"ImageObject\",\"inLanguage\":\"me-ME\",\"@id\":\"https:\\\/\\\/www.evropskakuca.me\\\/me\\\/#\\\/schema\\\/logo\\\/image\\\/\",\"url\":\"https:\\\/\\\/www.evropskakuca.me\\\/wp-content\\\/uploads\\\/2025\\\/01\\\/evropska-kuca-logo-1.png\",\"contentUrl\":\"https:\\\/\\\/www.evropskakuca.me\\\/wp-content\\\/uploads\\\/2025\\\/01\\\/evropska-kuca-logo-1.png\",\"width\":425,\"height\":312,\"caption\":\"Evropean house\"},\"image\":{\"@id\":\"https:\\\/\\\/www.evropskakuca.me\\\/me\\\/#\\\/schema\\\/logo\\\/image\\\/\"},\"sameAs\":[\"https:\\\/\\\/www.facebook.com\\\/evropska.kuca\",\"https:\\\/\\\/x.com\\\/evropska_kuca\",\"https:\\\/\\\/www.instagram.com\\\/evropska_kuca\"]}]}<\/script>\n<!-- \/ Yoast SEO plugin. -->","yoast_head_json":{"title":"Podr\u0161ka Upravi carina u oblasti akciza - Europe House","robots":{"index":"index","follow":"follow","max-snippet":"max-snippet:-1","max-image-preview":"max-image-preview:large","max-video-preview":"max-video-preview:-1"},"canonical":"https:\/\/www.evropskakuca.me\/me\/project\/podrska-upravi-carina-u-oblasti-akciza\/","og_locale":"en_US","og_type":"article","og_title":"Podr\u0161ka Upravi carina u oblasti akciza - Europe House","og_description":"Uvo\u0111enjem jedinstvenog tr\u017ei\u0161ta 1993. godine do\u0161lo je do ukidanja poreskih kontrola na granicama izme\u0111u dr\u017eava \u010dlanica Evropske unije. Time su uvedena zajedni\u010dka evropska pravila i evropsko zakonodavstvo, kako bi se osiguralo da se akcize za odre\u0111ene proizvode primjenjuju na isti na\u010din i na iste proizvode na jedinstvenom tr\u017ei\u0161tu, te da dr\u017eave \u010dlanice EU primjenjuju barem [&hellip;]","og_url":"https:\/\/www.evropskakuca.me\/me\/project\/podrska-upravi-carina-u-oblasti-akciza\/","og_site_name":"Europe House","article_publisher":"https:\/\/www.facebook.com\/evropska.kuca","og_image":[{"width":1200,"height":773,"url":"https:\/\/www.evropskakuca.me\/wp-content\/uploads\/2021\/09\/POdrska-upravi-carina-2-projekat.jpg","type":"image\/jpeg"}],"twitter_card":"summary_large_image","twitter_site":"@evropska_kuca","twitter_misc":{"Est. reading time":"1 minute"},"schema":{"@context":"https:\/\/schema.org","@graph":[{"@type":"WebPage","@id":"https:\/\/www.evropskakuca.me\/me\/project\/podrska-upravi-carina-u-oblasti-akciza\/","url":"https:\/\/www.evropskakuca.me\/me\/project\/podrska-upravi-carina-u-oblasti-akciza\/","name":"Podr\u0161ka Upravi carina u oblasti akciza - Europe House","isPartOf":{"@id":"https:\/\/www.evropskakuca.me\/me\/#website"},"primaryImageOfPage":{"@id":"https:\/\/www.evropskakuca.me\/me\/project\/podrska-upravi-carina-u-oblasti-akciza\/#primaryimage"},"image":{"@id":"https:\/\/www.evropskakuca.me\/me\/project\/podrska-upravi-carina-u-oblasti-akciza\/#primaryimage"},"thumbnailUrl":"https:\/\/www.evropskakuca.me\/wp-content\/uploads\/2021\/09\/POdrska-upravi-carina-2-projekat.jpg","datePublished":"2021-09-10T13:01:19+00:00","breadcrumb":{"@id":"https:\/\/www.evropskakuca.me\/me\/project\/podrska-upravi-carina-u-oblasti-akciza\/#breadcrumb"},"inLanguage":"me-ME","potentialAction":[{"@type":"ReadAction","target":["https:\/\/www.evropskakuca.me\/me\/project\/podrska-upravi-carina-u-oblasti-akciza\/"]}]},{"@type":"ImageObject","inLanguage":"me-ME","@id":"https:\/\/www.evropskakuca.me\/me\/project\/podrska-upravi-carina-u-oblasti-akciza\/#primaryimage","url":"https:\/\/www.evropskakuca.me\/wp-content\/uploads\/2021\/09\/POdrska-upravi-carina-2-projekat.jpg","contentUrl":"https:\/\/www.evropskakuca.me\/wp-content\/uploads\/2021\/09\/POdrska-upravi-carina-2-projekat.jpg","width":1200,"height":773},{"@type":"BreadcrumbList","@id":"https:\/\/www.evropskakuca.me\/me\/project\/podrska-upravi-carina-u-oblasti-akciza\/#breadcrumb","itemListElement":[{"@type":"ListItem","position":1,"name":"Home","item":"https:\/\/www.evropskakuca.me\/me\/"},{"@type":"ListItem","position":2,"name":"Projects","item":"https:\/\/www.evropskakuca.me\/me\/project\/"},{"@type":"ListItem","position":3,"name":"Podr\u0161ka Upravi carina u oblasti akciza"}]},{"@type":"WebSite","@id":"https:\/\/www.evropskakuca.me\/me\/#website","url":"https:\/\/www.evropskakuca.me\/me\/","name":"Evropean house","description":"","publisher":{"@id":"https:\/\/www.evropskakuca.me\/me\/#organization"},"potentialAction":[{"@type":"SearchAction","target":{"@type":"EntryPoint","urlTemplate":"https:\/\/www.evropskakuca.me\/me\/?s={search_term_string}"},"query-input":{"@type":"PropertyValueSpecification","valueRequired":true,"valueName":"search_term_string"}}],"inLanguage":"me-ME"},{"@type":"Organization","@id":"https:\/\/www.evropskakuca.me\/me\/#organization","name":"Evropean house","url":"https:\/\/www.evropskakuca.me\/me\/","logo":{"@type":"ImageObject","inLanguage":"me-ME","@id":"https:\/\/www.evropskakuca.me\/me\/#\/schema\/logo\/image\/","url":"https:\/\/www.evropskakuca.me\/wp-content\/uploads\/2025\/01\/evropska-kuca-logo-1.png","contentUrl":"https:\/\/www.evropskakuca.me\/wp-content\/uploads\/2025\/01\/evropska-kuca-logo-1.png","width":425,"height":312,"caption":"Evropean house"},"image":{"@id":"https:\/\/www.evropskakuca.me\/me\/#\/schema\/logo\/image\/"},"sameAs":["https:\/\/www.facebook.com\/evropska.kuca","https:\/\/x.com\/evropska_kuca","https:\/\/www.instagram.com\/evropska_kuca"]}]}},"_links":{"self":[{"href":"https:\/\/www.evropskakuca.me\/me\/wp-json\/wp\/v2\/project\/14679","targetHints":{"allow":["GET"]}}],"collection":[{"href":"https:\/\/www.evropskakuca.me\/me\/wp-json\/wp\/v2\/project"}],"about":[{"href":"https:\/\/www.evropskakuca.me\/me\/wp-json\/wp\/v2\/types\/project"}],"wp:featuredmedia":[{"embeddable":true,"href":"https:\/\/www.evropskakuca.me\/me\/wp-json\/wp\/v2\/media\/37370"}],"wp:attachment":[{"href":"https:\/\/www.evropskakuca.me\/me\/wp-json\/wp\/v2\/media?parent=14679"}],"wp:term":[{"taxonomy":"project_tags","embeddable":true,"href":"https:\/\/www.evropskakuca.me\/me\/wp-json\/wp\/v2\/project_tags?post=14679"},{"taxonomy":"sector","embeddable":true,"href":"https:\/\/www.evropskakuca.me\/me\/wp-json\/wp\/v2\/sector?post=14679"}],"curies":[{"name":"wp","href":"https:\/\/api.w.org\/{rel}","templated":true}]}}

Podrška Upravi carina u oblasti akciza

<p>Uvođenjem jedinstvenog tržišta 1993. godine došlo je do ukidanja poreskih kontrola na granicama između država članica Evropske unije. Time su uvedena zajednička evropska pravila i evropsko zakonodavstvo, kako bi se osiguralo da se akcize za određene proizvode primjenjuju na isti način i na iste proizvode na jedinstvenom tržištu, te da države članice EU primjenjuju barem minimalnu stopu akcize. Drugim riječima, pravila EU o oporezivanju obuhvataju i akcize.</p>
<p>U Crnoj Gori, prihodi od akciza predstavljaju značajan dio ukupne naplate poreza.</p>
<p><iframe title="Uprava carina kreirala aplikaciju za akcize u okviru EU projekta" width="800" height="450" src="https://www.youtube.com/embed/pNWpMbplxy8?feature=oembed" frameborder="0" allow="accelerometer; autoplay; clipboard-write; encrypted-media; gyroscope; picture-in-picture; web-share" referrerpolicy="strict-origin-when-cross-origin" allowfullscreen></iframe></p>
<p>Ovaj projekat je podržao razvoj, ugradnju i integraciju nove nacionalne aplikacije za akcize u IT sistem Uprave carina, kao i njenu međusobnu povezanost i interoperabilnost sa ostalim carinskim aplikacijama u IT sistemu i budućim aplikacijama za evropski sistem kontrole akciznih proizvoda (EMCS).</p>
<p>Osim toga, projekat je rezultirao revizijom akciznog zakonodavstva i jačanjem administrativnih kapaciteta Uprave carina. Štaviše, pomogao je da se obezbijedi odgovarajući broj osoblja za IT odjeljenje, kao i obuke i materijal za obuke službenika i poslovne zajednice.</p>

<!-- This site is optimized with the Yoast SEO plugin v27.3 - https://yoast.com/product/yoast-seo-wordpress/ -->
<title>Podrška Upravi carina u oblasti akciza - Europe House</title>
<meta name="robots" content="index, follow, max-snippet:-1, max-image-preview:large, max-video-preview:-1" />
<link rel="canonical" href="https://www.evropskakuca.me/me/project/podrska-upravi-carina-u-oblasti-akciza/" />
<meta property="og:locale" content="en_US" />
<meta property="og:type" content="article" />
<meta property="og:title" content="Podrška Upravi carina u oblasti akciza - Europe House" />
<meta property="og:description" content="Uvođenjem jedinstvenog tržišta 1993. godine došlo je do ukidanja poreskih kontrola na granicama između država članica Evropske unije. Time su uvedena zajednička evropska pravila i evropsko zakonodavstvo, kako bi se osiguralo da se akcize za određene proizvode primjenjuju na isti način i na iste proizvode na jedinstvenom tržištu, te da države članice EU primjenjuju barem [&hellip;]" />
<meta property="og:url" content="https://www.evropskakuca.me/me/project/podrska-upravi-carina-u-oblasti-akciza/" />
<meta property="og:site_name" content="Europe House" />
<meta property="article:publisher" content="https://www.facebook.com/evropska.kuca" />
<meta property="og:image" content="https://www.evropskakuca.me/wp-content/uploads/2021/09/POdrska-upravi-carina-2-projekat.jpg" />
	<meta property="og:image:width" content="1200" />
	<meta property="og:image:height" content="773" />
	<meta property="og:image:type" content="image/jpeg" />
<meta name="twitter:card" content="summary_large_image" />
<meta name="twitter:site" content="@evropska_kuca" />
<meta name="twitter:label1" content="Est. reading time" />
	<meta name="twitter:data1" content="1 minute" />
<script type="application/ld+json" class="yoast-schema-graph">{"@context":"https:\/\/schema.org","@graph":[{"@type":"WebPage","@id":"https:\/\/www.evropskakuca.me\/me\/project\/podrska-upravi-carina-u-oblasti-akciza\/","url":"https:\/\/www.evropskakuca.me\/me\/project\/podrska-upravi-carina-u-oblasti-akciza\/","name":"Podrška Upravi carina u oblasti akciza - Europe House","isPartOf":{"@id":"https:\/\/www.evropskakuca.me\/me\/#website"},"primaryImageOfPage":{"@id":"https:\/\/www.evropskakuca.me\/me\/project\/podrska-upravi-carina-u-oblasti-akciza\/#primaryimage"},"image":{"@id":"https:\/\/www.evropskakuca.me\/me\/project\/podrska-upravi-carina-u-oblasti-akciza\/#primaryimage"},"thumbnailUrl":"https:\/\/www.evropskakuca.me\/wp-content\/uploads\/2021\/09\/POdrska-upravi-carina-2-projekat.jpg","datePublished":"2021-09-10T13:01:19+00:00","breadcrumb":{"@id":"https:\/\/www.evropskakuca.me\/me\/project\/podrska-upravi-carina-u-oblasti-akciza\/#breadcrumb"},"inLanguage":"me-ME","potentialAction":[{"@type":"ReadAction","target":["https:\/\/www.evropskakuca.me\/me\/project\/podrska-upravi-carina-u-oblasti-akciza\/"]}]},{"@type":"ImageObject","inLanguage":"me-ME","@id":"https:\/\/www.evropskakuca.me\/me\/project\/podrska-upravi-carina-u-oblasti-akciza\/#primaryimage","url":"https:\/\/www.evropskakuca.me\/wp-content\/uploads\/2021\/09\/POdrska-upravi-carina-2-projekat.jpg","contentUrl":"https:\/\/www.evropskakuca.me\/wp-content\/uploads\/2021\/09\/POdrska-upravi-carina-2-projekat.jpg","width":1200,"height":773},{"@type":"BreadcrumbList","@id":"https:\/\/www.evropskakuca.me\/me\/project\/podrska-upravi-carina-u-oblasti-akciza\/#breadcrumb","itemListElement":[{"@type":"ListItem","position":1,"name":"Home","item":"https:\/\/www.evropskakuca.me\/me\/"},{"@type":"ListItem","position":2,"name":"Projects","item":"https:\/\/www.evropskakuca.me\/me\/project\/"},{"@type":"ListItem","position":3,"name":"Podrška Upravi carina u oblasti akciza"}]},{"@type":"WebSite","@id":"https:\/\/www.evropskakuca.me\/me\/#website","url":"https:\/\/www.evropskakuca.me\/me\/","name":"Evropean house","description":"","publisher":{"@id":"https:\/\/www.evropskakuca.me\/me\/#organization"},"potentialAction":[{"@type":"SearchAction","target":{"@type":"EntryPoint","urlTemplate":"https:\/\/www.evropskakuca.me\/me\/?s={search_term_string}"},"query-input":{"@type":"PropertyValueSpecification","valueRequired":true,"valueName":"search_term_string"}}],"inLanguage":"me-ME"},{"@type":"Organization","@id":"https:\/\/www.evropskakuca.me\/me\/#organization","name":"Evropean house","url":"https:\/\/www.evropskakuca.me\/me\/","logo":{"@type":"ImageObject","inLanguage":"me-ME","@id":"https:\/\/www.evropskakuca.me\/me\/#\/schema\/logo\/image\/","url":"https:\/\/www.evropskakuca.me\/wp-content\/uploads\/2025\/01\/evropska-kuca-logo-1.png","contentUrl":"https:\/\/www.evropskakuca.me\/wp-content\/uploads\/2025\/01\/evropska-kuca-logo-1.png","width":425,"height":312,"caption":"Evropean house"},"image":{"@id":"https:\/\/www.evropskakuca.me\/me\/#\/schema\/logo\/image\/"},"sameAs":["https:\/\/www.facebook.com\/evropska.kuca","https:\/\/x.com\/evropska_kuca","https:\/\/www.instagram.com\/evropska_kuca"]}]}</script>
<!-- / Yoast SEO plugin. -->

Podrška Upravi carina u oblasti akciza - Europe House

Uvođenjem jedinstvenog tržišta 1993. godine došlo je do ukidanja poreskih kontrola na granicama između država članica Evropske unije. Time su uvedena zajednička evropska pravila i evropsko zakonodavstvo, kako bi se osiguralo da se akcize za određene proizvode primjenjuju na isti način i na iste proizvode na jedinstvenom tržištu, te da države članice EU primjenjuju barem [&hellip;]
