{"id":13485,"date":"2021-07-08T12:33:55","date_gmt":"2021-07-08T12:33:55","guid":{"rendered":"http:\/\/www.evropskakuca.me\/?post_type=project&amp;p=13485"},"modified":"2021-07-08T12:33:55","modified_gmt":"2021-07-08T12:33:55","slug":"umrezavanjem-do-boljeg-rada","status":"publish","type":"project","link":"https:\/\/www.evropskakuca.me\/me\/project\/umrezavanjem-do-boljeg-rada\/","title":{"rendered":"Umre\u017eavanjem do boljeg rada"},"content":{"rendered":"<p>Organizacije osoba sa invaliditetom imaju veoma va\u017enu ulogu u zalaganju za prava osoba sa invaliditetom (OSI) i integraciji OSI u glavne tokove dru\u0161tva. Stoga je potrebno da ove osobe budu uklju\u010dene u kreiranje javnih politika, kako na lokalnom tako i nacionalnom nivou.<\/p>\n<p>Ovaj projekat ima za cilj da doprinese vec\u0301em uklju\u010divanju organizacija osoba sa invaliditetom i OSI u procese kreiranja i sprovo\u0111enja javnih politika u oblasti za\u0161tite osoba sa invaliditetom na nacionalnom nivou. To je od velikog zna\u010daja za dalje unapre\u0111enje kvaliteta \u017eivota i polo\u017eaja osoba sa invaliditetom u Crnoj Gori.<\/p>\n<p>Projektom \u201eUmre\u017eavanjem do boljeg rada\u201c uspostavljena je funkcionalna mre\u017ea organizacija osoba sa invaliditetom za zagovaranje prava OSI, kao i mehanizam za pra\u0107enje Strategije za za\u0161titu lica sa invaliditetom od diskriminacije i promociju jednakosti.<\/p>\n<p>Tako\u0111e, zahvaljuju\u0107i projektu podignut je nivo svijesti javnosti o va\u017enosti uklju\u010divanja OSI u proces dono\u0161enja odluka u Crnoj Gori.<\/p>\n","protected":false},"featured_media":36858,"parent":0,"template":"","meta":{"_acf_changed":false},"project_tags":[308,318,319],"sector":[309],"class_list":["post-13485","project","type-project","status-publish","has-post-thumbnail","hentry","project_tags-ljudska-prava","project_tags-prava-osi","project_tags-prava-osoba-sa-invaliditetom","sector-ljudska-prava-me"],"acf":[],"yoast_head":"<!-- This site is optimized with the Yoast SEO plugin v27.3 - https:\/\/yoast.com\/product\/yoast-seo-wordpress\/ -->\n<title>Umre\u017eavanjem do boljeg rada - Europe House<\/title>\n<meta name=\"robots\" content=\"index, follow, max-snippet:-1, max-image-preview:large, max-video-preview:-1\" \/>\n<link rel=\"canonical\" href=\"https:\/\/www.evropskakuca.me\/me\/project\/umrezavanjem-do-boljeg-rada\/\" \/>\n<meta property=\"og:locale\" content=\"en_US\" \/>\n<meta property=\"og:type\" content=\"article\" \/>\n<meta property=\"og:title\" content=\"Umre\u017eavanjem do boljeg rada - Europe House\" \/>\n<meta property=\"og:description\" content=\"Organizacije osoba sa invaliditetom imaju veoma va\u017enu ulogu u zalaganju za prava osoba sa invaliditetom (OSI) i integraciji OSI u glavne tokove dru\u0161tva. Stoga je potrebno da ove osobe budu uklju\u010dene u kreiranje javnih politika, kako na lokalnom tako i nacionalnom nivou. Ovaj projekat ima za cilj da doprinese vec\u0301em uklju\u010divanju organizacija osoba sa invaliditetom [&hellip;]\" \/>\n<meta property=\"og:url\" content=\"https:\/\/www.evropskakuca.me\/me\/project\/umrezavanjem-do-boljeg-rada\/\" \/>\n<meta property=\"og:site_name\" content=\"Europe House\" \/>\n<meta property=\"article:publisher\" content=\"https:\/\/www.facebook.com\/evropska.kuca\" \/>\n<meta property=\"og:image\" content=\"https:\/\/www.evropskakuca.me\/wp-content\/uploads\/2021\/06\/international-human-rights-01-1.jpg\" \/>\n\t<meta property=\"og:image:width\" content=\"935\" \/>\n\t<meta property=\"og:image:height\" content=\"475\" \/>\n\t<meta property=\"og:image:type\" content=\"image\/jpeg\" \/>\n<meta name=\"twitter:card\" content=\"summary_large_image\" \/>\n<meta name=\"twitter:site\" content=\"@evropska_kuca\" \/>\n<meta name=\"twitter:label1\" content=\"Est. reading time\" \/>\n\t<meta name=\"twitter:data1\" content=\"1 minute\" \/>\n<script type=\"application\/ld+json\" class=\"yoast-schema-graph\">{\"@context\":\"https:\\\/\\\/schema.org\",\"@graph\":[{\"@type\":\"WebPage\",\"@id\":\"https:\\\/\\\/www.evropskakuca.me\\\/me\\\/project\\\/umrezavanjem-do-boljeg-rada\\\/\",\"url\":\"https:\\\/\\\/www.evropskakuca.me\\\/me\\\/project\\\/umrezavanjem-do-boljeg-rada\\\/\",\"name\":\"Umre\u017eavanjem do boljeg rada - Europe House\",\"isPartOf\":{\"@id\":\"https:\\\/\\\/www.evropskakuca.me\\\/me\\\/#website\"},\"primaryImageOfPage\":{\"@id\":\"https:\\\/\\\/www.evropskakuca.me\\\/me\\\/project\\\/umrezavanjem-do-boljeg-rada\\\/#primaryimage\"},\"image\":{\"@id\":\"https:\\\/\\\/www.evropskakuca.me\\\/me\\\/project\\\/umrezavanjem-do-boljeg-rada\\\/#primaryimage\"},\"thumbnailUrl\":\"https:\\\/\\\/www.evropskakuca.me\\\/wp-content\\\/uploads\\\/2021\\\/06\\\/international-human-rights-01-1.jpg\",\"datePublished\":\"2021-07-08T12:33:55+00:00\",\"breadcrumb\":{\"@id\":\"https:\\\/\\\/www.evropskakuca.me\\\/me\\\/project\\\/umrezavanjem-do-boljeg-rada\\\/#breadcrumb\"},\"inLanguage\":\"me-ME\",\"potentialAction\":[{\"@type\":\"ReadAction\",\"target\":[\"https:\\\/\\\/www.evropskakuca.me\\\/me\\\/project\\\/umrezavanjem-do-boljeg-rada\\\/\"]}]},{\"@type\":\"ImageObject\",\"inLanguage\":\"me-ME\",\"@id\":\"https:\\\/\\\/www.evropskakuca.me\\\/me\\\/project\\\/umrezavanjem-do-boljeg-rada\\\/#primaryimage\",\"url\":\"https:\\\/\\\/www.evropskakuca.me\\\/wp-content\\\/uploads\\\/2021\\\/06\\\/international-human-rights-01-1.jpg\",\"contentUrl\":\"https:\\\/\\\/www.evropskakuca.me\\\/wp-content\\\/uploads\\\/2021\\\/06\\\/international-human-rights-01-1.jpg\",\"width\":935,\"height\":475},{\"@type\":\"BreadcrumbList\",\"@id\":\"https:\\\/\\\/www.evropskakuca.me\\\/me\\\/project\\\/umrezavanjem-do-boljeg-rada\\\/#breadcrumb\",\"itemListElement\":[{\"@type\":\"ListItem\",\"position\":1,\"name\":\"Home\",\"item\":\"https:\\\/\\\/www.evropskakuca.me\\\/me\\\/\"},{\"@type\":\"ListItem\",\"position\":2,\"name\":\"Projects\",\"item\":\"https:\\\/\\\/www.evropskakuca.me\\\/me\\\/project\\\/\"},{\"@type\":\"ListItem\",\"position\":3,\"name\":\"Umre\u017eavanjem do boljeg rada\"}]},{\"@type\":\"WebSite\",\"@id\":\"https:\\\/\\\/www.evropskakuca.me\\\/me\\\/#website\",\"url\":\"https:\\\/\\\/www.evropskakuca.me\\\/me\\\/\",\"name\":\"Evropean house\",\"description\":\"\",\"publisher\":{\"@id\":\"https:\\\/\\\/www.evropskakuca.me\\\/me\\\/#organization\"},\"potentialAction\":[{\"@type\":\"SearchAction\",\"target\":{\"@type\":\"EntryPoint\",\"urlTemplate\":\"https:\\\/\\\/www.evropskakuca.me\\\/me\\\/?s={search_term_string}\"},\"query-input\":{\"@type\":\"PropertyValueSpecification\",\"valueRequired\":true,\"valueName\":\"search_term_string\"}}],\"inLanguage\":\"me-ME\"},{\"@type\":\"Organization\",\"@id\":\"https:\\\/\\\/www.evropskakuca.me\\\/me\\\/#organization\",\"name\":\"Evropean house\",\"url\":\"https:\\\/\\\/www.evropskakuca.me\\\/me\\\/\",\"logo\":{\"@type\":\"ImageObject\",\"inLanguage\":\"me-ME\",\"@id\":\"https:\\\/\\\/www.evropskakuca.me\\\/me\\\/#\\\/schema\\\/logo\\\/image\\\/\",\"url\":\"https:\\\/\\\/www.evropskakuca.me\\\/wp-content\\\/uploads\\\/2025\\\/01\\\/evropska-kuca-logo-1.png\",\"contentUrl\":\"https:\\\/\\\/www.evropskakuca.me\\\/wp-content\\\/uploads\\\/2025\\\/01\\\/evropska-kuca-logo-1.png\",\"width\":425,\"height\":312,\"caption\":\"Evropean house\"},\"image\":{\"@id\":\"https:\\\/\\\/www.evropskakuca.me\\\/me\\\/#\\\/schema\\\/logo\\\/image\\\/\"},\"sameAs\":[\"https:\\\/\\\/www.facebook.com\\\/evropska.kuca\",\"https:\\\/\\\/x.com\\\/evropska_kuca\",\"https:\\\/\\\/www.instagram.com\\\/evropska_kuca\"]}]}<\/script>\n<!-- \/ Yoast SEO plugin. -->","yoast_head_json":{"title":"Umre\u017eavanjem do boljeg rada - Europe House","robots":{"index":"index","follow":"follow","max-snippet":"max-snippet:-1","max-image-preview":"max-image-preview:large","max-video-preview":"max-video-preview:-1"},"canonical":"https:\/\/www.evropskakuca.me\/me\/project\/umrezavanjem-do-boljeg-rada\/","og_locale":"en_US","og_type":"article","og_title":"Umre\u017eavanjem do boljeg rada - Europe House","og_description":"Organizacije osoba sa invaliditetom imaju veoma va\u017enu ulogu u zalaganju za prava osoba sa invaliditetom (OSI) i integraciji OSI u glavne tokove dru\u0161tva. Stoga je potrebno da ove osobe budu uklju\u010dene u kreiranje javnih politika, kako na lokalnom tako i nacionalnom nivou. Ovaj projekat ima za cilj da doprinese vec\u0301em uklju\u010divanju organizacija osoba sa invaliditetom [&hellip;]","og_url":"https:\/\/www.evropskakuca.me\/me\/project\/umrezavanjem-do-boljeg-rada\/","og_site_name":"Europe House","article_publisher":"https:\/\/www.facebook.com\/evropska.kuca","og_image":[{"width":935,"height":475,"url":"https:\/\/www.evropskakuca.me\/wp-content\/uploads\/2021\/06\/international-human-rights-01-1.jpg","type":"image\/jpeg"}],"twitter_card":"summary_large_image","twitter_site":"@evropska_kuca","twitter_misc":{"Est. reading time":"1 minute"},"schema":{"@context":"https:\/\/schema.org","@graph":[{"@type":"WebPage","@id":"https:\/\/www.evropskakuca.me\/me\/project\/umrezavanjem-do-boljeg-rada\/","url":"https:\/\/www.evropskakuca.me\/me\/project\/umrezavanjem-do-boljeg-rada\/","name":"Umre\u017eavanjem do boljeg rada - Europe House","isPartOf":{"@id":"https:\/\/www.evropskakuca.me\/me\/#website"},"primaryImageOfPage":{"@id":"https:\/\/www.evropskakuca.me\/me\/project\/umrezavanjem-do-boljeg-rada\/#primaryimage"},"image":{"@id":"https:\/\/www.evropskakuca.me\/me\/project\/umrezavanjem-do-boljeg-rada\/#primaryimage"},"thumbnailUrl":"https:\/\/www.evropskakuca.me\/wp-content\/uploads\/2021\/06\/international-human-rights-01-1.jpg","datePublished":"2021-07-08T12:33:55+00:00","breadcrumb":{"@id":"https:\/\/www.evropskakuca.me\/me\/project\/umrezavanjem-do-boljeg-rada\/#breadcrumb"},"inLanguage":"me-ME","potentialAction":[{"@type":"ReadAction","target":["https:\/\/www.evropskakuca.me\/me\/project\/umrezavanjem-do-boljeg-rada\/"]}]},{"@type":"ImageObject","inLanguage":"me-ME","@id":"https:\/\/www.evropskakuca.me\/me\/project\/umrezavanjem-do-boljeg-rada\/#primaryimage","url":"https:\/\/www.evropskakuca.me\/wp-content\/uploads\/2021\/06\/international-human-rights-01-1.jpg","contentUrl":"https:\/\/www.evropskakuca.me\/wp-content\/uploads\/2021\/06\/international-human-rights-01-1.jpg","width":935,"height":475},{"@type":"BreadcrumbList","@id":"https:\/\/www.evropskakuca.me\/me\/project\/umrezavanjem-do-boljeg-rada\/#breadcrumb","itemListElement":[{"@type":"ListItem","position":1,"name":"Home","item":"https:\/\/www.evropskakuca.me\/me\/"},{"@type":"ListItem","position":2,"name":"Projects","item":"https:\/\/www.evropskakuca.me\/me\/project\/"},{"@type":"ListItem","position":3,"name":"Umre\u017eavanjem do boljeg rada"}]},{"@type":"WebSite","@id":"https:\/\/www.evropskakuca.me\/me\/#website","url":"https:\/\/www.evropskakuca.me\/me\/","name":"Evropean house","description":"","publisher":{"@id":"https:\/\/www.evropskakuca.me\/me\/#organization"},"potentialAction":[{"@type":"SearchAction","target":{"@type":"EntryPoint","urlTemplate":"https:\/\/www.evropskakuca.me\/me\/?s={search_term_string}"},"query-input":{"@type":"PropertyValueSpecification","valueRequired":true,"valueName":"search_term_string"}}],"inLanguage":"me-ME"},{"@type":"Organization","@id":"https:\/\/www.evropskakuca.me\/me\/#organization","name":"Evropean house","url":"https:\/\/www.evropskakuca.me\/me\/","logo":{"@type":"ImageObject","inLanguage":"me-ME","@id":"https:\/\/www.evropskakuca.me\/me\/#\/schema\/logo\/image\/","url":"https:\/\/www.evropskakuca.me\/wp-content\/uploads\/2025\/01\/evropska-kuca-logo-1.png","contentUrl":"https:\/\/www.evropskakuca.me\/wp-content\/uploads\/2025\/01\/evropska-kuca-logo-1.png","width":425,"height":312,"caption":"Evropean house"},"image":{"@id":"https:\/\/www.evropskakuca.me\/me\/#\/schema\/logo\/image\/"},"sameAs":["https:\/\/www.facebook.com\/evropska.kuca","https:\/\/x.com\/evropska_kuca","https:\/\/www.instagram.com\/evropska_kuca"]}]}},"_links":{"self":[{"href":"https:\/\/www.evropskakuca.me\/me\/wp-json\/wp\/v2\/project\/13485","targetHints":{"allow":["GET"]}}],"collection":[{"href":"https:\/\/www.evropskakuca.me\/me\/wp-json\/wp\/v2\/project"}],"about":[{"href":"https:\/\/www.evropskakuca.me\/me\/wp-json\/wp\/v2\/types\/project"}],"wp:featuredmedia":[{"embeddable":true,"href":"https:\/\/www.evropskakuca.me\/me\/wp-json\/wp\/v2\/media\/36858"}],"wp:attachment":[{"href":"https:\/\/www.evropskakuca.me\/me\/wp-json\/wp\/v2\/media?parent=13485"}],"wp:term":[{"taxonomy":"project_tags","embeddable":true,"href":"https:\/\/www.evropskakuca.me\/me\/wp-json\/wp\/v2\/project_tags?post=13485"},{"taxonomy":"sector","embeddable":true,"href":"https:\/\/www.evropskakuca.me\/me\/wp-json\/wp\/v2\/sector?post=13485"}],"curies":[{"name":"wp","href":"https:\/\/api.w.org\/{rel}","templated":true}]}}

Umrežavanjem do boljeg rada

<p>Organizacije osoba sa invaliditetom imaju veoma važnu ulogu u zalaganju za prava osoba sa invaliditetom (OSI) i integraciji OSI u glavne tokove društva. Stoga je potrebno da ove osobe budu uključene u kreiranje javnih politika, kako na lokalnom tako i nacionalnom nivou.</p>
<p>Ovaj projekat ima za cilj da doprinese većem uključivanju organizacija osoba sa invaliditetom i OSI u procese kreiranja i sprovođenja javnih politika u oblasti zaštite osoba sa invaliditetom na nacionalnom nivou. To je od velikog značaja za dalje unapređenje kvaliteta života i položaja osoba sa invaliditetom u Crnoj Gori.</p>
<p>Projektom „Umrežavanjem do boljeg rada“ uspostavljena je funkcionalna mreža organizacija osoba sa invaliditetom za zagovaranje prava OSI, kao i mehanizam za praćenje Strategije za zaštitu lica sa invaliditetom od diskriminacije i promociju jednakosti.</p>
<p>Takođe, zahvaljujući projektu podignut je nivo svijesti javnosti o važnosti uključivanja OSI u proces donošenja odluka u Crnoj Gori.</p>

<!-- This site is optimized with the Yoast SEO plugin v27.3 - https://yoast.com/product/yoast-seo-wordpress/ -->
<title>Umrežavanjem do boljeg rada - Europe House</title>
<meta name="robots" content="index, follow, max-snippet:-1, max-image-preview:large, max-video-preview:-1" />
<link rel="canonical" href="https://www.evropskakuca.me/me/project/umrezavanjem-do-boljeg-rada/" />
<meta property="og:locale" content="en_US" />
<meta property="og:type" content="article" />
<meta property="og:title" content="Umrežavanjem do boljeg rada - Europe House" />
<meta property="og:description" content="Organizacije osoba sa invaliditetom imaju veoma važnu ulogu u zalaganju za prava osoba sa invaliditetom (OSI) i integraciji OSI u glavne tokove društva. Stoga je potrebno da ove osobe budu uključene u kreiranje javnih politika, kako na lokalnom tako i nacionalnom nivou. Ovaj projekat ima za cilj da doprinese većem uključivanju organizacija osoba sa invaliditetom [&hellip;]" />
<meta property="og:url" content="https://www.evropskakuca.me/me/project/umrezavanjem-do-boljeg-rada/" />
<meta property="og:site_name" content="Europe House" />
<meta property="article:publisher" content="https://www.facebook.com/evropska.kuca" />
<meta property="og:image" content="https://www.evropskakuca.me/wp-content/uploads/2021/06/international-human-rights-01-1.jpg" />
	<meta property="og:image:width" content="935" />
	<meta property="og:image:height" content="475" />
	<meta property="og:image:type" content="image/jpeg" />
<meta name="twitter:card" content="summary_large_image" />
<meta name="twitter:site" content="@evropska_kuca" />
<meta name="twitter:label1" content="Est. reading time" />
	<meta name="twitter:data1" content="1 minute" />
<script type="application/ld+json" class="yoast-schema-graph">{"@context":"https:\/\/schema.org","@graph":[{"@type":"WebPage","@id":"https:\/\/www.evropskakuca.me\/me\/project\/umrezavanjem-do-boljeg-rada\/","url":"https:\/\/www.evropskakuca.me\/me\/project\/umrezavanjem-do-boljeg-rada\/","name":"Umrežavanjem do boljeg rada - Europe House","isPartOf":{"@id":"https:\/\/www.evropskakuca.me\/me\/#website"},"primaryImageOfPage":{"@id":"https:\/\/www.evropskakuca.me\/me\/project\/umrezavanjem-do-boljeg-rada\/#primaryimage"},"image":{"@id":"https:\/\/www.evropskakuca.me\/me\/project\/umrezavanjem-do-boljeg-rada\/#primaryimage"},"thumbnailUrl":"https:\/\/www.evropskakuca.me\/wp-content\/uploads\/2021\/06\/international-human-rights-01-1.jpg","datePublished":"2021-07-08T12:33:55+00:00","breadcrumb":{"@id":"https:\/\/www.evropskakuca.me\/me\/project\/umrezavanjem-do-boljeg-rada\/#breadcrumb"},"inLanguage":"me-ME","potentialAction":[{"@type":"ReadAction","target":["https:\/\/www.evropskakuca.me\/me\/project\/umrezavanjem-do-boljeg-rada\/"]}]},{"@type":"ImageObject","inLanguage":"me-ME","@id":"https:\/\/www.evropskakuca.me\/me\/project\/umrezavanjem-do-boljeg-rada\/#primaryimage","url":"https:\/\/www.evropskakuca.me\/wp-content\/uploads\/2021\/06\/international-human-rights-01-1.jpg","contentUrl":"https:\/\/www.evropskakuca.me\/wp-content\/uploads\/2021\/06\/international-human-rights-01-1.jpg","width":935,"height":475},{"@type":"BreadcrumbList","@id":"https:\/\/www.evropskakuca.me\/me\/project\/umrezavanjem-do-boljeg-rada\/#breadcrumb","itemListElement":[{"@type":"ListItem","position":1,"name":"Home","item":"https:\/\/www.evropskakuca.me\/me\/"},{"@type":"ListItem","position":2,"name":"Projects","item":"https:\/\/www.evropskakuca.me\/me\/project\/"},{"@type":"ListItem","position":3,"name":"Umrežavanjem do boljeg rada"}]},{"@type":"WebSite","@id":"https:\/\/www.evropskakuca.me\/me\/#website","url":"https:\/\/www.evropskakuca.me\/me\/","name":"Evropean house","description":"","publisher":{"@id":"https:\/\/www.evropskakuca.me\/me\/#organization"},"potentialAction":[{"@type":"SearchAction","target":{"@type":"EntryPoint","urlTemplate":"https:\/\/www.evropskakuca.me\/me\/?s={search_term_string}"},"query-input":{"@type":"PropertyValueSpecification","valueRequired":true,"valueName":"search_term_string"}}],"inLanguage":"me-ME"},{"@type":"Organization","@id":"https:\/\/www.evropskakuca.me\/me\/#organization","name":"Evropean house","url":"https:\/\/www.evropskakuca.me\/me\/","logo":{"@type":"ImageObject","inLanguage":"me-ME","@id":"https:\/\/www.evropskakuca.me\/me\/#\/schema\/logo\/image\/","url":"https:\/\/www.evropskakuca.me\/wp-content\/uploads\/2025\/01\/evropska-kuca-logo-1.png","contentUrl":"https:\/\/www.evropskakuca.me\/wp-content\/uploads\/2025\/01\/evropska-kuca-logo-1.png","width":425,"height":312,"caption":"Evropean house"},"image":{"@id":"https:\/\/www.evropskakuca.me\/me\/#\/schema\/logo\/image\/"},"sameAs":["https:\/\/www.facebook.com\/evropska.kuca","https:\/\/x.com\/evropska_kuca","https:\/\/www.instagram.com\/evropska_kuca"]}]}</script>
<!-- / Yoast SEO plugin. -->

Umrežavanjem do boljeg rada - Europe House

Organizacije osoba sa invaliditetom imaju veoma važnu ulogu u zalaganju za prava osoba sa invaliditetom (OSI) i integraciji OSI u glavne tokove društva. Stoga je potrebno da ove osobe budu uključene u kreiranje javnih politika, kako na lokalnom tako i nacionalnom nivou. Ovaj projekat ima za cilj da doprinese većem uključivanju organizacija osoba sa invaliditetom [&hellip;]
