{"id":27605,"date":"2023-12-10T18:34:19","date_gmt":"2023-12-10T18:34:19","guid":{"rendered":"https:\/\/evropskakuca.me\/?post_type=op_categories&#038;p=27605"},"modified":"2025-07-03T23:31:26","modified_gmt":"2025-07-03T23:31:26","slug":"youth","status":"publish","type":"op_categories","link":"https:\/\/www.evropskakuca.me\/me\/op_categories\/youth\/","title":{"rendered":"Mladi"},"content":{"rendered":"<p>Evropska unija (EU) pru\u017ea podr\u0161ku mladima u Crnoj Gori kroz razli\u010dite programe, projekte i inicijative usmjerene na unaprije\u0111enje njihovih \u017eivota, obrazovanja, zapo\u0161ljavanja i u\u010de\u0161\u0107a u dru\u0161tvu.<\/p>\n<p>&nbsp;<\/p>\n<p>Trenutno aktuelan, Erasmus+ program EU jedan je od najpoznatijih i najuspje\u0161nijih programa razmjene u oblasti visokog obrazovanja. Osnovan je kako bi podsticao mobilnost studenata, nastavnika i osoblja unutar Evrope, ja\u010dao me\u0111unarodnu saradnju izme\u0111u univerziteta i promovisao raznolikost kulturnih iskustava. Istra\u017eite Erasmus+ <a href=\"https:\/\/www.erasmusplus.ac.me\/mogucnosti-za-pojedince\/\">mogu\u0107nosti za pojedince<\/a> i <a href=\"https:\/\/www.erasmusplus.ac.me\/mogucnosti-za-organizacije\/\">mogu\u0107nosti za organizacije<\/a>.<\/p>\n<p>&nbsp;<\/p>\n<table width=\"602\">\n<tbody>\n<tr>\n<td width=\"201\"><strong>Program<\/strong><\/td>\n<td width=\"201\"><strong>Opis<\/strong><\/td>\n<td width=\"201\"><strong>Vi\u0161e informacija<\/strong><\/td>\n<\/tr>\n<tr>\n<td width=\"201\">Erasmus+<\/td>\n<td width=\"201\">&nbsp;<\/td>\n<td width=\"201\"><a href=\"https:\/\/www.erasmusplus.ac.me\/\">https:\/\/www.erasmusplus.ac.me\/<\/a><\/td>\n<\/tr>\n<\/tbody>\n<\/table>\n<p><strong>\u00a0<\/strong><\/p>\n","protected":false},"featured_media":40431,"template":"","meta":{"_acf_changed":true},"class_list":["post-27605","op_categories","type-op_categories","status-publish","has-post-thumbnail","hentry"],"acf":[],"yoast_head":"<!-- This site is optimized with the Yoast SEO plugin v27.3 - https:\/\/yoast.com\/product\/yoast-seo-wordpress\/ -->\n<title>Mladi - Europe House<\/title>\n<meta name=\"robots\" content=\"index, follow, max-snippet:-1, max-image-preview:large, max-video-preview:-1\" \/>\n<link rel=\"canonical\" href=\"https:\/\/www.evropskakuca.me\/me\/op_categories\/youth\/\" \/>\n<meta property=\"og:locale\" content=\"en_US\" \/>\n<meta property=\"og:type\" content=\"article\" \/>\n<meta property=\"og:title\" content=\"Mladi - Europe House\" \/>\n<meta property=\"og:description\" content=\"Evropska unija (EU) pru\u017ea podr\u0161ku mladima u Crnoj Gori kroz razli\u010dite programe, projekte i inicijative usmjerene na unaprije\u0111enje njihovih \u017eivota, obrazovanja, zapo\u0161ljavanja i u\u010de\u0161\u0107a u dru\u0161tvu. &nbsp; Trenutno aktuelan, Erasmus+ program EU jedan je od najpoznatijih i najuspje\u0161nijih programa razmjene u oblasti visokog obrazovanja. Osnovan je kako bi podsticao mobilnost studenata, nastavnika i osoblja unutar [&hellip;]\" \/>\n<meta property=\"og:url\" content=\"https:\/\/www.evropskakuca.me\/me\/op_categories\/youth\/\" \/>\n<meta property=\"og:site_name\" content=\"Europe House\" \/>\n<meta property=\"article:publisher\" content=\"https:\/\/www.facebook.com\/evropska.kuca\" \/>\n<meta property=\"article:modified_time\" content=\"2025-07-03T23:31:26+00:00\" \/>\n<meta property=\"og:image\" content=\"https:\/\/www.evropskakuca.me\/wp-content\/uploads\/2023\/12\/mladicover-1.png\" \/>\n\t<meta property=\"og:image:width\" content=\"1792\" \/>\n\t<meta property=\"og:image:height\" content=\"1024\" \/>\n\t<meta property=\"og:image:type\" content=\"image\/png\" \/>\n<meta name=\"twitter:card\" content=\"summary_large_image\" \/>\n<meta name=\"twitter:site\" content=\"@evropska_kuca\" \/>\n<meta name=\"twitter:label1\" content=\"Est. reading time\" \/>\n\t<meta name=\"twitter:data1\" content=\"1 minute\" \/>\n<script type=\"application\/ld+json\" class=\"yoast-schema-graph\">{\"@context\":\"https:\\\/\\\/schema.org\",\"@graph\":[{\"@type\":\"WebPage\",\"@id\":\"https:\\\/\\\/www.evropskakuca.me\\\/me\\\/op_categories\\\/youth\\\/\",\"url\":\"https:\\\/\\\/www.evropskakuca.me\\\/me\\\/op_categories\\\/youth\\\/\",\"name\":\"Mladi - Europe House\",\"isPartOf\":{\"@id\":\"https:\\\/\\\/www.evropskakuca.me\\\/me\\\/#website\"},\"primaryImageOfPage\":{\"@id\":\"https:\\\/\\\/www.evropskakuca.me\\\/me\\\/op_categories\\\/youth\\\/#primaryimage\"},\"image\":{\"@id\":\"https:\\\/\\\/www.evropskakuca.me\\\/me\\\/op_categories\\\/youth\\\/#primaryimage\"},\"thumbnailUrl\":\"https:\\\/\\\/www.evropskakuca.me\\\/wp-content\\\/uploads\\\/2023\\\/12\\\/mladicover-1.png\",\"datePublished\":\"2023-12-10T18:34:19+00:00\",\"dateModified\":\"2025-07-03T23:31:26+00:00\",\"breadcrumb\":{\"@id\":\"https:\\\/\\\/www.evropskakuca.me\\\/me\\\/op_categories\\\/youth\\\/#breadcrumb\"},\"inLanguage\":\"me-ME\",\"potentialAction\":[{\"@type\":\"ReadAction\",\"target\":[\"https:\\\/\\\/www.evropskakuca.me\\\/me\\\/op_categories\\\/youth\\\/\"]}]},{\"@type\":\"ImageObject\",\"inLanguage\":\"me-ME\",\"@id\":\"https:\\\/\\\/www.evropskakuca.me\\\/me\\\/op_categories\\\/youth\\\/#primaryimage\",\"url\":\"https:\\\/\\\/www.evropskakuca.me\\\/wp-content\\\/uploads\\\/2023\\\/12\\\/mladicover-1.png\",\"contentUrl\":\"https:\\\/\\\/www.evropskakuca.me\\\/wp-content\\\/uploads\\\/2023\\\/12\\\/mladicover-1.png\",\"width\":1792,\"height\":1024},{\"@type\":\"BreadcrumbList\",\"@id\":\"https:\\\/\\\/www.evropskakuca.me\\\/me\\\/op_categories\\\/youth\\\/#breadcrumb\",\"itemListElement\":[{\"@type\":\"ListItem\",\"position\":1,\"name\":\"Home\",\"item\":\"https:\\\/\\\/www.evropskakuca.me\\\/me\\\/\"},{\"@type\":\"ListItem\",\"position\":2,\"name\":\"Mladi\"}]},{\"@type\":\"WebSite\",\"@id\":\"https:\\\/\\\/www.evropskakuca.me\\\/me\\\/#website\",\"url\":\"https:\\\/\\\/www.evropskakuca.me\\\/me\\\/\",\"name\":\"Evropean house\",\"description\":\"\",\"publisher\":{\"@id\":\"https:\\\/\\\/www.evropskakuca.me\\\/me\\\/#organization\"},\"potentialAction\":[{\"@type\":\"SearchAction\",\"target\":{\"@type\":\"EntryPoint\",\"urlTemplate\":\"https:\\\/\\\/www.evropskakuca.me\\\/me\\\/?s={search_term_string}\"},\"query-input\":{\"@type\":\"PropertyValueSpecification\",\"valueRequired\":true,\"valueName\":\"search_term_string\"}}],\"inLanguage\":\"me-ME\"},{\"@type\":\"Organization\",\"@id\":\"https:\\\/\\\/www.evropskakuca.me\\\/me\\\/#organization\",\"name\":\"Evropean house\",\"url\":\"https:\\\/\\\/www.evropskakuca.me\\\/me\\\/\",\"logo\":{\"@type\":\"ImageObject\",\"inLanguage\":\"me-ME\",\"@id\":\"https:\\\/\\\/www.evropskakuca.me\\\/me\\\/#\\\/schema\\\/logo\\\/image\\\/\",\"url\":\"https:\\\/\\\/www.evropskakuca.me\\\/wp-content\\\/uploads\\\/2025\\\/01\\\/evropska-kuca-logo-1.png\",\"contentUrl\":\"https:\\\/\\\/www.evropskakuca.me\\\/wp-content\\\/uploads\\\/2025\\\/01\\\/evropska-kuca-logo-1.png\",\"width\":425,\"height\":312,\"caption\":\"Evropean house\"},\"image\":{\"@id\":\"https:\\\/\\\/www.evropskakuca.me\\\/me\\\/#\\\/schema\\\/logo\\\/image\\\/\"},\"sameAs\":[\"https:\\\/\\\/www.facebook.com\\\/evropska.kuca\",\"https:\\\/\\\/x.com\\\/evropska_kuca\",\"https:\\\/\\\/www.instagram.com\\\/evropska_kuca\"]}]}<\/script>\n<!-- \/ Yoast SEO plugin. -->","yoast_head_json":{"title":"Mladi - Europe House","robots":{"index":"index","follow":"follow","max-snippet":"max-snippet:-1","max-image-preview":"max-image-preview:large","max-video-preview":"max-video-preview:-1"},"canonical":"https:\/\/www.evropskakuca.me\/me\/op_categories\/youth\/","og_locale":"en_US","og_type":"article","og_title":"Mladi - Europe House","og_description":"Evropska unija (EU) pru\u017ea podr\u0161ku mladima u Crnoj Gori kroz razli\u010dite programe, projekte i inicijative usmjerene na unaprije\u0111enje njihovih \u017eivota, obrazovanja, zapo\u0161ljavanja i u\u010de\u0161\u0107a u dru\u0161tvu. &nbsp; Trenutno aktuelan, Erasmus+ program EU jedan je od najpoznatijih i najuspje\u0161nijih programa razmjene u oblasti visokog obrazovanja. Osnovan je kako bi podsticao mobilnost studenata, nastavnika i osoblja unutar [&hellip;]","og_url":"https:\/\/www.evropskakuca.me\/me\/op_categories\/youth\/","og_site_name":"Europe House","article_publisher":"https:\/\/www.facebook.com\/evropska.kuca","article_modified_time":"2025-07-03T23:31:26+00:00","og_image":[{"width":1792,"height":1024,"url":"https:\/\/www.evropskakuca.me\/wp-content\/uploads\/2023\/12\/mladicover-1.png","type":"image\/png"}],"twitter_card":"summary_large_image","twitter_site":"@evropska_kuca","twitter_misc":{"Est. reading time":"1 minute"},"schema":{"@context":"https:\/\/schema.org","@graph":[{"@type":"WebPage","@id":"https:\/\/www.evropskakuca.me\/me\/op_categories\/youth\/","url":"https:\/\/www.evropskakuca.me\/me\/op_categories\/youth\/","name":"Mladi - Europe House","isPartOf":{"@id":"https:\/\/www.evropskakuca.me\/me\/#website"},"primaryImageOfPage":{"@id":"https:\/\/www.evropskakuca.me\/me\/op_categories\/youth\/#primaryimage"},"image":{"@id":"https:\/\/www.evropskakuca.me\/me\/op_categories\/youth\/#primaryimage"},"thumbnailUrl":"https:\/\/www.evropskakuca.me\/wp-content\/uploads\/2023\/12\/mladicover-1.png","datePublished":"2023-12-10T18:34:19+00:00","dateModified":"2025-07-03T23:31:26+00:00","breadcrumb":{"@id":"https:\/\/www.evropskakuca.me\/me\/op_categories\/youth\/#breadcrumb"},"inLanguage":"me-ME","potentialAction":[{"@type":"ReadAction","target":["https:\/\/www.evropskakuca.me\/me\/op_categories\/youth\/"]}]},{"@type":"ImageObject","inLanguage":"me-ME","@id":"https:\/\/www.evropskakuca.me\/me\/op_categories\/youth\/#primaryimage","url":"https:\/\/www.evropskakuca.me\/wp-content\/uploads\/2023\/12\/mladicover-1.png","contentUrl":"https:\/\/www.evropskakuca.me\/wp-content\/uploads\/2023\/12\/mladicover-1.png","width":1792,"height":1024},{"@type":"BreadcrumbList","@id":"https:\/\/www.evropskakuca.me\/me\/op_categories\/youth\/#breadcrumb","itemListElement":[{"@type":"ListItem","position":1,"name":"Home","item":"https:\/\/www.evropskakuca.me\/me\/"},{"@type":"ListItem","position":2,"name":"Mladi"}]},{"@type":"WebSite","@id":"https:\/\/www.evropskakuca.me\/me\/#website","url":"https:\/\/www.evropskakuca.me\/me\/","name":"Evropean house","description":"","publisher":{"@id":"https:\/\/www.evropskakuca.me\/me\/#organization"},"potentialAction":[{"@type":"SearchAction","target":{"@type":"EntryPoint","urlTemplate":"https:\/\/www.evropskakuca.me\/me\/?s={search_term_string}"},"query-input":{"@type":"PropertyValueSpecification","valueRequired":true,"valueName":"search_term_string"}}],"inLanguage":"me-ME"},{"@type":"Organization","@id":"https:\/\/www.evropskakuca.me\/me\/#organization","name":"Evropean house","url":"https:\/\/www.evropskakuca.me\/me\/","logo":{"@type":"ImageObject","inLanguage":"me-ME","@id":"https:\/\/www.evropskakuca.me\/me\/#\/schema\/logo\/image\/","url":"https:\/\/www.evropskakuca.me\/wp-content\/uploads\/2025\/01\/evropska-kuca-logo-1.png","contentUrl":"https:\/\/www.evropskakuca.me\/wp-content\/uploads\/2025\/01\/evropska-kuca-logo-1.png","width":425,"height":312,"caption":"Evropean house"},"image":{"@id":"https:\/\/www.evropskakuca.me\/me\/#\/schema\/logo\/image\/"},"sameAs":["https:\/\/www.facebook.com\/evropska.kuca","https:\/\/x.com\/evropska_kuca","https:\/\/www.instagram.com\/evropska_kuca"]}]}},"_links":{"self":[{"href":"https:\/\/www.evropskakuca.me\/me\/wp-json\/wp\/v2\/op_categories\/27605","targetHints":{"allow":["GET"]}}],"collection":[{"href":"https:\/\/www.evropskakuca.me\/me\/wp-json\/wp\/v2\/op_categories"}],"about":[{"href":"https:\/\/www.evropskakuca.me\/me\/wp-json\/wp\/v2\/types\/op_categories"}],"wp:featuredmedia":[{"embeddable":true,"href":"https:\/\/www.evropskakuca.me\/me\/wp-json\/wp\/v2\/media\/40431"}],"wp:attachment":[{"href":"https:\/\/www.evropskakuca.me\/me\/wp-json\/wp\/v2\/media?parent=27605"}],"curies":[{"name":"wp","href":"https:\/\/api.w.org\/{rel}","templated":true}]}}

<p>Evropska unija (EU) pruža podršku mladima u Crnoj Gori kroz različite programe, projekte i inicijative usmjerene na unaprijeđenje njihovih života, obrazovanja, zapošljavanja i učešća u društvu.</p>
<p>&nbsp;</p>
<p>Trenutno aktuelan, Erasmus+ program EU jedan je od najpoznatijih i najuspješnijih programa razmjene u oblasti visokog obrazovanja. Osnovan je kako bi podsticao mobilnost studenata, nastavnika i osoblja unutar Evrope, jačao međunarodnu saradnju između univerziteta i promovisao raznolikost kulturnih iskustava. Istražite Erasmus+ <a href="https://www.erasmusplus.ac.me/mogucnosti-za-pojedince/">mogućnosti za pojedince</a> i <a href="https://www.erasmusplus.ac.me/mogucnosti-za-organizacije/">mogućnosti za organizacije</a>.</p>
<p>&nbsp;</p>
<table width="602">
<tbody>
<tr>
<td width="201"><strong>Program</strong></td>
<td width="201"><strong>Opis</strong></td>
<td width="201"><strong>Više informacija</strong></td>
</tr>
<tr>
<td width="201">Erasmus+</td>
<td width="201">&nbsp;</td>
<td width="201"><a href="https://www.erasmusplus.ac.me/">https://www.erasmusplus.ac.me/</a></td>
</tr>
</tbody>
</table>
<p><strong> </strong></p>

<!-- This site is optimized with the Yoast SEO plugin v27.3 - https://yoast.com/product/yoast-seo-wordpress/ -->
<title>Mladi - Europe House</title>
<meta name="robots" content="index, follow, max-snippet:-1, max-image-preview:large, max-video-preview:-1" />
<link rel="canonical" href="https://www.evropskakuca.me/me/op_categories/youth/" />
<meta property="og:locale" content="en_US" />
<meta property="og:type" content="article" />
<meta property="og:title" content="Mladi - Europe House" />
<meta property="og:description" content="Evropska unija (EU) pruža podršku mladima u Crnoj Gori kroz različite programe, projekte i inicijative usmjerene na unaprijeđenje njihovih života, obrazovanja, zapošljavanja i učešća u društvu. &nbsp; Trenutno aktuelan, Erasmus+ program EU jedan je od najpoznatijih i najuspješnijih programa razmjene u oblasti visokog obrazovanja. Osnovan je kako bi podsticao mobilnost studenata, nastavnika i osoblja unutar [&hellip;]" />
<meta property="og:url" content="https://www.evropskakuca.me/me/op_categories/youth/" />
<meta property="og:site_name" content="Europe House" />
<meta property="article:publisher" content="https://www.facebook.com/evropska.kuca" />
<meta property="article:modified_time" content="2025-07-03T23:31:26+00:00" />
<meta property="og:image" content="https://www.evropskakuca.me/wp-content/uploads/2023/12/mladicover-1.png" />
	<meta property="og:image:width" content="1792" />
	<meta property="og:image:height" content="1024" />
	<meta property="og:image:type" content="image/png" />
<meta name="twitter:card" content="summary_large_image" />
<meta name="twitter:site" content="@evropska_kuca" />
<meta name="twitter:label1" content="Est. reading time" />
	<meta name="twitter:data1" content="1 minute" />
<script type="application/ld+json" class="yoast-schema-graph">{"@context":"https:\/\/schema.org","@graph":[{"@type":"WebPage","@id":"https:\/\/www.evropskakuca.me\/me\/op_categories\/youth\/","url":"https:\/\/www.evropskakuca.me\/me\/op_categories\/youth\/","name":"Mladi - Europe House","isPartOf":{"@id":"https:\/\/www.evropskakuca.me\/me\/#website"},"primaryImageOfPage":{"@id":"https:\/\/www.evropskakuca.me\/me\/op_categories\/youth\/#primaryimage"},"image":{"@id":"https:\/\/www.evropskakuca.me\/me\/op_categories\/youth\/#primaryimage"},"thumbnailUrl":"https:\/\/www.evropskakuca.me\/wp-content\/uploads\/2023\/12\/mladicover-1.png","datePublished":"2023-12-10T18:34:19+00:00","dateModified":"2025-07-03T23:31:26+00:00","breadcrumb":{"@id":"https:\/\/www.evropskakuca.me\/me\/op_categories\/youth\/#breadcrumb"},"inLanguage":"me-ME","potentialAction":[{"@type":"ReadAction","target":["https:\/\/www.evropskakuca.me\/me\/op_categories\/youth\/"]}]},{"@type":"ImageObject","inLanguage":"me-ME","@id":"https:\/\/www.evropskakuca.me\/me\/op_categories\/youth\/#primaryimage","url":"https:\/\/www.evropskakuca.me\/wp-content\/uploads\/2023\/12\/mladicover-1.png","contentUrl":"https:\/\/www.evropskakuca.me\/wp-content\/uploads\/2023\/12\/mladicover-1.png","width":1792,"height":1024},{"@type":"BreadcrumbList","@id":"https:\/\/www.evropskakuca.me\/me\/op_categories\/youth\/#breadcrumb","itemListElement":[{"@type":"ListItem","position":1,"name":"Home","item":"https:\/\/www.evropskakuca.me\/me\/"},{"@type":"ListItem","position":2,"name":"Mladi"}]},{"@type":"WebSite","@id":"https:\/\/www.evropskakuca.me\/me\/#website","url":"https:\/\/www.evropskakuca.me\/me\/","name":"Evropean house","description":"","publisher":{"@id":"https:\/\/www.evropskakuca.me\/me\/#organization"},"potentialAction":[{"@type":"SearchAction","target":{"@type":"EntryPoint","urlTemplate":"https:\/\/www.evropskakuca.me\/me\/?s={search_term_string}"},"query-input":{"@type":"PropertyValueSpecification","valueRequired":true,"valueName":"search_term_string"}}],"inLanguage":"me-ME"},{"@type":"Organization","@id":"https:\/\/www.evropskakuca.me\/me\/#organization","name":"Evropean house","url":"https:\/\/www.evropskakuca.me\/me\/","logo":{"@type":"ImageObject","inLanguage":"me-ME","@id":"https:\/\/www.evropskakuca.me\/me\/#\/schema\/logo\/image\/","url":"https:\/\/www.evropskakuca.me\/wp-content\/uploads\/2025\/01\/evropska-kuca-logo-1.png","contentUrl":"https:\/\/www.evropskakuca.me\/wp-content\/uploads\/2025\/01\/evropska-kuca-logo-1.png","width":425,"height":312,"caption":"Evropean house"},"image":{"@id":"https:\/\/www.evropskakuca.me\/me\/#\/schema\/logo\/image\/"},"sameAs":["https:\/\/www.facebook.com\/evropska.kuca","https:\/\/x.com\/evropska_kuca","https:\/\/www.instagram.com\/evropska_kuca"]}]}</script>
<!-- / Yoast SEO plugin. -->

Evropska unija (EU) pruža podršku mladima u Crnoj Gori kroz različite programe, projekte i inicijative usmjerene na unaprijeđenje njihovih života, obrazovanja, zapošljavanja i učešća u društvu. &nbsp; Trenutno aktuelan, Erasmus+ program EU jedan je od najpoznatijih i najuspješnijih programa razmjene u oblasti visokog obrazovanja. Osnovan je kako bi podsticao mobilnost studenata, nastavnika i osoblja unutar [&hellip;]
