{"id":24849,"date":"2023-05-05T13:35:27","date_gmt":"2023-05-05T13:35:27","guid":{"rendered":"https:\/\/evropskakuca.me\/?post_type=event2&amp;p=24849"},"modified":"2023-05-05T13:35:27","modified_gmt":"2023-05-05T13:35:27","slug":"radionica-za-djecu-imaginarijum-imagi-ekosetnja","status":"publish","type":"event2","link":"https:\/\/www.evropskakuca.me\/me\/event2\/radionica-za-djecu-imaginarijum-imagi-ekosetnja\/","title":{"rendered":"RADIONICA ZA DJECU: \u201eImaginarijum &#8211; Imagi Eko\u0160etnja\u201c"},"content":{"rendered":"<p><span class=\"fontstyle0\">Koncept je zasnovan na radionici \u201eMoj imaginarijum\u201c gdje djeca razvijaju svoju kreativnost kroz povezanost sa umjetnicima. Zajedno sa osniva\u010dem \u201eMog imaginarijuma\u201d Ivom Ivanovi\u0107, Evropska ku\u0107a \u0107e organizovati slikarsku radionicu za djecu na temu \u010diste energije kroz posebnu tehniku sito \u0161tampe. Nakon radionice bi\u0107e otvorena izlo\u017eba dje\u010djih radova.<\/span><\/p>\n<p>Organizator: Evropska ku\u0107a &#8220;Imaginarium&#8221;<\/p>\n<p><img fetchpriority=\"high\" decoding=\"async\" class=\"alignnone size-large wp-image-24700\" src=\"https:\/\/evropskakuca.me\/wp-content\/uploads\/2023\/04\/eu-2891828_1920-1-1024x768.jpg\" alt=\"\" width=\"1024\" height=\"768\" \/><\/p>\n<p>&nbsp;<\/p>\n","protected":false},"featured_media":38533,"template":"","class_list":["post-24849","event2","type-event2","status-publish","has-post-thumbnail","hentry"],"acf":[],"yoast_head":"<!-- This site is optimized with the Yoast SEO plugin v27.3 - https:\/\/yoast.com\/product\/yoast-seo-wordpress\/ -->\n<title>RADIONICA ZA DJECU: \u201eImaginarijum - Imagi Eko\u0160etnja\u201c - Europe House<\/title>\n<meta name=\"robots\" content=\"index, follow, max-snippet:-1, max-image-preview:large, max-video-preview:-1\" \/>\n<link rel=\"canonical\" href=\"https:\/\/www.evropskakuca.me\/me\/event2\/radionica-za-djecu-imaginarijum-imagi-ekosetnja\/\" \/>\n<meta property=\"og:locale\" content=\"en_US\" \/>\n<meta property=\"og:type\" content=\"article\" \/>\n<meta property=\"og:title\" content=\"RADIONICA ZA DJECU: \u201eImaginarijum - Imagi Eko\u0160etnja\u201c - Europe House\" \/>\n<meta property=\"og:description\" content=\"Koncept je zasnovan na radionici \u201eMoj imaginarijum\u201c gdje djeca razvijaju svoju kreativnost kroz povezanost sa umjetnicima. Zajedno sa osniva\u010dem \u201eMog imaginarijuma\u201d Ivom Ivanovi\u0107, Evropska ku\u0107a \u0107e organizovati slikarsku radionicu za djecu na temu \u010diste energije kroz posebnu tehniku sito \u0161tampe. Nakon radionice bi\u0107e otvorena izlo\u017eba dje\u010djih radova. Organizator: Evropska ku\u0107a &#8220;Imaginarium&#8221; &nbsp;\" \/>\n<meta property=\"og:url\" content=\"https:\/\/www.evropskakuca.me\/me\/event2\/radionica-za-djecu-imaginarijum-imagi-ekosetnja\/\" \/>\n<meta property=\"og:site_name\" content=\"Europe House\" \/>\n<meta property=\"article:publisher\" content=\"https:\/\/www.facebook.com\/evropska.kuca\" \/>\n<meta property=\"og:image\" content=\"https:\/\/www.evropskakuca.me\/wp-content\/uploads\/2022\/11\/315205397_437361751920366_8790000378483060695_n.jpg\" \/>\n\t<meta property=\"og:image:width\" content=\"2000\" \/>\n\t<meta property=\"og:image:height\" content=\"1333\" \/>\n\t<meta property=\"og:image:type\" content=\"image\/jpeg\" \/>\n<meta name=\"twitter:card\" content=\"summary_large_image\" \/>\n<meta name=\"twitter:site\" content=\"@evropska_kuca\" \/>\n<meta name=\"twitter:label1\" content=\"Est. reading time\" \/>\n\t<meta name=\"twitter:data1\" content=\"1 minute\" \/>\n<script type=\"application\/ld+json\" class=\"yoast-schema-graph\">{\"@context\":\"https:\\\/\\\/schema.org\",\"@graph\":[{\"@type\":\"WebPage\",\"@id\":\"https:\\\/\\\/www.evropskakuca.me\\\/me\\\/event2\\\/radionica-za-djecu-imaginarijum-imagi-ekosetnja\\\/\",\"url\":\"https:\\\/\\\/www.evropskakuca.me\\\/me\\\/event2\\\/radionica-za-djecu-imaginarijum-imagi-ekosetnja\\\/\",\"name\":\"RADIONICA ZA DJECU: \u201eImaginarijum - Imagi Eko\u0160etnja\u201c - Europe House\",\"isPartOf\":{\"@id\":\"https:\\\/\\\/www.evropskakuca.me\\\/me\\\/#website\"},\"primaryImageOfPage\":{\"@id\":\"https:\\\/\\\/www.evropskakuca.me\\\/me\\\/event2\\\/radionica-za-djecu-imaginarijum-imagi-ekosetnja\\\/#primaryimage\"},\"image\":{\"@id\":\"https:\\\/\\\/www.evropskakuca.me\\\/me\\\/event2\\\/radionica-za-djecu-imaginarijum-imagi-ekosetnja\\\/#primaryimage\"},\"thumbnailUrl\":\"https:\\\/\\\/www.evropskakuca.me\\\/wp-content\\\/uploads\\\/2022\\\/11\\\/315205397_437361751920366_8790000378483060695_n.jpg\",\"datePublished\":\"2023-05-05T13:35:27+00:00\",\"breadcrumb\":{\"@id\":\"https:\\\/\\\/www.evropskakuca.me\\\/me\\\/event2\\\/radionica-za-djecu-imaginarijum-imagi-ekosetnja\\\/#breadcrumb\"},\"inLanguage\":\"me-ME\",\"potentialAction\":[{\"@type\":\"ReadAction\",\"target\":[\"https:\\\/\\\/www.evropskakuca.me\\\/me\\\/event2\\\/radionica-za-djecu-imaginarijum-imagi-ekosetnja\\\/\"]}]},{\"@type\":\"ImageObject\",\"inLanguage\":\"me-ME\",\"@id\":\"https:\\\/\\\/www.evropskakuca.me\\\/me\\\/event2\\\/radionica-za-djecu-imaginarijum-imagi-ekosetnja\\\/#primaryimage\",\"url\":\"https:\\\/\\\/www.evropskakuca.me\\\/wp-content\\\/uploads\\\/2022\\\/11\\\/315205397_437361751920366_8790000378483060695_n.jpg\",\"contentUrl\":\"https:\\\/\\\/www.evropskakuca.me\\\/wp-content\\\/uploads\\\/2022\\\/11\\\/315205397_437361751920366_8790000378483060695_n.jpg\",\"width\":2000,\"height\":1333},{\"@type\":\"BreadcrumbList\",\"@id\":\"https:\\\/\\\/www.evropskakuca.me\\\/me\\\/event2\\\/radionica-za-djecu-imaginarijum-imagi-ekosetnja\\\/#breadcrumb\",\"itemListElement\":[{\"@type\":\"ListItem\",\"position\":1,\"name\":\"Home\",\"item\":\"https:\\\/\\\/www.evropskakuca.me\\\/me\\\/\"},{\"@type\":\"ListItem\",\"position\":2,\"name\":\"RADIONICA ZA DJECU: \u201eImaginarijum &#8211; Imagi Eko\u0160etnja\u201c\"}]},{\"@type\":\"WebSite\",\"@id\":\"https:\\\/\\\/www.evropskakuca.me\\\/me\\\/#website\",\"url\":\"https:\\\/\\\/www.evropskakuca.me\\\/me\\\/\",\"name\":\"Evropean house\",\"description\":\"\",\"publisher\":{\"@id\":\"https:\\\/\\\/www.evropskakuca.me\\\/me\\\/#organization\"},\"potentialAction\":[{\"@type\":\"SearchAction\",\"target\":{\"@type\":\"EntryPoint\",\"urlTemplate\":\"https:\\\/\\\/www.evropskakuca.me\\\/me\\\/?s={search_term_string}\"},\"query-input\":{\"@type\":\"PropertyValueSpecification\",\"valueRequired\":true,\"valueName\":\"search_term_string\"}}],\"inLanguage\":\"me-ME\"},{\"@type\":\"Organization\",\"@id\":\"https:\\\/\\\/www.evropskakuca.me\\\/me\\\/#organization\",\"name\":\"Evropean house\",\"url\":\"https:\\\/\\\/www.evropskakuca.me\\\/me\\\/\",\"logo\":{\"@type\":\"ImageObject\",\"inLanguage\":\"me-ME\",\"@id\":\"https:\\\/\\\/www.evropskakuca.me\\\/me\\\/#\\\/schema\\\/logo\\\/image\\\/\",\"url\":\"https:\\\/\\\/www.evropskakuca.me\\\/wp-content\\\/uploads\\\/2025\\\/01\\\/evropska-kuca-logo-1.png\",\"contentUrl\":\"https:\\\/\\\/www.evropskakuca.me\\\/wp-content\\\/uploads\\\/2025\\\/01\\\/evropska-kuca-logo-1.png\",\"width\":425,\"height\":312,\"caption\":\"Evropean house\"},\"image\":{\"@id\":\"https:\\\/\\\/www.evropskakuca.me\\\/me\\\/#\\\/schema\\\/logo\\\/image\\\/\"},\"sameAs\":[\"https:\\\/\\\/www.facebook.com\\\/evropska.kuca\",\"https:\\\/\\\/x.com\\\/evropska_kuca\",\"https:\\\/\\\/www.instagram.com\\\/evropska_kuca\"]}]}<\/script>\n<!-- \/ Yoast SEO plugin. -->","yoast_head_json":{"title":"RADIONICA ZA DJECU: \u201eImaginarijum - Imagi Eko\u0160etnja\u201c - Europe House","robots":{"index":"index","follow":"follow","max-snippet":"max-snippet:-1","max-image-preview":"max-image-preview:large","max-video-preview":"max-video-preview:-1"},"canonical":"https:\/\/www.evropskakuca.me\/me\/event2\/radionica-za-djecu-imaginarijum-imagi-ekosetnja\/","og_locale":"en_US","og_type":"article","og_title":"RADIONICA ZA DJECU: \u201eImaginarijum - Imagi Eko\u0160etnja\u201c - Europe House","og_description":"Koncept je zasnovan na radionici \u201eMoj imaginarijum\u201c gdje djeca razvijaju svoju kreativnost kroz povezanost sa umjetnicima. Zajedno sa osniva\u010dem \u201eMog imaginarijuma\u201d Ivom Ivanovi\u0107, Evropska ku\u0107a \u0107e organizovati slikarsku radionicu za djecu na temu \u010diste energije kroz posebnu tehniku sito \u0161tampe. Nakon radionice bi\u0107e otvorena izlo\u017eba dje\u010djih radova. Organizator: Evropska ku\u0107a &#8220;Imaginarium&#8221; &nbsp;","og_url":"https:\/\/www.evropskakuca.me\/me\/event2\/radionica-za-djecu-imaginarijum-imagi-ekosetnja\/","og_site_name":"Europe House","article_publisher":"https:\/\/www.facebook.com\/evropska.kuca","og_image":[{"width":2000,"height":1333,"url":"https:\/\/www.evropskakuca.me\/wp-content\/uploads\/2022\/11\/315205397_437361751920366_8790000378483060695_n.jpg","type":"image\/jpeg"}],"twitter_card":"summary_large_image","twitter_site":"@evropska_kuca","twitter_misc":{"Est. reading time":"1 minute"},"schema":{"@context":"https:\/\/schema.org","@graph":[{"@type":"WebPage","@id":"https:\/\/www.evropskakuca.me\/me\/event2\/radionica-za-djecu-imaginarijum-imagi-ekosetnja\/","url":"https:\/\/www.evropskakuca.me\/me\/event2\/radionica-za-djecu-imaginarijum-imagi-ekosetnja\/","name":"RADIONICA ZA DJECU: \u201eImaginarijum - Imagi Eko\u0160etnja\u201c - Europe House","isPartOf":{"@id":"https:\/\/www.evropskakuca.me\/me\/#website"},"primaryImageOfPage":{"@id":"https:\/\/www.evropskakuca.me\/me\/event2\/radionica-za-djecu-imaginarijum-imagi-ekosetnja\/#primaryimage"},"image":{"@id":"https:\/\/www.evropskakuca.me\/me\/event2\/radionica-za-djecu-imaginarijum-imagi-ekosetnja\/#primaryimage"},"thumbnailUrl":"https:\/\/www.evropskakuca.me\/wp-content\/uploads\/2022\/11\/315205397_437361751920366_8790000378483060695_n.jpg","datePublished":"2023-05-05T13:35:27+00:00","breadcrumb":{"@id":"https:\/\/www.evropskakuca.me\/me\/event2\/radionica-za-djecu-imaginarijum-imagi-ekosetnja\/#breadcrumb"},"inLanguage":"me-ME","potentialAction":[{"@type":"ReadAction","target":["https:\/\/www.evropskakuca.me\/me\/event2\/radionica-za-djecu-imaginarijum-imagi-ekosetnja\/"]}]},{"@type":"ImageObject","inLanguage":"me-ME","@id":"https:\/\/www.evropskakuca.me\/me\/event2\/radionica-za-djecu-imaginarijum-imagi-ekosetnja\/#primaryimage","url":"https:\/\/www.evropskakuca.me\/wp-content\/uploads\/2022\/11\/315205397_437361751920366_8790000378483060695_n.jpg","contentUrl":"https:\/\/www.evropskakuca.me\/wp-content\/uploads\/2022\/11\/315205397_437361751920366_8790000378483060695_n.jpg","width":2000,"height":1333},{"@type":"BreadcrumbList","@id":"https:\/\/www.evropskakuca.me\/me\/event2\/radionica-za-djecu-imaginarijum-imagi-ekosetnja\/#breadcrumb","itemListElement":[{"@type":"ListItem","position":1,"name":"Home","item":"https:\/\/www.evropskakuca.me\/me\/"},{"@type":"ListItem","position":2,"name":"RADIONICA ZA DJECU: \u201eImaginarijum &#8211; Imagi Eko\u0160etnja\u201c"}]},{"@type":"WebSite","@id":"https:\/\/www.evropskakuca.me\/me\/#website","url":"https:\/\/www.evropskakuca.me\/me\/","name":"Evropean house","description":"","publisher":{"@id":"https:\/\/www.evropskakuca.me\/me\/#organization"},"potentialAction":[{"@type":"SearchAction","target":{"@type":"EntryPoint","urlTemplate":"https:\/\/www.evropskakuca.me\/me\/?s={search_term_string}"},"query-input":{"@type":"PropertyValueSpecification","valueRequired":true,"valueName":"search_term_string"}}],"inLanguage":"me-ME"},{"@type":"Organization","@id":"https:\/\/www.evropskakuca.me\/me\/#organization","name":"Evropean house","url":"https:\/\/www.evropskakuca.me\/me\/","logo":{"@type":"ImageObject","inLanguage":"me-ME","@id":"https:\/\/www.evropskakuca.me\/me\/#\/schema\/logo\/image\/","url":"https:\/\/www.evropskakuca.me\/wp-content\/uploads\/2025\/01\/evropska-kuca-logo-1.png","contentUrl":"https:\/\/www.evropskakuca.me\/wp-content\/uploads\/2025\/01\/evropska-kuca-logo-1.png","width":425,"height":312,"caption":"Evropean house"},"image":{"@id":"https:\/\/www.evropskakuca.me\/me\/#\/schema\/logo\/image\/"},"sameAs":["https:\/\/www.facebook.com\/evropska.kuca","https:\/\/x.com\/evropska_kuca","https:\/\/www.instagram.com\/evropska_kuca"]}]}},"_links":{"self":[{"href":"https:\/\/www.evropskakuca.me\/me\/wp-json\/wp\/v2\/event2\/24849","targetHints":{"allow":["GET"]}}],"collection":[{"href":"https:\/\/www.evropskakuca.me\/me\/wp-json\/wp\/v2\/event2"}],"about":[{"href":"https:\/\/www.evropskakuca.me\/me\/wp-json\/wp\/v2\/types\/event2"}],"wp:featuredmedia":[{"embeddable":true,"href":"https:\/\/www.evropskakuca.me\/me\/wp-json\/wp\/v2\/media\/38533"}],"wp:attachment":[{"href":"https:\/\/www.evropskakuca.me\/me\/wp-json\/wp\/v2\/media?parent=24849"}],"curies":[{"name":"wp","href":"https:\/\/api.w.org\/{rel}","templated":true}]}}

RADIONICA ZA DJECU: „Imaginarijum &#8211; Imagi EkoŠetnja“

<p><span class="fontstyle0">Koncept je zasnovan na radionici „Moj imaginarijum“ gdje djeca razvijaju svoju kreativnost kroz povezanost sa umjetnicima. Zajedno sa osnivačem „Mog imaginarijuma” Ivom Ivanović, Evropska kuća će organizovati slikarsku radionicu za djecu na temu čiste energije kroz posebnu tehniku sito štampe. Nakon radionice biće otvorena izložba dječjih radova.</span></p>
<p>Organizator: Evropska kuća &#8220;Imaginarium&#8221;</p>
<p><img fetchpriority="high" decoding="async" class="alignnone size-large wp-image-24700" src="https://evropskakuca.me/wp-content/uploads/2023/04/eu-2891828_1920-1-1024x768.jpg" alt="" width="1024" height="768" /></p>
<p>&nbsp;</p>

<!-- This site is optimized with the Yoast SEO plugin v27.3 - https://yoast.com/product/yoast-seo-wordpress/ -->
<title>RADIONICA ZA DJECU: „Imaginarijum - Imagi EkoŠetnja“ - Europe House</title>
<meta name="robots" content="index, follow, max-snippet:-1, max-image-preview:large, max-video-preview:-1" />
<link rel="canonical" href="https://www.evropskakuca.me/me/event2/radionica-za-djecu-imaginarijum-imagi-ekosetnja/" />
<meta property="og:locale" content="en_US" />
<meta property="og:type" content="article" />
<meta property="og:title" content="RADIONICA ZA DJECU: „Imaginarijum - Imagi EkoŠetnja“ - Europe House" />
<meta property="og:description" content="Koncept je zasnovan na radionici „Moj imaginarijum“ gdje djeca razvijaju svoju kreativnost kroz povezanost sa umjetnicima. Zajedno sa osnivačem „Mog imaginarijuma” Ivom Ivanović, Evropska kuća će organizovati slikarsku radionicu za djecu na temu čiste energije kroz posebnu tehniku sito štampe. Nakon radionice biće otvorena izložba dječjih radova. Organizator: Evropska kuća &#8220;Imaginarium&#8221; &nbsp;" />
<meta property="og:url" content="https://www.evropskakuca.me/me/event2/radionica-za-djecu-imaginarijum-imagi-ekosetnja/" />
<meta property="og:site_name" content="Europe House" />
<meta property="article:publisher" content="https://www.facebook.com/evropska.kuca" />
<meta property="og:image" content="https://www.evropskakuca.me/wp-content/uploads/2022/11/315205397_437361751920366_8790000378483060695_n.jpg" />
	<meta property="og:image:width" content="2000" />
	<meta property="og:image:height" content="1333" />
	<meta property="og:image:type" content="image/jpeg" />
<meta name="twitter:card" content="summary_large_image" />
<meta name="twitter:site" content="@evropska_kuca" />
<meta name="twitter:label1" content="Est. reading time" />
	<meta name="twitter:data1" content="1 minute" />
<script type="application/ld+json" class="yoast-schema-graph">{"@context":"https:\/\/schema.org","@graph":[{"@type":"WebPage","@id":"https:\/\/www.evropskakuca.me\/me\/event2\/radionica-za-djecu-imaginarijum-imagi-ekosetnja\/","url":"https:\/\/www.evropskakuca.me\/me\/event2\/radionica-za-djecu-imaginarijum-imagi-ekosetnja\/","name":"RADIONICA ZA DJECU: „Imaginarijum - Imagi EkoŠetnja“ - Europe House","isPartOf":{"@id":"https:\/\/www.evropskakuca.me\/me\/#website"},"primaryImageOfPage":{"@id":"https:\/\/www.evropskakuca.me\/me\/event2\/radionica-za-djecu-imaginarijum-imagi-ekosetnja\/#primaryimage"},"image":{"@id":"https:\/\/www.evropskakuca.me\/me\/event2\/radionica-za-djecu-imaginarijum-imagi-ekosetnja\/#primaryimage"},"thumbnailUrl":"https:\/\/www.evropskakuca.me\/wp-content\/uploads\/2022\/11\/315205397_437361751920366_8790000378483060695_n.jpg","datePublished":"2023-05-05T13:35:27+00:00","breadcrumb":{"@id":"https:\/\/www.evropskakuca.me\/me\/event2\/radionica-za-djecu-imaginarijum-imagi-ekosetnja\/#breadcrumb"},"inLanguage":"me-ME","potentialAction":[{"@type":"ReadAction","target":["https:\/\/www.evropskakuca.me\/me\/event2\/radionica-za-djecu-imaginarijum-imagi-ekosetnja\/"]}]},{"@type":"ImageObject","inLanguage":"me-ME","@id":"https:\/\/www.evropskakuca.me\/me\/event2\/radionica-za-djecu-imaginarijum-imagi-ekosetnja\/#primaryimage","url":"https:\/\/www.evropskakuca.me\/wp-content\/uploads\/2022\/11\/315205397_437361751920366_8790000378483060695_n.jpg","contentUrl":"https:\/\/www.evropskakuca.me\/wp-content\/uploads\/2022\/11\/315205397_437361751920366_8790000378483060695_n.jpg","width":2000,"height":1333},{"@type":"BreadcrumbList","@id":"https:\/\/www.evropskakuca.me\/me\/event2\/radionica-za-djecu-imaginarijum-imagi-ekosetnja\/#breadcrumb","itemListElement":[{"@type":"ListItem","position":1,"name":"Home","item":"https:\/\/www.evropskakuca.me\/me\/"},{"@type":"ListItem","position":2,"name":"RADIONICA ZA DJECU: „Imaginarijum &#8211; Imagi EkoŠetnja“"}]},{"@type":"WebSite","@id":"https:\/\/www.evropskakuca.me\/me\/#website","url":"https:\/\/www.evropskakuca.me\/me\/","name":"Evropean house","description":"","publisher":{"@id":"https:\/\/www.evropskakuca.me\/me\/#organization"},"potentialAction":[{"@type":"SearchAction","target":{"@type":"EntryPoint","urlTemplate":"https:\/\/www.evropskakuca.me\/me\/?s={search_term_string}"},"query-input":{"@type":"PropertyValueSpecification","valueRequired":true,"valueName":"search_term_string"}}],"inLanguage":"me-ME"},{"@type":"Organization","@id":"https:\/\/www.evropskakuca.me\/me\/#organization","name":"Evropean house","url":"https:\/\/www.evropskakuca.me\/me\/","logo":{"@type":"ImageObject","inLanguage":"me-ME","@id":"https:\/\/www.evropskakuca.me\/me\/#\/schema\/logo\/image\/","url":"https:\/\/www.evropskakuca.me\/wp-content\/uploads\/2025\/01\/evropska-kuca-logo-1.png","contentUrl":"https:\/\/www.evropskakuca.me\/wp-content\/uploads\/2025\/01\/evropska-kuca-logo-1.png","width":425,"height":312,"caption":"Evropean house"},"image":{"@id":"https:\/\/www.evropskakuca.me\/me\/#\/schema\/logo\/image\/"},"sameAs":["https:\/\/www.facebook.com\/evropska.kuca","https:\/\/x.com\/evropska_kuca","https:\/\/www.instagram.com\/evropska_kuca"]}]}</script>
<!-- / Yoast SEO plugin. -->

RADIONICA ZA DJECU: „Imaginarijum - Imagi EkoŠetnja“ - Europe House

Koncept je zasnovan na radionici „Moj imaginarijum“ gdje djeca razvijaju svoju kreativnost kroz povezanost sa umjetnicima. Zajedno sa osnivačem „Mog imaginarijuma” Ivom Ivanović, Evropska kuća će organizovati slikarsku radionicu za djecu na temu čiste energije kroz posebnu tehniku sito štampe. Nakon radionice biće otvorena izložba dječjih radova. Organizator: Evropska kuća &#8220;Imaginarium&#8221; &nbsp;
