{"id":48644,"date":"2026-04-09T11:51:16","date_gmt":"2026-04-09T11:51:16","guid":{"rendered":"https:\/\/www.evropskakuca.me\/?post_type=event-bar&#038;p=48644"},"modified":"2026-04-09T11:51:40","modified_gmt":"2026-04-09T11:51:40","slug":"pjesacka-tura-upoznavanje-sa-urbanim-nasljedem-bara","status":"publish","type":"event-bar","link":"https:\/\/www.evropskakuca.me\/me\/event-bar\/pjesacka-tura-upoznavanje-sa-urbanim-nasljedem-bara\/","title":{"rendered":"Pje\u0161a\u010dka tura: Upoznavanje sa urbanim naslje\u0111em Bara"},"content":{"rendered":"\n<p>Organizator doga\u0111aja: Europe House Bar<\/p>\n","protected":false},"featured_media":47755,"template":"","class_list":["post-48644","event-bar","type-event-bar","status-publish","has-post-thumbnail","hentry"],"acf":[],"yoast_head":"<!-- This site is optimized with the Yoast SEO plugin v27.3 - https:\/\/yoast.com\/product\/yoast-seo-wordpress\/ -->\n<title>Pje\u0161a\u010dka tura: Upoznavanje sa urbanim naslje\u0111em Bara - Europe House<\/title>\n<meta name=\"robots\" content=\"index, follow, max-snippet:-1, max-image-preview:large, max-video-preview:-1\" \/>\n<link rel=\"canonical\" href=\"https:\/\/www.evropskakuca.me\/me\/event-bar\/pjesacka-tura-upoznavanje-sa-urbanim-nasljedem-bara\/\" \/>\n<meta property=\"og:locale\" content=\"en_US\" \/>\n<meta property=\"og:type\" content=\"article\" \/>\n<meta property=\"og:title\" content=\"Pje\u0161a\u010dka tura: Upoznavanje sa urbanim naslje\u0111em Bara - Europe House\" \/>\n<meta property=\"og:description\" content=\"Organizator doga\u0111aja: Europe House Bar\" \/>\n<meta property=\"og:url\" content=\"https:\/\/www.evropskakuca.me\/me\/event-bar\/pjesacka-tura-upoznavanje-sa-urbanim-nasljedem-bara\/\" \/>\n<meta property=\"og:site_name\" content=\"Europe House\" \/>\n<meta property=\"article:publisher\" content=\"https:\/\/www.facebook.com\/evropska.kuca\" \/>\n<meta property=\"article:modified_time\" content=\"2026-04-09T11:51:40+00:00\" \/>\n<meta property=\"og:image\" content=\"https:\/\/www.evropskakuca.me\/wp-content\/uploads\/2026\/02\/FRO_5224-scaled.jpg\" \/>\n\t<meta property=\"og:image:width\" content=\"2560\" \/>\n\t<meta property=\"og:image:height\" content=\"1707\" \/>\n\t<meta property=\"og:image:type\" content=\"image\/jpeg\" \/>\n<meta name=\"twitter:card\" content=\"summary_large_image\" \/>\n<meta name=\"twitter:site\" content=\"@evropska_kuca\" \/>\n<meta name=\"twitter:label1\" content=\"Est. reading time\" \/>\n\t<meta name=\"twitter:data1\" content=\"1 minute\" \/>\n<script type=\"application\/ld+json\" class=\"yoast-schema-graph\">{\"@context\":\"https:\\\/\\\/schema.org\",\"@graph\":[{\"@type\":\"WebPage\",\"@id\":\"https:\\\/\\\/www.evropskakuca.me\\\/me\\\/event-bar\\\/pjesacka-tura-upoznavanje-sa-urbanim-nasljedem-bara\\\/\",\"url\":\"https:\\\/\\\/www.evropskakuca.me\\\/me\\\/event-bar\\\/pjesacka-tura-upoznavanje-sa-urbanim-nasljedem-bara\\\/\",\"name\":\"Pje\u0161a\u010dka tura: Upoznavanje sa urbanim naslje\u0111em Bara - Europe House\",\"isPartOf\":{\"@id\":\"https:\\\/\\\/www.evropskakuca.me\\\/me\\\/#website\"},\"primaryImageOfPage\":{\"@id\":\"https:\\\/\\\/www.evropskakuca.me\\\/me\\\/event-bar\\\/pjesacka-tura-upoznavanje-sa-urbanim-nasljedem-bara\\\/#primaryimage\"},\"image\":{\"@id\":\"https:\\\/\\\/www.evropskakuca.me\\\/me\\\/event-bar\\\/pjesacka-tura-upoznavanje-sa-urbanim-nasljedem-bara\\\/#primaryimage\"},\"thumbnailUrl\":\"https:\\\/\\\/www.evropskakuca.me\\\/wp-content\\\/uploads\\\/2026\\\/02\\\/FRO_5224-scaled.jpg\",\"datePublished\":\"2026-04-09T11:51:16+00:00\",\"dateModified\":\"2026-04-09T11:51:40+00:00\",\"breadcrumb\":{\"@id\":\"https:\\\/\\\/www.evropskakuca.me\\\/me\\\/event-bar\\\/pjesacka-tura-upoznavanje-sa-urbanim-nasljedem-bara\\\/#breadcrumb\"},\"inLanguage\":\"me-ME\",\"potentialAction\":[{\"@type\":\"ReadAction\",\"target\":[\"https:\\\/\\\/www.evropskakuca.me\\\/me\\\/event-bar\\\/pjesacka-tura-upoznavanje-sa-urbanim-nasljedem-bara\\\/\"]}]},{\"@type\":\"ImageObject\",\"inLanguage\":\"me-ME\",\"@id\":\"https:\\\/\\\/www.evropskakuca.me\\\/me\\\/event-bar\\\/pjesacka-tura-upoznavanje-sa-urbanim-nasljedem-bara\\\/#primaryimage\",\"url\":\"https:\\\/\\\/www.evropskakuca.me\\\/wp-content\\\/uploads\\\/2026\\\/02\\\/FRO_5224-scaled.jpg\",\"contentUrl\":\"https:\\\/\\\/www.evropskakuca.me\\\/wp-content\\\/uploads\\\/2026\\\/02\\\/FRO_5224-scaled.jpg\",\"width\":2560,\"height\":1707},{\"@type\":\"BreadcrumbList\",\"@id\":\"https:\\\/\\\/www.evropskakuca.me\\\/me\\\/event-bar\\\/pjesacka-tura-upoznavanje-sa-urbanim-nasljedem-bara\\\/#breadcrumb\",\"itemListElement\":[{\"@type\":\"ListItem\",\"position\":1,\"name\":\"Home\",\"item\":\"https:\\\/\\\/www.evropskakuca.me\\\/me\\\/\"},{\"@type\":\"ListItem\",\"position\":2,\"name\":\"Pje\u0161a\u010dka tura: Upoznavanje sa urbanim naslje\u0111em Bara\"}]},{\"@type\":\"WebSite\",\"@id\":\"https:\\\/\\\/www.evropskakuca.me\\\/me\\\/#website\",\"url\":\"https:\\\/\\\/www.evropskakuca.me\\\/me\\\/\",\"name\":\"Evropean house\",\"description\":\"\",\"publisher\":{\"@id\":\"https:\\\/\\\/www.evropskakuca.me\\\/me\\\/#organization\"},\"potentialAction\":[{\"@type\":\"SearchAction\",\"target\":{\"@type\":\"EntryPoint\",\"urlTemplate\":\"https:\\\/\\\/www.evropskakuca.me\\\/me\\\/?s={search_term_string}\"},\"query-input\":{\"@type\":\"PropertyValueSpecification\",\"valueRequired\":true,\"valueName\":\"search_term_string\"}}],\"inLanguage\":\"me-ME\"},{\"@type\":\"Organization\",\"@id\":\"https:\\\/\\\/www.evropskakuca.me\\\/me\\\/#organization\",\"name\":\"Evropean house\",\"url\":\"https:\\\/\\\/www.evropskakuca.me\\\/me\\\/\",\"logo\":{\"@type\":\"ImageObject\",\"inLanguage\":\"me-ME\",\"@id\":\"https:\\\/\\\/www.evropskakuca.me\\\/me\\\/#\\\/schema\\\/logo\\\/image\\\/\",\"url\":\"https:\\\/\\\/www.evropskakuca.me\\\/wp-content\\\/uploads\\\/2025\\\/01\\\/evropska-kuca-logo-1.png\",\"contentUrl\":\"https:\\\/\\\/www.evropskakuca.me\\\/wp-content\\\/uploads\\\/2025\\\/01\\\/evropska-kuca-logo-1.png\",\"width\":425,\"height\":312,\"caption\":\"Evropean house\"},\"image\":{\"@id\":\"https:\\\/\\\/www.evropskakuca.me\\\/me\\\/#\\\/schema\\\/logo\\\/image\\\/\"},\"sameAs\":[\"https:\\\/\\\/www.facebook.com\\\/evropska.kuca\",\"https:\\\/\\\/x.com\\\/evropska_kuca\",\"https:\\\/\\\/www.instagram.com\\\/evropska_kuca\"]}]}<\/script>\n<!-- \/ Yoast SEO plugin. -->","yoast_head_json":{"title":"Pje\u0161a\u010dka tura: Upoznavanje sa urbanim naslje\u0111em Bara - Europe House","robots":{"index":"index","follow":"follow","max-snippet":"max-snippet:-1","max-image-preview":"max-image-preview:large","max-video-preview":"max-video-preview:-1"},"canonical":"https:\/\/www.evropskakuca.me\/me\/event-bar\/pjesacka-tura-upoznavanje-sa-urbanim-nasljedem-bara\/","og_locale":"en_US","og_type":"article","og_title":"Pje\u0161a\u010dka tura: Upoznavanje sa urbanim naslje\u0111em Bara - Europe House","og_description":"Organizator doga\u0111aja: Europe House Bar","og_url":"https:\/\/www.evropskakuca.me\/me\/event-bar\/pjesacka-tura-upoznavanje-sa-urbanim-nasljedem-bara\/","og_site_name":"Europe House","article_publisher":"https:\/\/www.facebook.com\/evropska.kuca","article_modified_time":"2026-04-09T11:51:40+00:00","og_image":[{"width":2560,"height":1707,"url":"https:\/\/www.evropskakuca.me\/wp-content\/uploads\/2026\/02\/FRO_5224-scaled.jpg","type":"image\/jpeg"}],"twitter_card":"summary_large_image","twitter_site":"@evropska_kuca","twitter_misc":{"Est. reading time":"1 minute"},"schema":{"@context":"https:\/\/schema.org","@graph":[{"@type":"WebPage","@id":"https:\/\/www.evropskakuca.me\/me\/event-bar\/pjesacka-tura-upoznavanje-sa-urbanim-nasljedem-bara\/","url":"https:\/\/www.evropskakuca.me\/me\/event-bar\/pjesacka-tura-upoznavanje-sa-urbanim-nasljedem-bara\/","name":"Pje\u0161a\u010dka tura: Upoznavanje sa urbanim naslje\u0111em Bara - Europe House","isPartOf":{"@id":"https:\/\/www.evropskakuca.me\/me\/#website"},"primaryImageOfPage":{"@id":"https:\/\/www.evropskakuca.me\/me\/event-bar\/pjesacka-tura-upoznavanje-sa-urbanim-nasljedem-bara\/#primaryimage"},"image":{"@id":"https:\/\/www.evropskakuca.me\/me\/event-bar\/pjesacka-tura-upoznavanje-sa-urbanim-nasljedem-bara\/#primaryimage"},"thumbnailUrl":"https:\/\/www.evropskakuca.me\/wp-content\/uploads\/2026\/02\/FRO_5224-scaled.jpg","datePublished":"2026-04-09T11:51:16+00:00","dateModified":"2026-04-09T11:51:40+00:00","breadcrumb":{"@id":"https:\/\/www.evropskakuca.me\/me\/event-bar\/pjesacka-tura-upoznavanje-sa-urbanim-nasljedem-bara\/#breadcrumb"},"inLanguage":"me-ME","potentialAction":[{"@type":"ReadAction","target":["https:\/\/www.evropskakuca.me\/me\/event-bar\/pjesacka-tura-upoznavanje-sa-urbanim-nasljedem-bara\/"]}]},{"@type":"ImageObject","inLanguage":"me-ME","@id":"https:\/\/www.evropskakuca.me\/me\/event-bar\/pjesacka-tura-upoznavanje-sa-urbanim-nasljedem-bara\/#primaryimage","url":"https:\/\/www.evropskakuca.me\/wp-content\/uploads\/2026\/02\/FRO_5224-scaled.jpg","contentUrl":"https:\/\/www.evropskakuca.me\/wp-content\/uploads\/2026\/02\/FRO_5224-scaled.jpg","width":2560,"height":1707},{"@type":"BreadcrumbList","@id":"https:\/\/www.evropskakuca.me\/me\/event-bar\/pjesacka-tura-upoznavanje-sa-urbanim-nasljedem-bara\/#breadcrumb","itemListElement":[{"@type":"ListItem","position":1,"name":"Home","item":"https:\/\/www.evropskakuca.me\/me\/"},{"@type":"ListItem","position":2,"name":"Pje\u0161a\u010dka tura: Upoznavanje sa urbanim naslje\u0111em Bara"}]},{"@type":"WebSite","@id":"https:\/\/www.evropskakuca.me\/me\/#website","url":"https:\/\/www.evropskakuca.me\/me\/","name":"Evropean house","description":"","publisher":{"@id":"https:\/\/www.evropskakuca.me\/me\/#organization"},"potentialAction":[{"@type":"SearchAction","target":{"@type":"EntryPoint","urlTemplate":"https:\/\/www.evropskakuca.me\/me\/?s={search_term_string}"},"query-input":{"@type":"PropertyValueSpecification","valueRequired":true,"valueName":"search_term_string"}}],"inLanguage":"me-ME"},{"@type":"Organization","@id":"https:\/\/www.evropskakuca.me\/me\/#organization","name":"Evropean house","url":"https:\/\/www.evropskakuca.me\/me\/","logo":{"@type":"ImageObject","inLanguage":"me-ME","@id":"https:\/\/www.evropskakuca.me\/me\/#\/schema\/logo\/image\/","url":"https:\/\/www.evropskakuca.me\/wp-content\/uploads\/2025\/01\/evropska-kuca-logo-1.png","contentUrl":"https:\/\/www.evropskakuca.me\/wp-content\/uploads\/2025\/01\/evropska-kuca-logo-1.png","width":425,"height":312,"caption":"Evropean house"},"image":{"@id":"https:\/\/www.evropskakuca.me\/me\/#\/schema\/logo\/image\/"},"sameAs":["https:\/\/www.facebook.com\/evropska.kuca","https:\/\/x.com\/evropska_kuca","https:\/\/www.instagram.com\/evropska_kuca"]}]}},"_links":{"self":[{"href":"https:\/\/www.evropskakuca.me\/me\/wp-json\/wp\/v2\/event-bar\/48644","targetHints":{"allow":["GET"]}}],"collection":[{"href":"https:\/\/www.evropskakuca.me\/me\/wp-json\/wp\/v2\/event-bar"}],"about":[{"href":"https:\/\/www.evropskakuca.me\/me\/wp-json\/wp\/v2\/types\/event-bar"}],"wp:featuredmedia":[{"embeddable":true,"href":"https:\/\/www.evropskakuca.me\/me\/wp-json\/wp\/v2\/media\/47755"}],"wp:attachment":[{"href":"https:\/\/www.evropskakuca.me\/me\/wp-json\/wp\/v2\/media?parent=48644"}],"curies":[{"name":"wp","href":"https:\/\/api.w.org\/{rel}","templated":true}]}}

Pješačka tura: Upoznavanje sa urbanim nasljeđem Bara

<p>Organizator događaja: Europe House Bar</p>

<!-- This site is optimized with the Yoast SEO plugin v27.3 - https://yoast.com/product/yoast-seo-wordpress/ -->
<title>Pješačka tura: Upoznavanje sa urbanim nasljeđem Bara - Europe House</title>
<meta name="robots" content="index, follow, max-snippet:-1, max-image-preview:large, max-video-preview:-1" />
<link rel="canonical" href="https://www.evropskakuca.me/me/event-bar/pjesacka-tura-upoznavanje-sa-urbanim-nasljedem-bara/" />
<meta property="og:locale" content="en_US" />
<meta property="og:type" content="article" />
<meta property="og:title" content="Pješačka tura: Upoznavanje sa urbanim nasljeđem Bara - Europe House" />
<meta property="og:description" content="Organizator događaja: Europe House Bar" />
<meta property="og:url" content="https://www.evropskakuca.me/me/event-bar/pjesacka-tura-upoznavanje-sa-urbanim-nasljedem-bara/" />
<meta property="og:site_name" content="Europe House" />
<meta property="article:publisher" content="https://www.facebook.com/evropska.kuca" />
<meta property="article:modified_time" content="2026-04-09T11:51:40+00:00" />
<meta property="og:image" content="https://www.evropskakuca.me/wp-content/uploads/2026/02/FRO_5224-scaled.jpg" />
	<meta property="og:image:width" content="2560" />
	<meta property="og:image:height" content="1707" />
	<meta property="og:image:type" content="image/jpeg" />
<meta name="twitter:card" content="summary_large_image" />
<meta name="twitter:site" content="@evropska_kuca" />
<meta name="twitter:label1" content="Est. reading time" />
	<meta name="twitter:data1" content="1 minute" />
<script type="application/ld+json" class="yoast-schema-graph">{"@context":"https:\/\/schema.org","@graph":[{"@type":"WebPage","@id":"https:\/\/www.evropskakuca.me\/me\/event-bar\/pjesacka-tura-upoznavanje-sa-urbanim-nasljedem-bara\/","url":"https:\/\/www.evropskakuca.me\/me\/event-bar\/pjesacka-tura-upoznavanje-sa-urbanim-nasljedem-bara\/","name":"Pješačka tura: Upoznavanje sa urbanim nasljeđem Bara - Europe House","isPartOf":{"@id":"https:\/\/www.evropskakuca.me\/me\/#website"},"primaryImageOfPage":{"@id":"https:\/\/www.evropskakuca.me\/me\/event-bar\/pjesacka-tura-upoznavanje-sa-urbanim-nasljedem-bara\/#primaryimage"},"image":{"@id":"https:\/\/www.evropskakuca.me\/me\/event-bar\/pjesacka-tura-upoznavanje-sa-urbanim-nasljedem-bara\/#primaryimage"},"thumbnailUrl":"https:\/\/www.evropskakuca.me\/wp-content\/uploads\/2026\/02\/FRO_5224-scaled.jpg","datePublished":"2026-04-09T11:51:16+00:00","dateModified":"2026-04-09T11:51:40+00:00","breadcrumb":{"@id":"https:\/\/www.evropskakuca.me\/me\/event-bar\/pjesacka-tura-upoznavanje-sa-urbanim-nasljedem-bara\/#breadcrumb"},"inLanguage":"me-ME","potentialAction":[{"@type":"ReadAction","target":["https:\/\/www.evropskakuca.me\/me\/event-bar\/pjesacka-tura-upoznavanje-sa-urbanim-nasljedem-bara\/"]}]},{"@type":"ImageObject","inLanguage":"me-ME","@id":"https:\/\/www.evropskakuca.me\/me\/event-bar\/pjesacka-tura-upoznavanje-sa-urbanim-nasljedem-bara\/#primaryimage","url":"https:\/\/www.evropskakuca.me\/wp-content\/uploads\/2026\/02\/FRO_5224-scaled.jpg","contentUrl":"https:\/\/www.evropskakuca.me\/wp-content\/uploads\/2026\/02\/FRO_5224-scaled.jpg","width":2560,"height":1707},{"@type":"BreadcrumbList","@id":"https:\/\/www.evropskakuca.me\/me\/event-bar\/pjesacka-tura-upoznavanje-sa-urbanim-nasljedem-bara\/#breadcrumb","itemListElement":[{"@type":"ListItem","position":1,"name":"Home","item":"https:\/\/www.evropskakuca.me\/me\/"},{"@type":"ListItem","position":2,"name":"Pješačka tura: Upoznavanje sa urbanim nasljeđem Bara"}]},{"@type":"WebSite","@id":"https:\/\/www.evropskakuca.me\/me\/#website","url":"https:\/\/www.evropskakuca.me\/me\/","name":"Evropean house","description":"","publisher":{"@id":"https:\/\/www.evropskakuca.me\/me\/#organization"},"potentialAction":[{"@type":"SearchAction","target":{"@type":"EntryPoint","urlTemplate":"https:\/\/www.evropskakuca.me\/me\/?s={search_term_string}"},"query-input":{"@type":"PropertyValueSpecification","valueRequired":true,"valueName":"search_term_string"}}],"inLanguage":"me-ME"},{"@type":"Organization","@id":"https:\/\/www.evropskakuca.me\/me\/#organization","name":"Evropean house","url":"https:\/\/www.evropskakuca.me\/me\/","logo":{"@type":"ImageObject","inLanguage":"me-ME","@id":"https:\/\/www.evropskakuca.me\/me\/#\/schema\/logo\/image\/","url":"https:\/\/www.evropskakuca.me\/wp-content\/uploads\/2025\/01\/evropska-kuca-logo-1.png","contentUrl":"https:\/\/www.evropskakuca.me\/wp-content\/uploads\/2025\/01\/evropska-kuca-logo-1.png","width":425,"height":312,"caption":"Evropean house"},"image":{"@id":"https:\/\/www.evropskakuca.me\/me\/#\/schema\/logo\/image\/"},"sameAs":["https:\/\/www.facebook.com\/evropska.kuca","https:\/\/x.com\/evropska_kuca","https:\/\/www.instagram.com\/evropska_kuca"]}]}</script>
<!-- / Yoast SEO plugin. -->

Pješačka tura: Upoznavanje sa urbanim nasljeđem Bara - Europe House

Organizator događaja: Europe House Bar
