{"version":"1.0","provider_name":" Europe House","provider_url":"https:\/\/www.evropskakuca.me\/me\/","title":"Zavr\u0161en tre\u0107i Me\u0111unarodni EYCA Educo Kamp - Europe House","type":"rich","width":600,"height":338,"html":"<blockquote class=\"wp-embedded-content\" data-secret=\"OezmbzjnEr\"><a href=\"https:\/\/www.evropskakuca.me\/me\/zavrsen-treci-medunarodni-eyca-educo-kamp\/\">Zavr\u0161en tre\u0107i Me\u0111unarodni EYCA Educo Kamp<\/a><\/blockquote><iframe sandbox=\"allow-scripts\" security=\"restricted\" src=\"https:\/\/www.evropskakuca.me\/me\/zavrsen-treci-medunarodni-eyca-educo-kamp\/embed\/#?secret=OezmbzjnEr\" width=\"600\" height=\"338\" title=\"&#8220;Zavr\u0161en tre\u0107i Me\u0111unarodni EYCA Educo Kamp&#8221; &#8212;  Europe House\" data-secret=\"OezmbzjnEr\" frameborder=\"0\" marginwidth=\"0\" marginheight=\"0\" scrolling=\"no\" class=\"wp-embedded-content\"><\/iframe><script>\n\/*! This file is auto-generated *\/\n!function(d,l){\"use strict\";l.querySelector&&d.addEventListener&&\"undefined\"!=typeof URL&&(d.wp=d.wp||{},d.wp.receiveEmbedMessage||(d.wp.receiveEmbedMessage=function(e){var t=e.data;if((t||t.secret||t.message||t.value)&&!\/[^a-zA-Z0-9]\/.test(t.secret)){for(var s,r,n,a=l.querySelectorAll('iframe[data-secret=\"'+t.secret+'\"]'),o=l.querySelectorAll('blockquote[data-secret=\"'+t.secret+'\"]'),c=new RegExp(\"^https?:$\",\"i\"),i=0;i<o.length;i++)o[i].style.display=\"none\";for(i=0;i<a.length;i++)s=a[i],e.source===s.contentWindow&&(s.removeAttribute(\"style\"),\"height\"===t.message?(1e3<(r=parseInt(t.value,10))?r=1e3:~~r<200&&(r=200),s.height=r):\"link\"===t.message&&(r=new URL(s.getAttribute(\"src\")),n=new URL(t.value),c.test(n.protocol))&&n.host===r.host&&l.activeElement===s&&(d.top.location.href=t.value))}},d.addEventListener(\"message\",d.wp.receiveEmbedMessage,!1),l.addEventListener(\"DOMContentLoaded\",function(){for(var e,t,s=l.querySelectorAll(\"iframe.wp-embedded-content\"),r=0;r<s.length;r++)(t=(e=s[r]).getAttribute(\"data-secret\"))||(t=Math.random().toString(36).substring(2,12),e.src+=\"#?secret=\"+t,e.setAttribute(\"data-secret\",t)),e.contentWindow.postMessage({message:\"ready\",secret:t},\"*\")},!1)))}(window,document);\n\/\/# sourceURL=https:\/\/www.evropskakuca.me\/wp-includes\/js\/wp-embed.min.js\n<\/script>\n","thumbnail_url":"https:\/\/www.evropskakuca.me\/wp-content\/uploads\/2023\/08\/1692214634471-Hw8FkwBDhZCUo2QgMxQqaQai7.png","thumbnail_width":1210,"thumbnail_height":750,"description":"Trodnevnim edukativnim seminarom, koji je okupio 30 mladih ljudi iz Crne Gore i regiona, obilje\u017een\u00a0je 12. avgust, Me\u0111unarodni dan mladih. Ovaj edukativni kamp organizovao je projektni tim\u00a0NVO \u201cCentar za omladinsku edukaciju\u201d, uz dugogodi\u0161nju podr\u0161ku i partnerstvo sa\u00a0Delegacijom Evropske unije u Crnoj Gori, kao i\u00a0NLB Bankom AD Podgorica\u00a0i\u00a0Mastercard-om. Ideja Me\u0111unarodnog EYCA Educo Campa proistekla je iz [&hellip;]"}

Završen treći Međunarodni EYCA Educo Kamp - Europe House

<blockquote class="wp-embedded-content" data-secret="OezmbzjnEr"><a href="https://www.evropskakuca.me/me/zavrsen-treci-medunarodni-eyca-educo-kamp/">Završen treći Međunarodni EYCA Educo Kamp</a></blockquote><iframe sandbox="allow-scripts" security="restricted" src="https://www.evropskakuca.me/me/zavrsen-treci-medunarodni-eyca-educo-kamp/embed/#?secret=OezmbzjnEr" width="600" height="338" title="&#8220;Završen treći Međunarodni EYCA Educo Kamp&#8221; &#8212;  Europe House" data-secret="OezmbzjnEr" frameborder="0" marginwidth="0" marginheight="0" scrolling="no" class="wp-embedded-content"></iframe><script>
/*! This file is auto-generated */
!function(d,l){"use strict";l.querySelector&&d.addEventListener&&"undefined"!=typeof URL&&(d.wp=d.wp||{},d.wp.receiveEmbedMessage||(d.wp.receiveEmbedMessage=function(e){var t=e.data;if((t||t.secret||t.message||t.value)&&!/[^a-zA-Z0-9]/.test(t.secret)){for(var s,r,n,a=l.querySelectorAll('iframe[data-secret="'+t.secret+'"]'),o=l.querySelectorAll('blockquote[data-secret="'+t.secret+'"]'),c=new RegExp("^https?:$","i"),i=0;i<o.length;i++)o[i].style.display="none";for(i=0;i<a.length;i++)s=a[i],e.source===s.contentWindow&&(s.removeAttribute("style"),"height"===t.message?(1e3<(r=parseInt(t.value,10))?r=1e3:~~r<200&&(r=200),s.height=r):"link"===t.message&&(r=new URL(s.getAttribute("src")),n=new URL(t.value),c.test(n.protocol))&&n.host===r.host&&l.activeElement===s&&(d.top.location.href=t.value))}},d.addEventListener("message",d.wp.receiveEmbedMessage,!1),l.addEventListener("DOMContentLoaded",function(){for(var e,t,s=l.querySelectorAll("iframe.wp-embedded-content"),r=0;r<s.length;r++)(t=(e=s[r]).getAttribute("data-secret"))||(t=Math.random().toString(36).substring(2,12),e.src+="#?secret="+t,e.setAttribute("data-secret",t)),e.contentWindow.postMessage({message:"ready",secret:t},"*")},!1)))}(window,document);
//# sourceURL=https://www.evropskakuca.me/wp-includes/js/wp-embed.min.js
</script>

Trodnevnim edukativnim seminarom, koji je okupio 30 mladih ljudi iz Crne Gore i regiona, obilježen je 12. avgust, Međunarodni dan mladih. Ovaj edukativni kamp organizovao je projektni tim NVO “Centar za omladinsku edukaciju”, uz dugogodišnju podršku i partnerstvo sa Delegacijom Evropske unije u Crnoj Gori, kao i NLB Bankom AD Podgorica i Mastercard-om. Ideja Međunarodnog EYCA Educo Campa proistekla je iz [&hellip;]
