{"version":"1.0","provider_name":" Europe House","provider_url":"https:\/\/www.evropskakuca.me\/me\/","title":"Little Explorers of Europe - Mali koraci koji zna\u010de mnogo! - Europe House","type":"rich","width":600,"height":338,"html":"<blockquote class=\"wp-embedded-content\" data-secret=\"wtgYbFO9TW\"><a href=\"https:\/\/www.evropskakuca.me\/me\/mali-koraci-koji-znace-mnogo\/\">Little Explorers of Europe &#8211; Mali koraci koji zna\u010de mnogo!<\/a><\/blockquote><iframe sandbox=\"allow-scripts\" security=\"restricted\" src=\"https:\/\/www.evropskakuca.me\/me\/mali-koraci-koji-znace-mnogo\/embed\/#?secret=wtgYbFO9TW\" width=\"600\" height=\"338\" title=\"&#8220;Little Explorers of Europe &#8211; Mali koraci koji zna\u010de mnogo!&#8221; &#8212;  Europe House\" data-secret=\"wtgYbFO9TW\" frameborder=\"0\" marginwidth=\"0\" marginheight=\"0\" scrolling=\"no\" class=\"wp-embedded-content\"><\/iframe><script>\n\/*! This file is auto-generated *\/\n!function(d,l){\"use strict\";l.querySelector&&d.addEventListener&&\"undefined\"!=typeof URL&&(d.wp=d.wp||{},d.wp.receiveEmbedMessage||(d.wp.receiveEmbedMessage=function(e){var t=e.data;if((t||t.secret||t.message||t.value)&&!\/[^a-zA-Z0-9]\/.test(t.secret)){for(var s,r,n,a=l.querySelectorAll('iframe[data-secret=\"'+t.secret+'\"]'),o=l.querySelectorAll('blockquote[data-secret=\"'+t.secret+'\"]'),c=new RegExp(\"^https?:$\",\"i\"),i=0;i<o.length;i++)o[i].style.display=\"none\";for(i=0;i<a.length;i++)s=a[i],e.source===s.contentWindow&&(s.removeAttribute(\"style\"),\"height\"===t.message?(1e3<(r=parseInt(t.value,10))?r=1e3:~~r<200&&(r=200),s.height=r):\"link\"===t.message&&(r=new URL(s.getAttribute(\"src\")),n=new URL(t.value),c.test(n.protocol))&&n.host===r.host&&l.activeElement===s&&(d.top.location.href=t.value))}},d.addEventListener(\"message\",d.wp.receiveEmbedMessage,!1),l.addEventListener(\"DOMContentLoaded\",function(){for(var e,t,s=l.querySelectorAll(\"iframe.wp-embedded-content\"),r=0;r<s.length;r++)(t=(e=s[r]).getAttribute(\"data-secret\"))||(t=Math.random().toString(36).substring(2,12),e.src+=\"#?secret=\"+t,e.setAttribute(\"data-secret\",t)),e.contentWindow.postMessage({message:\"ready\",secret:t},\"*\")},!1)))}(window,document);\n\/\/# sourceURL=https:\/\/www.evropskakuca.me\/wp-includes\/js\/wp-embed.min.js\n<\/script>\n","thumbnail_url":"https:\/\/www.evropskakuca.me\/wp-content\/uploads\/2026\/02\/viber_image_2026-02-02_12-05-32-463-e1770035799966.jpg","thumbnail_width":1600,"thumbnail_height":800,"description":"Smijeh, radoznali pogledi i \u0161areni crte\u017ei ispunili su Evropsku ku\u0107u Bijelo Polje zahvaljuju\u0107i mali\u0161anima iz vrti\u0107a \u201eDu\u0161o Baseki\u0107\u201c, vaspitne jedinice \u201eCrvenkapa\u201c. \u010clanovi tima Evropske ku\u0107e srda\u010dno su do\u010dekali mali\u0161ane i kroz interaktivnu radionicu&nbsp;vodili ih kroz prostorije ku\u0107e, obja\u0161njavaju\u0107i \u0161ta je Evropska unija&nbsp;i koja je uloga Evropske ku\u0107e u Bijelom Polju. Djeca su sa velikim entuzijazmom [&hellip;]"}

Little Explorers of Europe - Mali koraci koji znače mnogo! - Europe House

<blockquote class="wp-embedded-content" data-secret="wtgYbFO9TW"><a href="https://www.evropskakuca.me/me/mali-koraci-koji-znace-mnogo/">Little Explorers of Europe &#8211; Mali koraci koji znače mnogo!</a></blockquote><iframe sandbox="allow-scripts" security="restricted" src="https://www.evropskakuca.me/me/mali-koraci-koji-znace-mnogo/embed/#?secret=wtgYbFO9TW" width="600" height="338" title="&#8220;Little Explorers of Europe &#8211; Mali koraci koji znače mnogo!&#8221; &#8212;  Europe House" data-secret="wtgYbFO9TW" frameborder="0" marginwidth="0" marginheight="0" scrolling="no" class="wp-embedded-content"></iframe><script>
/*! This file is auto-generated */
!function(d,l){"use strict";l.querySelector&&d.addEventListener&&"undefined"!=typeof URL&&(d.wp=d.wp||{},d.wp.receiveEmbedMessage||(d.wp.receiveEmbedMessage=function(e){var t=e.data;if((t||t.secret||t.message||t.value)&&!/[^a-zA-Z0-9]/.test(t.secret)){for(var s,r,n,a=l.querySelectorAll('iframe[data-secret="'+t.secret+'"]'),o=l.querySelectorAll('blockquote[data-secret="'+t.secret+'"]'),c=new RegExp("^https?:$","i"),i=0;i<o.length;i++)o[i].style.display="none";for(i=0;i<a.length;i++)s=a[i],e.source===s.contentWindow&&(s.removeAttribute("style"),"height"===t.message?(1e3<(r=parseInt(t.value,10))?r=1e3:~~r<200&&(r=200),s.height=r):"link"===t.message&&(r=new URL(s.getAttribute("src")),n=new URL(t.value),c.test(n.protocol))&&n.host===r.host&&l.activeElement===s&&(d.top.location.href=t.value))}},d.addEventListener("message",d.wp.receiveEmbedMessage,!1),l.addEventListener("DOMContentLoaded",function(){for(var e,t,s=l.querySelectorAll("iframe.wp-embedded-content"),r=0;r<s.length;r++)(t=(e=s[r]).getAttribute("data-secret"))||(t=Math.random().toString(36).substring(2,12),e.src+="#?secret="+t,e.setAttribute("data-secret",t)),e.contentWindow.postMessage({message:"ready",secret:t},"*")},!1)))}(window,document);
//# sourceURL=https://www.evropskakuca.me/wp-includes/js/wp-embed.min.js
</script>

Smijeh, radoznali pogledi i šareni crteži ispunili su Evropsku kuću Bijelo Polje zahvaljujući mališanima iz vrtića „Dušo Basekić“, vaspitne jedinice „Crvenkapa“. Članovi tima Evropske kuće srdačno su dočekali mališane i kroz interaktivnu radionicu&nbsp;vodili ih kroz prostorije kuće, objašnjavajući šta je Evropska unija&nbsp;i koja je uloga Evropske kuće u Bijelom Polju. Djeca su sa velikim entuzijazmom [&hellip;]
