{"version":"1.0","provider_name":" Europe House","provider_url":"https:\/\/www.evropskakuca.me\/me\/","title":"Prijavite se: Evropska ku\u0107a tra\u017ei eksperta za dru\u0161tvene mre\u017ee - Europe House","type":"rich","width":600,"height":338,"html":"<blockquote class=\"wp-embedded-content\" data-secret=\"fWAFTXdnZt\"><a href=\"https:\/\/www.evropskakuca.me\/me\/europe-house-job-opportunities\/\">Prijavite se: Evropska ku\u0107a tra\u017ei eksperta za dru\u0161tvene mre\u017ee<\/a><\/blockquote><iframe sandbox=\"allow-scripts\" security=\"restricted\" src=\"https:\/\/www.evropskakuca.me\/me\/europe-house-job-opportunities\/embed\/#?secret=fWAFTXdnZt\" width=\"600\" height=\"338\" title=\"&#8220;Prijavite se: Evropska ku\u0107a tra\u017ei eksperta za dru\u0161tvene mre\u017ee&#8221; &#8212;  Europe House\" data-secret=\"fWAFTXdnZt\" frameborder=\"0\" marginwidth=\"0\" marginheight=\"0\" scrolling=\"no\" class=\"wp-embedded-content\"><\/iframe><script>\n\/*! This file is auto-generated *\/\n!function(d,l){\"use strict\";l.querySelector&&d.addEventListener&&\"undefined\"!=typeof URL&&(d.wp=d.wp||{},d.wp.receiveEmbedMessage||(d.wp.receiveEmbedMessage=function(e){var t=e.data;if((t||t.secret||t.message||t.value)&&!\/[^a-zA-Z0-9]\/.test(t.secret)){for(var s,r,n,a=l.querySelectorAll('iframe[data-secret=\"'+t.secret+'\"]'),o=l.querySelectorAll('blockquote[data-secret=\"'+t.secret+'\"]'),c=new RegExp(\"^https?:$\",\"i\"),i=0;i<o.length;i++)o[i].style.display=\"none\";for(i=0;i<a.length;i++)s=a[i],e.source===s.contentWindow&&(s.removeAttribute(\"style\"),\"height\"===t.message?(1e3<(r=parseInt(t.value,10))?r=1e3:~~r<200&&(r=200),s.height=r):\"link\"===t.message&&(r=new URL(s.getAttribute(\"src\")),n=new URL(t.value),c.test(n.protocol))&&n.host===r.host&&l.activeElement===s&&(d.top.location.href=t.value))}},d.addEventListener(\"message\",d.wp.receiveEmbedMessage,!1),l.addEventListener(\"DOMContentLoaded\",function(){for(var e,t,s=l.querySelectorAll(\"iframe.wp-embedded-content\"),r=0;r<s.length;r++)(t=(e=s[r]).getAttribute(\"data-secret\"))||(t=Math.random().toString(36).substring(2,12),e.src+=\"#?secret=\"+t,e.setAttribute(\"data-secret\",t)),e.contentWindow.postMessage({message:\"ready\",secret:t},\"*\")},!1)))}(window,document);\n\/\/# sourceURL=https:\/\/www.evropskakuca.me\/wp-includes\/js\/wp-embed.min.js\n<\/script>\n","thumbnail_url":"https:\/\/www.evropskakuca.me\/wp-content\/uploads\/2025\/02\/FRO_5227-scaled.jpg","thumbnail_width":2560,"thumbnail_height":1707,"description":"Non-key field 6: Social Media Officer (Rad na odre\u0111eno vrijeme: zamjenska pozicija u trajanju od 15. marta do 15. jula 2025) Potrebno je da kandidati po\u0161alju CV i motivaciono pismo na info@evropskakuca.me do 10. marta 2025. Samo short-listed kandidati \u0107e biti pozvani na intervju. The expert will be responsible for communication through social media in [&hellip;]"}

Prijavite se: Evropska kuća traži eksperta za društvene mreže - Europe House

<blockquote class="wp-embedded-content" data-secret="fWAFTXdnZt"><a href="https://www.evropskakuca.me/me/europe-house-job-opportunities/">Prijavite se: Evropska kuća traži eksperta za društvene mreže</a></blockquote><iframe sandbox="allow-scripts" security="restricted" src="https://www.evropskakuca.me/me/europe-house-job-opportunities/embed/#?secret=fWAFTXdnZt" width="600" height="338" title="&#8220;Prijavite se: Evropska kuća traži eksperta za društvene mreže&#8221; &#8212;  Europe House" data-secret="fWAFTXdnZt" frameborder="0" marginwidth="0" marginheight="0" scrolling="no" class="wp-embedded-content"></iframe><script>
/*! This file is auto-generated */
!function(d,l){"use strict";l.querySelector&&d.addEventListener&&"undefined"!=typeof URL&&(d.wp=d.wp||{},d.wp.receiveEmbedMessage||(d.wp.receiveEmbedMessage=function(e){var t=e.data;if((t||t.secret||t.message||t.value)&&!/[^a-zA-Z0-9]/.test(t.secret)){for(var s,r,n,a=l.querySelectorAll('iframe[data-secret="'+t.secret+'"]'),o=l.querySelectorAll('blockquote[data-secret="'+t.secret+'"]'),c=new RegExp("^https?:$","i"),i=0;i<o.length;i++)o[i].style.display="none";for(i=0;i<a.length;i++)s=a[i],e.source===s.contentWindow&&(s.removeAttribute("style"),"height"===t.message?(1e3<(r=parseInt(t.value,10))?r=1e3:~~r<200&&(r=200),s.height=r):"link"===t.message&&(r=new URL(s.getAttribute("src")),n=new URL(t.value),c.test(n.protocol))&&n.host===r.host&&l.activeElement===s&&(d.top.location.href=t.value))}},d.addEventListener("message",d.wp.receiveEmbedMessage,!1),l.addEventListener("DOMContentLoaded",function(){for(var e,t,s=l.querySelectorAll("iframe.wp-embedded-content"),r=0;r<s.length;r++)(t=(e=s[r]).getAttribute("data-secret"))||(t=Math.random().toString(36).substring(2,12),e.src+="#?secret="+t,e.setAttribute("data-secret",t)),e.contentWindow.postMessage({message:"ready",secret:t},"*")},!1)))}(window,document);
//# sourceURL=https://www.evropskakuca.me/wp-includes/js/wp-embed.min.js
</script>

Non-key field 6: Social Media Officer (Rad na određeno vrijeme: zamjenska pozicija u trajanju od 15. marta do 15. jula 2025) Potrebno je da kandidati pošalju CV i motivaciono pismo na info@evropskakuca.me do 10. marta 2025. Samo short-listed kandidati će biti pozvani na intervju. The expert will be responsible for communication through social media in [&hellip;]
