{"version":"1.0","provider_name":" Europe House","provider_url":"https:\/\/www.evropskakuca.me\/me\/","title":"Dijalog sa mladima u godini mladih - Europe House","type":"rich","width":600,"height":338,"html":"<blockquote class=\"wp-embedded-content\" data-secret=\"yNXNcVYVqR\"><a href=\"https:\/\/www.evropskakuca.me\/me\/dijalog-sa-mladima-u-godini-mladih\/\">Dijalog sa mladima u godini mladih<\/a><\/blockquote><iframe sandbox=\"allow-scripts\" security=\"restricted\" src=\"https:\/\/www.evropskakuca.me\/me\/dijalog-sa-mladima-u-godini-mladih\/embed\/#?secret=yNXNcVYVqR\" width=\"600\" height=\"338\" title=\"&#8220;Dijalog sa mladima u godini mladih&#8221; &#8212;  Europe House\" data-secret=\"yNXNcVYVqR\" frameborder=\"0\" marginwidth=\"0\" marginheight=\"0\" scrolling=\"no\" class=\"wp-embedded-content\"><\/iframe><script>\n\/*! This file is auto-generated *\/\n!function(d,l){\"use strict\";l.querySelector&&d.addEventListener&&\"undefined\"!=typeof URL&&(d.wp=d.wp||{},d.wp.receiveEmbedMessage||(d.wp.receiveEmbedMessage=function(e){var t=e.data;if((t||t.secret||t.message||t.value)&&!\/[^a-zA-Z0-9]\/.test(t.secret)){for(var s,r,n,a=l.querySelectorAll('iframe[data-secret=\"'+t.secret+'\"]'),o=l.querySelectorAll('blockquote[data-secret=\"'+t.secret+'\"]'),c=new RegExp(\"^https?:$\",\"i\"),i=0;i<o.length;i++)o[i].style.display=\"none\";for(i=0;i<a.length;i++)s=a[i],e.source===s.contentWindow&&(s.removeAttribute(\"style\"),\"height\"===t.message?(1e3<(r=parseInt(t.value,10))?r=1e3:~~r<200&&(r=200),s.height=r):\"link\"===t.message&&(r=new URL(s.getAttribute(\"src\")),n=new URL(t.value),c.test(n.protocol))&&n.host===r.host&&l.activeElement===s&&(d.top.location.href=t.value))}},d.addEventListener(\"message\",d.wp.receiveEmbedMessage,!1),l.addEventListener(\"DOMContentLoaded\",function(){for(var e,t,s=l.querySelectorAll(\"iframe.wp-embedded-content\"),r=0;r<s.length;r++)(t=(e=s[r]).getAttribute(\"data-secret\"))||(t=Math.random().toString(36).substring(2,12),e.src+=\"#?secret=\"+t,e.setAttribute(\"data-secret\",t)),e.contentWindow.postMessage({message:\"ready\",secret:t},\"*\")},!1)))}(window,document);\n\/\/# sourceURL=https:\/\/www.evropskakuca.me\/wp-includes\/js\/wp-embed.min.js\n<\/script>\n","description":"Dijalog i razmjena izme\u0111u mladih i onih koji donose odluke su klju\u010dni za pobolj\u0161anje komunikacije i izgradnju povjerenja. To daje priliku mladim ljudima da u\u010destvuju u kreiranju politika koje direktno uti\u010du na njihove \u017eivote u oblastima kao \u0161to su zapo\u0161ljavanje, \u017eivotna sredina, kultura i javno zdravlje, kazala je ambasadorka EU u Crnoj Gori Oana Kristina [&hellip;]"}

Dijalog i razmjena između mladih i onih koji donose odluke su ključni za poboljšanje komunikacije i izgradnju povjerenja. To daje priliku mladim ljudima da učestvuju u kreiranju politika koje direktno utiču na njihove živote u oblastima kao što su zapošljavanje, životna sredina, kultura i javno zdravlje, kazala je ambasadorka EU u Crnoj Gori Oana Kristina [&hellip;]
