{"version":"1.0","provider_name":" Europe House","provider_url":"https:\/\/www.evropskakuca.me\/me\/","title":"Mjesec Evrope 2022 - Europe House","type":"rich","width":600,"height":338,"html":"<blockquote class=\"wp-embedded-content\" data-secret=\"5jicB1ot6I\"><a href=\"https:\/\/www.evropskakuca.me\/me\/dan-evrope-2022\/\">Mjesec Evrope 2022<\/a><\/blockquote><iframe sandbox=\"allow-scripts\" security=\"restricted\" src=\"https:\/\/www.evropskakuca.me\/me\/dan-evrope-2022\/embed\/#?secret=5jicB1ot6I\" width=\"600\" height=\"338\" title=\"&#8220;Mjesec Evrope 2022&#8221; &#8212;  Europe House\" data-secret=\"5jicB1ot6I\" frameborder=\"0\" marginwidth=\"0\" marginheight=\"0\" scrolling=\"no\" class=\"wp-embedded-content\"><\/iframe><script>\n\/*! This file is auto-generated *\/\n!function(d,l){\"use strict\";l.querySelector&&d.addEventListener&&\"undefined\"!=typeof URL&&(d.wp=d.wp||{},d.wp.receiveEmbedMessage||(d.wp.receiveEmbedMessage=function(e){var t=e.data;if((t||t.secret||t.message||t.value)&&!\/[^a-zA-Z0-9]\/.test(t.secret)){for(var s,r,n,a=l.querySelectorAll('iframe[data-secret=\"'+t.secret+'\"]'),o=l.querySelectorAll('blockquote[data-secret=\"'+t.secret+'\"]'),c=new RegExp(\"^https?:$\",\"i\"),i=0;i<o.length;i++)o[i].style.display=\"none\";for(i=0;i<a.length;i++)s=a[i],e.source===s.contentWindow&&(s.removeAttribute(\"style\"),\"height\"===t.message?(1e3<(r=parseInt(t.value,10))?r=1e3:~~r<200&&(r=200),s.height=r):\"link\"===t.message&&(r=new URL(s.getAttribute(\"src\")),n=new URL(t.value),c.test(n.protocol))&&n.host===r.host&&l.activeElement===s&&(d.top.location.href=t.value))}},d.addEventListener(\"message\",d.wp.receiveEmbedMessage,!1),l.addEventListener(\"DOMContentLoaded\",function(){for(var e,t,s=l.querySelectorAll(\"iframe.wp-embedded-content\"),r=0;r<s.length;r++)(t=(e=s[r]).getAttribute(\"data-secret\"))||(t=Math.random().toString(36).substring(2,12),e.src+=\"#?secret=\"+t,e.setAttribute(\"data-secret\",t)),e.contentWindow.postMessage({message:\"ready\",secret:t},\"*\")},!1)))}(window,document);\n\/\/# sourceURL=https:\/\/www.evropskakuca.me\/wp-includes\/js\/wp-embed.min.js\n<\/script>\n","thumbnail_url":"https:\/\/www.evropskakuca.me\/wp-content\/uploads\/2022\/05\/FRO_5227-scaled.jpg","thumbnail_width":2560,"thumbnail_height":1707,"description":"Muzika, cvije\u0107e, virtuelna stvarnost i nagrade tokom cijelog maja Evropska unija u Crnoj Gori i ove godine slavila je Dan Evrope tokom cijelog maja. \u00a0Za razliku od prethodne dvije godine, ovog puta smo se dru\u017eili u\u017eivo. Po\u010deli smo na Cetinju, gdje smo otvorili veliki cvjetni tepih i organizovali sve\u010dani prijem povodom na Dan Evrope. Potom [&hellip;]"}

Muzika, cvijeće, virtuelna stvarnost i nagrade tokom cijelog maja Evropska unija u Crnoj Gori i ove godine slavila je Dan Evrope tokom cijelog maja.  Za razliku od prethodne dvije godine, ovog puta smo se družili uživo. Počeli smo na Cetinju, gdje smo otvorili veliki cvjetni tepih i organizovali svečani prijem povodom na Dan Evrope. Potom [&hellip;]
