{"version":"1.0","provider_name":" Europe House","provider_url":"https:\/\/www.evropskakuca.me\/me\/","title":"Crna Gora dobila predfinansiranje iz Plana rasta - Europe House","type":"rich","width":600,"height":338,"html":"<blockquote class=\"wp-embedded-content\" data-secret=\"vi9clRzIDi\"><a href=\"https:\/\/www.evropskakuca.me\/me\/crna-gora-dobila-predfinansiranje-iz-eu-plana-rasta\/\">Crna Gora dobila predfinansiranje iz Plana rasta<\/a><\/blockquote><iframe sandbox=\"allow-scripts\" security=\"restricted\" src=\"https:\/\/www.evropskakuca.me\/me\/crna-gora-dobila-predfinansiranje-iz-eu-plana-rasta\/embed\/#?secret=vi9clRzIDi\" width=\"600\" height=\"338\" title=\"&#8220;Crna Gora dobila predfinansiranje iz Plana rasta&#8221; &#8212;  Europe House\" data-secret=\"vi9clRzIDi\" frameborder=\"0\" marginwidth=\"0\" marginheight=\"0\" scrolling=\"no\" class=\"wp-embedded-content\"><\/iframe><script>\n\/*! This file is auto-generated *\/\n!function(d,l){\"use strict\";l.querySelector&&d.addEventListener&&\"undefined\"!=typeof URL&&(d.wp=d.wp||{},d.wp.receiveEmbedMessage||(d.wp.receiveEmbedMessage=function(e){var t=e.data;if((t||t.secret||t.message||t.value)&&!\/[^a-zA-Z0-9]\/.test(t.secret)){for(var s,r,n,a=l.querySelectorAll('iframe[data-secret=\"'+t.secret+'\"]'),o=l.querySelectorAll('blockquote[data-secret=\"'+t.secret+'\"]'),c=new RegExp(\"^https?:$\",\"i\"),i=0;i<o.length;i++)o[i].style.display=\"none\";for(i=0;i<a.length;i++)s=a[i],e.source===s.contentWindow&&(s.removeAttribute(\"style\"),\"height\"===t.message?(1e3<(r=parseInt(t.value,10))?r=1e3:~~r<200&&(r=200),s.height=r):\"link\"===t.message&&(r=new URL(s.getAttribute(\"src\")),n=new URL(t.value),c.test(n.protocol))&&n.host===r.host&&l.activeElement===s&&(d.top.location.href=t.value))}},d.addEventListener(\"message\",d.wp.receiveEmbedMessage,!1),l.addEventListener(\"DOMContentLoaded\",function(){for(var e,t,s=l.querySelectorAll(\"iframe.wp-embedded-content\"),r=0;r<s.length;r++)(t=(e=s[r]).getAttribute(\"data-secret\"))||(t=Math.random().toString(36).substring(2,12),e.src+=\"#?secret=\"+t,e.setAttribute(\"data-secret\",t)),e.contentWindow.postMessage({message:\"ready\",secret:t},\"*\")},!1)))}(window,document);\n\/\/# sourceURL=https:\/\/www.evropskakuca.me\/wp-includes\/js\/wp-embed.min.js\n<\/script>\n","thumbnail_url":"https:\/\/www.evropskakuca.me\/wp-content\/uploads\/2025\/05\/FRO_5227-scaled.jpg","thumbnail_width":2560,"thumbnail_height":1707,"description":"Crna Gora je dobila 26,8 miliona eura predfinansiranja iz Reformske agende \u2013 koja je dio Plana rasta za Zapadni Balkan \u2013 od \u010dega je 12,5 miliona eura povoljnog zajma danas upla\u0107eno u dr\u017eavni bud\u017eet. Dodatnih 14,3 miliona eura, u vidu grantova i zajmova, bi\u0107e usmjereno preko Investicionog okvira za Zapadni Balkan (WBIF) na unapre\u0111enje infrastrukture [&hellip;]"}

Crna Gora je dobila 26,8 miliona eura predfinansiranja iz Reformske agende – koja je dio Plana rasta za Zapadni Balkan – od čega je 12,5 miliona eura povoljnog zajma danas uplaćeno u državni budžet. Dodatnih 14,3 miliona eura, u vidu grantova i zajmova, biće usmjereno preko Investicionog okvira za Zapadni Balkan (WBIF) na unapređenje infrastrukture [&hellip;]
